CREATE TABLE `panic_alerts` (
  `id` bigint(20) UNSIGNED NOT NULL,
  `location` varchar(255) DEFAULT NULL,
  `city` varchar(255) DEFAULT NULL,
  `address` varchar(255) DEFAULT NULL,
  `longitude` varchar(255) DEFAULT NULL,
  `latitude` varchar(255) DEFAULT NULL,
  `created_rg` varchar(255) DEFAULT NULL,
  `status_description` varchar(255) DEFAULT NULL,
  `type_status_id` bigint(20) UNSIGNED NOT NULL,
  `user_id` bigint(20) UNSIGNED NOT NULL,
  `created_at` timestamp NULL DEFAULT NULL,
  `updated_at` timestamp NULL DEFAULT NULL
) ENGINE=InnoDB DEFAULT CHARSET=utf8mb4 COLLATE=utf8mb4_unicode_ci;

--
-- Volcado de datos para la tabla `panic_alerts`
--

INSERT INTO `panic_alerts` (`id`, `location`, `city`, `address`, `longitude`, `latitude`, `created_rg`, `status_description`, `type_status_id`, `user_id`, `created_at`, `updated_at`) VALUES
(22, 'https://www.google.com/maps/search/?api=1&query=1.2118261,-77.2896249', 'Se envió desde Pasto,Nariño,Colombia', 'Cra. 32 #7-12, Pasto, Nariño, Colombia', '-77.2896249', '1.2118261', '2021-08-08 20-52', NULL, 137, 1, '2021-08-09 01:53:01', '2021-08-09 01:53:01'),
(23, 'https://www.google.com/maps/search/?api=1&query=1.1959843,-77.2854512', 'Se envió desde Pasto,Nariño,Colombia', 'Cl. 2 #N 1.63, Pasto, Nariño, Colombia', '-77.2854512', '1.1959843', '2021-08-09 11-42', NULL, 137, 2, '2021-08-09 16:43:16', '2021-08-09 16:43:16'),
(24, 'https://www.google.com/maps/search/?api=1&query=1.1959853,-77.2854529', 'Se envió desde Pasto,Nariño,Colombia', 'Cl. 2 #N 1.63, Pasto, Nariño, Colombia', '-77.2854529', '1.1959853', '2021-08-09 11-43', NULL, 137, 2, '2021-08-09 16:43:57', '2021-08-09 16:43:57'),
(25, 'https://www.google.com/maps/search/?api=1&query=1.2118261,-77.2896193', 'Se envió desde Pasto,Nariño,Colombia', 'Cra. 32 #7-12, Pasto, Nariño, Colombia', '-77.2896193', '1.2118261', '2021-08-12 11-46', NULL, 137, 1, '2021-08-12 16:47:19', '2021-08-12 16:47:19'),
(26, 'https://www.google.com/maps/search/?api=1&query=1.2118248,-77.2896223', 'Se envió desde Pasto,Nariño,Colombia', 'Cra. 32 #7-12, Pasto, Nariño, Colombia', '-77.2896223', '1.2118248', '2021-08-12 22-55', NULL, 137, 1, '2021-08-13 03:55:39', '2021-08-13 03:55:39'),
(27, 'https://www.google.com/maps/search/?api=1&query=1.2118133,-77.2895904', 'Se envió desde Pasto,Nariño,Colombia', 'Cra. 32 #7-12, Pasto, Nariño, Colombia', '-77.2895904', '1.2118133', '2021-08-13 16-13', NULL, 137, 1, '2021-08-13 21:32:38', '2021-08-13 21:32:38'),
(28, 'https://www.google.com/maps/search/?api=1&query=1.1960024,-77.2854484', 'Se envió desde Pasto,Nariño,Colombia', 'Cl. 2 #N 1.63, Pasto, Nariño, Colombia', '-77.2854484', '1.1960024', '2021-08-19 17-41', NULL, 137, 2, '2021-08-19 22:41:18', '2021-08-19 22:41:18'),
(29, 'https://www.google.com/maps/search/?api=1&query=1.1960045,-77.2854487', 'Se envió desde Pasto,Nariño,Colombia', 'Cl. 2 #N 1.63, Pasto, Nariño, Colombia', '-77.2854487', '1.1960045', '2021-08-19 17-42', NULL, 137, 2, '2021-08-19 22:43:24', '2021-08-19 22:43:24'),
(30, 'https://www.google.com/maps/search/?api=1&query=1.196003,-77.2854497', 'Se envió desde Pasto,Nariño,Colombia', 'Cl. 2 #N 1.63, Pasto, Nariño, Colombia', '-77.2854497', '1.196003', '2021-08-19 17-43', NULL, 137, 2, '2021-08-19 22:51:58', '2021-08-19 22:51:58'),
(31, 'https://www.google.com/maps/search/?api=1&query=1.1960137,-77.2854482', 'Se envió desde Pasto,Nariño,Colombia', 'Cl. 2 #N 1.63, Pasto, Nariño, Colombia', '-77.2854482', '1.1960137', '2021-08-19 17-58', NULL, 137, 2, '2021-08-19 22:58:59', '2021-08-19 22:58:59'),
(32, 'https://www.google.com/maps/search/?api=1&query=1.1960033,-77.2854502', 'Se envió desde Pasto,Nariño,Colombia', 'Cl. 2 #N 1.63, Pasto, Nariño, Colombia', '-77.2854502', '1.1960033', '2021-08-19 18-03', NULL, 137, 2, '2021-08-19 23:04:33', '2021-08-19 23:04:33'),
(33, 'https://www.google.com/maps/search/?api=1&query=1.1960054,-77.2854512', 'Se envió desde Pasto,Nariño,Colombia', 'Cl. 2 #N 1.63, Pasto, Nariño, Colombia', '-77.2854512', '1.1960054', '2021-08-19 18-09', NULL, 137, 2, '2021-08-19 23:09:56', '2021-08-19 23:09:56'),
(34, 'https://www.google.com/maps/search/?api=1&query=1.1960068,-77.2854495', 'Se envió desde Pasto,Nariño,Colombia', 'Cl. 2 #N 1.63, Pasto, Nariño, Colombia', '-77.2854495', '1.1960068', '2021-08-19 18-11', NULL, 137, 2, '2021-08-19 23:11:37', '2021-08-19 23:11:37'),
(35, 'https://www.google.com/maps/search/?api=1&query=1.1959941,-77.2854461', 'Se envió desde Pasto,Nariño,Colombia', 'Cl. 2 #N 1.63, Pasto, Nariño, Colombia', '-77.2854461', '1.1959941', '2021-08-20 17-13', NULL, 137, 2, '2021-08-20 22:13:16', '2021-08-20 22:13:16'),
(36, 'https://www.google.com/maps/search/?api=1&query=1.2118433,-77.2896359', 'Se envió desde Pasto,Nariño,Colombia', 'Cra. 32 #7-12, Pasto, Nariño, Colombia', '-77.2896359', '1.2118433', '2021-09-15 19-04', NULL, 137, 1, '2021-09-16 00:04:26', '2021-09-16 00:04:26'),
(37, 'https://www.google.com/maps/search/?api=1&query=14.739525,121.1529696', 'Se envió desde Rodriguez,Calabarzon,Philippines', 'Unnamed Road, Rodriguez, Rizal, Philippines', '121.1529696', '14.739525', '2021-09-19 23-39', NULL, 137, 1, '2021-09-19 15:40:26', '2021-09-19 15:40:26'),
(38, 'https://www.google.com/maps/search/?api=1&query=14.7395272,121.1529646', 'Se envió desde Rodriguez,Calabarzon,Philippines', 'Unnamed Road, Rodriguez, Rizal, Philippines', '121.1529646', '14.7395272', '2021-09-19 23-41', NULL, 137, 1, '2021-09-19 15:42:57', '2021-09-19 15:42:57'),
(39, 'https://www.google.com/maps/search/?api=1&query=14.7395263,121.1529664', 'Se envió desde Rodriguez,Calabarzon,Philippines', 'Unnamed Road, Rodriguez, Rizal, Philippines', '121.1529664', '14.7395263', '2021-09-19 23-47', NULL, 137, 1, '2021-09-19 15:47:35', '2021-09-19 15:47:35'),
(40, 'https://www.google.com/maps/search/?api=1&query=14.7395237,121.1529604', 'Se envió desde Rodriguez,Calabarzon,Philippines', 'Unnamed Road, Rodriguez, Rizal, Philippines', '121.1529604', '14.7395237', '2021-09-20 01-02', NULL, 137, 1, '2021-09-19 17:03:38', '2021-09-19 17:03:38'),
(41, 'https://www.google.com/maps/search/?api=1&query=1.211837,-77.2896212', 'Se envió desde Pasto,Nariño,Colombia', 'Cra. 32 #7-12, Pasto, Nariño, Colombia', '-77.2896212', '1.211837', '2021-09-21 15-20', NULL, 137, 1, '2021-09-21 20:21:07', '2021-09-21 20:21:07'),
(42, 'https://www.google.com/maps/search/?api=1&query=1.2118506,-77.2896574', 'Se envió desde Pasto,Nariño,Colombia', 'Cra. 32 #7-12, Pasto, Nariño, Colombia', '-77.2896574', '1.2118506', '2021-09-22 18-25', NULL, 137, 206, '2021-09-22 23:25:46', '2021-09-22 23:25:46'),
(43, 'https://www.google.com/maps/search/?api=1&query=1.2118423,-77.2896125', 'Se envió desde Pasto,Nariño,Colombia', 'Cra. 32 #7-12, Pasto, Nariño, Colombia', '-77.2896125', '1.2118423', '2021-09-22 19-15', NULL, 137, 206, '2021-09-23 00:16:34', '2021-09-23 00:16:34'),
(44, 'https://www.google.com/maps/search/?api=1&query=1.2118333,-77.289594', 'Se envió desde Pasto,Nariño,Colombia', 'Cra. 32 #7-12, Pasto, Nariño, Colombia', '-77.289594', '1.2118333', '2021-09-22 19-21', NULL, 137, 206, '2021-09-23 00:21:58', '2021-09-23 00:21:58'),
(45, 'https://www.google.com/maps/search/?api=1&query=1.2118333,-77.289594', NULL, 'Se envio desde Pasto,Nariño,Colombia', '-77.289594', '1.2118333', '2021-09 22-19-22', NULL, 137, 206, '2021-09-23 00:22:15', '2021-09-23 00:22:15'),
(46, 'https://www.google.com/maps/search/?api=1&query=1.2118333,-77.289594', NULL, 'Se envio desde Pasto,Nariño,Colombia', '-77.289594', '1.2118333', '2021-09 22-19-26', NULL, 137, 206, '2021-09-23 00:26:54', '2021-09-23 00:26:54'),
(47, 'https://www.google.com/maps/search/?api=1&query=1.211823,-77.2895817', 'Se envió desde Pasto,Nariño,Colombia', 'Cra. 32 #7-12, Pasto, Nariño, Colombia', '-77.2895817', '1.211823', '2021-09-22 19-29', NULL, 137, 1, '2021-09-23 00:29:42', '2021-09-23 00:29:42'),
(48, 'https://www.google.com/maps/search/?api=1&query=1.2118257,-77.2895924', 'Se envió desde Pasto,Nariño,Colombia', 'Cra. 32 #7-12, Pasto, Nariño, Colombia', '-77.2895924', '1.2118257', '2021-09-22 19-32', NULL, 137, 1, '2021-09-23 00:32:43', '2021-09-23 00:32:43'),
(49, 'https://www.google.com/maps/search/?api=1&query=1.2118297,-77.2895884', 'Se envió desde Pasto,Nariño,Colombia', 'Cra. 32 #7-12, Pasto, Nariño, Colombia', '-77.2895884', '1.2118297', '2021-09-22 19-34', NULL, 137, 206, '2021-09-23 00:39:28', '2021-09-23 00:39:28'),
(50, 'https://www.google.com/maps/search/?api=1&query=1.2118195,-77.2895837', 'Se envió desde Pasto,Nariño,Colombia', 'Cra. 32 #7-12, Pasto, Nariño, Colombia', '-77.2895837', '1.2118195', '2021-09-22 19-39', NULL, 137, 206, '2021-09-23 00:42:20', '2021-09-23 00:42:20'),
(51, 'https://www.google.com/maps/search/?api=1&query=1.2117827,-77.2895556', 'Se envió desde Pasto,Nariño,Colombia', 'Cra. 32 #7-12, Pasto, Nariño, Colombia', '-77.2895556', '1.2117827', '2021-09-22 19-49', NULL, 137, 206, '2021-09-23 00:49:51', '2021-09-23 00:49:51'),
(52, 'https://www.google.com/maps/search/?api=1&query=1.1885418,-77.2709459', 'Se envió desde Pasto,Nariño,Colombia', 'Cra. 2 Este C, Pasto, Nariño, Colombia', '-77.2709459', '1.1885418', '2021-09-22 20-35', NULL, 137, 2, '2021-09-23 01:36:43', '2021-09-23 01:36:43'),
(53, 'https://www.google.com/maps/search/?api=1&query=1.188551,-77.2709425', 'Se envió desde Pasto,Nariño,Colombia', 'Cra. 2 Este C, Pasto, Nariño, Colombia', '-77.2709425', '1.188551', '2021-09-22 20-36', NULL, 137, 2, '2021-09-23 01:37:19', '2021-09-23 01:37:19'),
(54, 'https://www.google.com/maps/search/?api=1&query=1.188542,-77.2709451', 'Se envió desde Pasto,Nariño,Colombia', 'Cra. 2 Este C, Pasto, Nariño, Colombia', '-77.2709451', '1.188542', '2021-09-22 20-40', NULL, 137, 2, '2021-09-23 01:41:22', '2021-09-23 01:41:22'),
(55, 'https://www.google.com/maps/search/?api=1&query=1.1885569,-77.2709488', 'Se envió desde Pasto,Nariño,Colombia', 'Cra. 2 Este C, Pasto, Nariño, Colombia', '-77.2709488', '1.1885569', '2021-09-22 20-42', NULL, 137, 2, '2021-09-23 01:44:24', '2021-09-23 01:44:24'),
(56, 'https://www.google.com/maps/search/?api=1&query=1.1885497,-77.2709491', 'Se envió desde Pasto,Nariño,Colombia', 'Cra. 2 Este C, Pasto, Nariño, Colombia', '-77.2709491', '1.1885497', '2021-09-22 20-44', NULL, 137, 2, '2021-09-23 01:44:24', '2021-09-23 01:44:24'),
(57, 'https://www.google.com/maps/search/?api=1&query=1.2118395,-77.28962', 'Se envió desde Pasto,Nariño,Colombia', 'Cra. 32 #7-12, Pasto, Nariño, Colombia', '-77.28962', '1.2118395', '2021-09-23 08-50', NULL, 137, 1, '2021-09-23 13:50:25', '2021-09-23 13:50:25'),
(58, 'https://www.google.com/maps/search/?api=1&query=1.2118395,-77.28962', NULL, 'Se envio desde Pasto,Nariño,Colombia', '-77.28962', '1.2118395', '2021-09 23-08-50', NULL, 137, 1, '2021-09-23 13:50:54', '2021-09-23 13:50:54'),
(59, 'https://www.google.com/maps/search/?api=1&query=1.2118321,-77.2896279', 'Se envió desde Pasto,Nariño,Colombia', 'Cra. 32 #7-12, Pasto, Nariño, Colombia', '-77.2896279', '1.2118321', '2021-09-23 15-16', NULL, 137, 1, '2021-09-23 20:16:42', '2021-09-23 20:16:42'),
(60, 'https://www.google.com/maps/search/?api=1&query=1.2118388,-77.2896262', 'Se envió desde Pasto,Nariño,Colombia', 'Cra. 32 #7-12, Pasto, Nariño, Colombia', '-77.2896262', '1.2118388', '2021-09-23 15-18', NULL, 137, 1, '2021-09-23 20:20:13', '2021-09-23 20:20:13'),
(61, 'https://www.google.com/maps/search/?api=1&query=1.2118321,-77.2896258', 'Se envió desde Pasto,Nariño,Colombia', 'Cra. 32 #7-12, Pasto, Nariño, Colombia', '-77.2896258', '1.2118321', '2021-09-23 17-55', NULL, 137, 1, '2021-09-23 22:56:08', '2021-09-23 22:56:08'),
(62, 'https://www.google.com/maps/search/?api=1&query=1.2118321,-77.2896258', NULL, 'Se envio desde Pasto,Nariño,Colombia', '-77.2896258', '1.2118321', '2021-09 23-17-56', NULL, 137, 1, '2021-09-23 22:56:43', '2021-09-23 22:56:43'),
(63, 'https://www.google.com/maps/search/?api=1&query=1.2118388,-77.2896224', 'Se envió desde Pasto,Nariño,Colombia', 'Cra. 32 #7-12, Pasto, Nariño, Colombia', '-77.2896224', '1.2118388', '2021-09-23 15-20', NULL, 137, 1, '2021-09-23 23:04:47', '2021-09-23 23:04:47'),
(64, 'https://www.google.com/maps/search/?api=1&query=1.2118348,-77.2896246', 'Se envió desde Pasto,Nariño,Colombia', 'Cra. 32 #7-12, Pasto, Nariño, Colombia', '-77.2896246', '1.2118348', '2021-09-23 15-29', NULL, 137, 1, '2021-09-23 23:04:47', '2021-09-23 23:04:47'),
(65, 'https://www.google.com/maps/search/?api=1&query=1.1885462,-77.2709485', 'Se envió desde Pasto,Nariño,Colombia', 'Cra. 2 Este C, Pasto, Nariño, Colombia', '-77.2709485', '1.1885462', '2021-09-22 20-52', NULL, 137, 2, '2021-09-24 14:51:29', '2021-09-24 14:51:29'),
(66, 'https://www.google.com/maps/search/?api=1&query=1.1959647,-77.2854484', 'Se envió desde Pasto,Nariño,Colombia', 'Cl. 2 #10-1, Pasto, Nariño, Colombia', '-77.2854484', '1.1959647', '2021-09-24 09-52', NULL, 137, 2, '2021-09-24 14:54:52', '2021-09-24 14:54:52'),
(67, 'https://www.google.com/maps/search/?api=1&query=1.1959816,-77.2854628', 'Se envió desde Pasto,Nariño,Colombia', 'Cl. 2 #N 1.63, Pasto, Nariño, Colombia', '-77.2854628', '1.1959816', '2021-09-24 09-54', NULL, 137, 2, '2021-09-24 14:55:32', '2021-09-24 14:55:32'),
(68, 'https://www.google.com/maps/search/?api=1&query=1.1885462,-77.2709485', 'Se envió desde Pasto,Nariño,Colombia', 'Cra. 2 Este C, Pasto, Nariño, Colombia', '-77.2709485', '1.1885462', '2021-09-22 20-52', NULL, 137, 2, '2021-09-24 15:35:01', '2021-09-24 15:35:01'),
(69, 'https://www.google.com/maps/search/?api=1&query=1.2118459,-77.2896176', 'Se envió desde Pasto,Nariño,Colombia', 'Cra. 32 #7-12, Pasto, Nariño, Colombia', '-77.2896176', '1.2118459', '2021-09-23 21-17', NULL, 137, 1, '2021-09-24 15:36:19', '2021-09-24 15:36:19'),
(70, 'https://www.google.com/maps/search/?api=1&query=1.1959651,-77.2854499', 'Se envió desde Pasto,Nariño,Colombia', 'Cl. 2 #10-1, Pasto, Nariño, Colombia', '-77.2854499', '1.1959651', '2021-09-24 10-35', NULL, 137, 2, '2021-09-24 15:37:14', '2021-09-24 15:37:14'),
(71, 'https://www.google.com/maps/search/?api=1&query=1.2118366,-77.289621', 'Se envió desde Pasto,Nariño,Colombia', 'Cra. 32 #7-12, Pasto, Nariño, Colombia', '-77.289621', '1.2118366', '2021-09-24 10-42', NULL, 137, 1, '2021-09-24 15:44:13', '2021-09-24 15:44:13'),
(72, 'https://www.google.com/maps/search/?api=1&query=1.1959842,-77.2854639', 'Se envió desde Pasto,Nariño,Colombia', 'Cl. 2 #N 1.63, Pasto, Nariño, Colombia', '-77.2854639', '1.1959842', '2021-09-24 10-39', NULL, 137, 2, '2021-09-24 15:47:42', '2021-09-24 15:47:42'),
(73, 'https://www.google.com/maps/search/?api=1&query=1.211808,-77.2895642', 'Se envió desde Pasto,Nariño,Colombia', 'Cra. 32 #7-12, Pasto, Nariño, Colombia', '-77.2895642', '1.211808', '2021-09-25 12-43', NULL, 137, 206, '2021-09-25 17:43:23', '2021-09-25 17:43:23'),
(74, 'https://www.google.com/maps/search/?api=1&query=1.2118057,-77.2895749', 'Se envió desde Pasto,Nariño,Colombia', 'Cra. 32 #7-12, Pasto, Nariño, Colombia', '-77.2895749', '1.2118057', '2021-09-25 12-44', NULL, 137, 206, '2021-09-25 17:47:27', '2021-09-25 17:47:27'),
(75, 'https://www.google.com/maps/search/?api=1&query=1.2118082,-77.2895772', 'Se envió desde Pasto,Nariño,Colombia', 'Cra. 32 #7-12, Pasto, Nariño, Colombia', '-77.2895772', '1.2118082', '2021-09-25 12-47', NULL, 137, 206, '2021-09-25 17:48:05', '2021-09-25 17:48:05'),
(76, 'https://www.google.com/maps/search/?api=1&query=1.2118055,-77.2895709', 'Se envió desde Pasto,Nariño,Colombia', 'Cra. 32 #7-12, Pasto, Nariño, Colombia', '-77.2895709', '1.2118055', '2021-09-25 12-48', NULL, 137, 206, '2021-09-25 17:48:31', '2021-09-25 17:48:31'),
(77, 'https://www.google.com/maps/search/?api=1&query=1.2097682,-77.2889341', 'Se envió desde Pasto,Nariño,Colombia', 'Cra. 25 ##94, Pasto, Nariño, Colombia', '-77.2889341', '1.2097682', '2021-09-27 09-59', NULL, 137, 206, '2021-09-27 15:00:09', '2021-09-27 15:00:09'),
(78, 'https://www.google.com/maps/search/?api=1&query=1.2097682,-77.2889341', 'Se envió desde Pasto,Nariño,Colombia', 'Cra. 25 ##94, Pasto, Nariño, Colombia', '-77.2889341', '1.2097682', '2021-09-27 10-00', NULL, 137, 206, '2021-09-27 15:01:50', '2021-09-27 15:01:50'),
(79, 'https://www.google.com/maps/search/?api=1&query=1.1959694,-77.2854634', 'Se envió desde Pasto,Nariño,Colombia', 'Cl. 2 #10-1, Pasto, Nariño, Colombia', '-77.2854634', '1.1959694', '2021-09-27 10-03', NULL, 137, 2, '2021-09-27 15:06:42', '2021-09-27 15:06:42'),
(80, 'https://www.google.com/maps/search/?api=1&query=1.1959809,-77.2854586', 'Se envió desde Pasto,Nariño,Colombia', 'Cl. 2 #N 1.63, Pasto, Nariño, Colombia', '-77.2854586', '1.1959809', '2021-09-27 10-22', NULL, 137, 2, '2021-09-27 15:28:07', '2021-09-27 15:28:07'),
(81, 'https://www.google.com/maps/search/?api=1&query=1.1959743,-77.2854599', 'Se envió desde Pasto,Nariño,Colombia', 'Cl. 2 #N 1.63, Pasto, Nariño, Colombia', '-77.2854599', '1.1959743', '2021-09-27 10-28', NULL, 137, 2, '2021-09-27 15:29:54', '2021-09-27 15:29:54'),
(82, 'https://www.google.com/maps/search/?api=1&query=1.2117841,-77.2895731', 'Se envió desde Pasto,Nariño,Colombia', 'Cra. 32 #7-12, Pasto, Nariño, Colombia', '-77.2895731', '1.2117841', '2021-09-25 14-31', NULL, 137, 206, '2021-09-27 23:39:31', '2021-09-27 23:39:31'),
(83, 'https://www.google.com/maps/search/?api=1&query=1.2118234,-77.2896115', 'Se envió desde Pasto,Nariño,Colombia', 'Cra. 32 #7-12, Pasto, Nariño, Colombia', '-77.2896115', '1.2118234', '2021-09-27 18-47', NULL, 137, 206, '2021-09-27 23:47:56', '2021-09-27 23:47:56'),
(84, 'https://www.google.com/maps/search/?api=1&query=1.2117841,-77.2895731', 'Se envió desde Pasto,Nariño,Colombia', 'Cra. 32 #7-12, Pasto, Nariño, Colombia', '-77.2895731', '1.2117841', '2021-09-25 14-31', NULL, 137, 206, '2021-09-28 00:04:33', '2021-09-28 00:04:33'),
(85, 'https://www.google.com/maps/search/?api=1&query=1.2117841,-77.2895731', 'Se envió desde Pasto,Nariño,Colombia', 'Cra. 32 #7-12, Pasto, Nariño, Colombia', '-77.2895731', '1.2117841', '2021-09-25 14-31', NULL, 137, 206, '2021-09-28 00:05:20', '2021-09-28 00:05:20'),
(86, 'https://www.google.com/maps/search/?api=1&query=1.2118031,-77.2895928', 'Se envió desde Pasto,Nariño,Colombia', 'Cra. 32 #7-12, Pasto, Nariño, Colombia', '-77.2895928', '1.2118031', '2021-09-27 22-22', NULL, 137, 206, '2021-09-28 03:22:57', '2021-09-28 03:22:57'),
(87, 'https://www.google.com/maps/search/?api=1&query=1.2118224,-77.2896036', 'Se envió desde Pasto,Nariño,Colombia', 'Cra. 32 #7-12, Pasto, Nariño, Colombia', '-77.2896036', '1.2118224', '2021-09-27 22-23', NULL, 137, 206, '2021-09-28 03:24:04', '2021-09-28 03:24:04'),
(88, 'https://www.google.com/maps/search/?api=1&query=1.2118262,-77.2896121', 'Se envió desde Pasto,Nariño,Colombia', 'Cra. 32 #7-12, Pasto, Nariño, Colombia', '-77.2896121', '1.2118262', '2021-09-28 10-22', NULL, 137, 206, '2021-09-28 15:23:08', '2021-09-28 15:23:08'),
(89, 'https://www.google.com/maps/search/?api=1&query=1.21465265750885,-77.27833557128906', 'Se envió desde Pasto,Nariño,Colombia', 'Cl 19 #24107 #24- a, Pasto, Nariño, Colombia', '-77.27833557128906', '1.21465265750885', '2021-09-28 10-43', NULL, 137, 206, '2021-09-28 18:19:38', '2021-09-28 18:19:38'),
(90, 'https://www.google.com/maps/search/?api=1&query=1.2118212,-77.2896076', 'Se envió desde Pasto,Nariño,Colombia', 'Cra. 32 #7-12, Pasto, Nariño, Colombia', '-77.2896076', '1.2118212', '2021-09-27 13-14', NULL, 137, 206, '2021-09-28 19:27:18', '2021-09-28 19:27:18'),
(91, 'https://www.google.com/maps/search/?api=1&query=0.9117967,-77.7912236', 'Se envió desde Cumbal,Nariño,Colombia', 'Cl. 22 #9-36, Cumbal, Nariño, Colombia', '-77.7912236', '0.9117967', '2021-10-12 11-31', NULL, 137, 99, '2021-10-12 16:32:04', '2021-10-12 16:32:04'),
(92, 'https://www.google.com/maps/search/?api=1&query=0.9117967,-77.7912236', 'Se envió desde Cumbal,Nariño,Colombia', 'Cl. 22 #9-36, Cumbal, Nariño, Colombia', '-77.7912236', '0.9117967', '2021-10-12 11-43', NULL, 137, 99, '2021-10-12 16:44:11', '2021-10-12 16:44:11'),
(93, 'https://www.google.com/maps/search/?api=1&query=1.2195426,-77.2812482', 'Se envió desde Pasto,Nariño,Colombia', 'Cl 18 #30-60, Pasto, Nariño, Colombia', '-77.2812482', '1.2195426', '2021-10-12 11-45', NULL, 137, 207, '2021-10-12 16:48:21', '2021-10-12 16:48:21'),
(94, 'https://www.google.com/maps/search/?api=1&query=1.2195428,-77.2812482', 'Se envió desde Pasto,Nariño,Colombia', 'Cl 18 #30-60, Pasto, Nariño, Colombia', '-77.2812482', '1.2195428', '2021-10-12 11-46', NULL, 137, 207, '2021-10-12 16:48:21', '2021-10-12 16:48:21'),
(95, 'https://www.google.com/maps/search/?api=1&query=1.2195424,-77.2812482', 'Se envió desde Pasto,Nariño,Colombia', 'Cl 18 #30-60, Pasto, Nariño, Colombia', '-77.2812482', '1.2195424', '2021-10-12 11-47', NULL, 137, 207, '2021-10-12 16:49:23', '2021-10-12 16:49:23'),
(96, 'https://www.google.com/maps/search/?api=1&query=0.906285,-77.7946775', 'Se envió desde Cumbal,Nariño,Colombia', 'Cra. 12 A #14-74, Cumbal, Nariño, Colombia', '-77.7946775', '0.906285', '2021-10-12 11-48', NULL, 137, 99, '2021-10-12 16:51:00', '2021-10-12 16:51:00'),
(97, 'https://www.google.com/maps/search/?api=1&query=0.9150003,-77.7722072', 'Se envió desde null,Nariño,Colombia', 'Unnamed Road, Cuaspud, Nariño, Colombia', '-77.7722072', '0.9150003', '2021-10-12 11-50', NULL, 137, 209, '2021-10-12 16:51:28', '2021-10-12 16:51:28'),
(98, 'https://www.google.com/maps/search/?api=1&query=0.9150003,-77.7722072', 'Se envió desde null,Nariño,Colombia', 'Unnamed Road, Cuaspud, Nariño, Colombia', '-77.7722072', '0.9150003', '2021-10-12 11-51', NULL, 137, 209, '2021-10-12 17:45:31', '2021-10-12 17:45:31'),
(99, 'https://www.google.com/maps/search/?api=1&query=0.9109032,-77.7936693', 'Se envió desde Cumbal,Nariño,Colombia', 'Cl. 21 #12-23, Cumbal, Nariño, Colombia', '-77.7936693', '0.9109032', '2021-10-12 12-30', NULL, 137, 207, '2021-10-13 01:06:50', '2021-10-13 01:06:50'),
(100, 'https://www.google.com/maps/search/?api=1&query=0.9117263,-77.7955771', 'Se envió desde Cumbal,Nariño,Colombia', 'Cra. 14 #20-52, Cumbal, Nariño, Colombia', '-77.7955771', '0.9117263', '2021-10-12 20-06', NULL, 137, 207, '2021-10-13 01:09:59', '2021-10-13 01:09:59'),
(101, 'https://www.google.com/maps/search/?api=1&query=1.6706938,-77.0094689', 'Se envió desde San Pablo,Nariño,Colombia', 'Cl. 2 #1-22, San Pablo, Nariño, Colombia', '-77.0094689', '1.6706938', '2021-10-13 11-41', NULL, 137, 228, '2021-10-13 16:41:54', '2021-10-13 16:41:54'),
(102, 'https://www.google.com/maps/search/?api=1&query=1.6706938,-77.0094689', 'Se envió desde San Pablo,Nariño,Colombia', 'Cl. 2 #1-22, San Pablo, Nariño, Colombia', '-77.0094689', '1.6706938', '2021-10-13 11-41', NULL, 137, 228, '2021-10-13 16:46:38', '2021-10-13 16:46:38'),
(103, 'https://www.google.com/maps/search/?api=1&query=1.6706938,-77.0094689', 'Se envió desde San Pablo,Nariño,Colombia', 'Cl. 2 #1-22, San Pablo, Nariño, Colombia', '-77.0094689', '1.6706938', '2021-10-13 11-48', NULL, 137, 228, '2021-10-13 16:48:09', '2021-10-13 16:48:09'),
(104, 'https://www.google.com/maps/search/?api=1&query=1.3839504,-77.1561538', 'Se envió desde Buesaco,Nariño,Colombia', '# a 8-71, Cra. 2 #81, Buesaco, Nariño, Colombia', '-77.1561538', '1.3839504', '2021-10-16 16-33', NULL, 137, 126, '2021-10-16 21:34:38', '2021-10-16 21:34:38'),
(105, 'https://www.google.com/maps/search/?api=1&query=1.3839504,-77.1561538', 'Se envió desde Buesaco,Nariño,Colombia', '# a 8-71, Cra. 2 #81, Buesaco, Nariño, Colombia', '-77.1561538', '1.3839504', '2021-10-16 16-33', NULL, 137, 126, '2021-10-16 21:34:40', '2021-10-16 21:34:40'),
(106, 'https://www.google.com/maps/search/?api=1&query=1.3839678,-77.1561539', NULL, 'Se envio desde Buesaco,Nariño,Colombia', '-77.1561539', '1.3839678', '2021-10 16-16-34', NULL, 137, 126, '2021-10-16 21:34:43', '2021-10-16 21:34:43'),
(107, 'https://www.google.com/maps/search/?api=1&query=1.383968,-77.1561609', 'Se envió desde Buesaco,Nariño,Colombia', '# a 8-71, Cra. 2 #81, Buesaco, Nariño, Colombia', '-77.1561609', '1.383968', '2021-10-16 16-34', NULL, 137, 238, '2021-10-16 21:34:57', '2021-10-16 21:34:57'),
(108, 'https://www.google.com/maps/search/?api=1&query=1.2118241,-77.2896209', 'Se envió desde Pasto,Nariño,Colombia', 'Cra. 32 #7-12, Pasto, Nariño, Colombia', '-77.2896209', '1.2118241', '2021-10-20 21-53', NULL, 137, 206, '2021-10-21 02:53:03', '2021-10-21 02:53:03'),
(109, 'https://www.google.com/maps/search/?api=1&query=1.2118233,-77.2896199', 'Se envió desde Pasto,Nariño,Colombia', 'Cra. 32 #7-12, Pasto, Nariño, Colombia', '-77.2896199', '1.2118233', '2021-10-21 21-19', NULL, 137, 206, '2021-10-22 02:19:45', '2021-10-22 02:19:45'),
(110, 'https://www.google.com/maps/search/?api=1&query=1.2440833,-77.2987169', 'Se envió desde null,Nariño,Colombia', 'Via a Tosoabi, Pasto, Nariño, Colombia', '-77.2987169', '1.2440833', '2021-10-23 10-45', NULL, 137, 53, '2021-10-23 15:45:41', '2021-10-23 15:45:41'),
(111, 'https://www.google.com/maps/search/?api=1&query=0.907612,-77.7937608', 'Se envió desde Cumbal,Nariño,Colombia', 'Cl. 17 ##11-61, Cumbal, Nariño, Colombia', '-77.7937608', '0.907612', '2021-10-25 18-07', NULL, 137, 99, '2021-10-25 23:08:45', '2021-10-25 23:08:45'),
(112, 'https://www.google.com/maps/search/?api=1&query=1.2441197,-77.2987401', NULL, 'Se envio desde null,Nariño,Colombia', '-77.2987401', '1.2441197', '2021-10 23-10-46', NULL, 137, 53, '2021-10-26 14:32:14', '2021-10-26 14:32:14'),
(113, 'https://www.google.com/maps/search/?api=1&query=1.7444043,-77.3348105', NULL, 'Se envio desde El Rosario,Nariño,Colombia', '-77.3348105', '1.7444043', '2021-10 30-11-25', NULL, 137, 264, '2021-10-30 16:26:56', '2021-10-30 16:26:56'),
(114, 'https://www.google.com/maps/search/?api=1&query=1.7444049,-77.3348118', 'Se envió desde El Rosario,Nariño,Colombia', 'Unnamed Road, El Rosario, Nariño, Colombia', '-77.3348118', '1.7444049', '2021-10-30 11-27', NULL, 137, 265, '2021-10-30 16:28:17', '2021-10-30 16:28:17'),
(115, 'https://www.google.com/maps/search/?api=1&query=0.9109424,-77.7911136', 'Se envió desde Cumbal,Nariño,Colombia', 'Cra. 9 #20-84, Cumbal, Nariño, Colombia', '-77.7911136', '0.9109424', '2021-11-16 18-31', NULL, 137, 99, '2021-11-17 00:52:37', '2021-11-17 00:52:37'),
(116, 'https://www.google.com/maps/search/?api=1&query=0.9076252,-77.7919049', 'Se envió desde Cumbal,Nariño,Colombia', 'Cl. 17 #9-48, Cumbal, Nariño, Colombia', '-77.7919049', '0.9076252', '2021-11-16 19-52', NULL, 137, 99, '2021-11-23 21:54:24', '2021-11-23 21:54:24'),
(117, 'https://www.google.com/maps/search/?api=1&query=0.9076252,-77.7919049', 'Se envió desde Cumbal,Nariño,Colombia', 'Cl. 17 #9-48, Cumbal, Nariño, Colombia', '-77.7919049', '0.9076252', '2021-11-16 19-52', NULL, 137, 99, '2021-12-11 19:00:05', '2021-12-11 19:00:05'),
(119, 'https://www.google.com/maps/search/?api=1&query=1.5034411,-77.2154388', 'Se envió desde San Lorenzo,Nariño,Colombia', 'Cra. 3ª #4-05, San Lorenzo, Nariño, Colombia', '-77.2154388', '1.5034411', '2022-01-28 10-33', NULL, 137, 53, '2022-01-28 15:41:41', '2022-01-28 15:41:41'),
(120, 'https://www.google.com/maps/search/?api=1&query=1.5034393,-77.2154859', 'Se envió desde San Lorenzo,Nariño,Colombia', 'Cra. 3ª #4-05, San Lorenzo, Nariño, Colombia', '-77.2154859', '1.5034393', '2022-01-28 10-41', NULL, 137, 53, '2022-01-28 15:42:38', '2022-01-28 15:42:38'),
(121, 'https://www.google.com/maps/search/?api=1&query=1.5034681,-77.2154831', NULL, 'Se envio desde San Lorenzo,Nariño,Colombia', '-77.2154831', '1.5034681', '2022-01 28-10-57', NULL, 137, 53, '2022-01-28 15:57:40', '2022-01-28 15:57:40'),
(122, 'https://www.google.com/maps/search/?api=1&query=1.5034438,-77.2154546', 'Se envió desde San Lorenzo,Nariño,Colombia', 'Cra. 3ª #4-05, San Lorenzo, Nariño, Colombia', '-77.2154546', '1.5034438', '2022-01-28 11-30', NULL, 137, 53, '2022-01-28 16:30:48', '2022-01-28 16:30:48'),
(123, 'https://www.google.com/maps/search/?api=1&query=1.2118499,-77.2896322', 'Se envió desde Pasto,Nariño,Colombia', 'Cra. 32a #5-18, Pasto, Nariño, Colombia', '-77.2896322', '1.2118499', '2022-01-25 14-59', NULL, 137, 206, '2022-01-28 16:32:29', '2022-01-28 16:32:29'),
(124, 'https://www.google.com/maps/search/?api=1&query=1.2159309,-77.2804513', NULL, 'Se envio desde Pasto,Nariño,Colombia', '-77.2804513', '1.2159309', '2021-10 19-17-21', NULL, 137, 171, '2022-02-06 05:31:24', '2022-02-06 05:31:24'),
(125, 'https://www.google.com/maps/search/?api=1&query=1.5034438,-77.2154546', NULL, 'Se envio desde San Lorenzo,Nariño,Colombia', '-77.2154546', '1.5034438', '2022-01 28-11-31', NULL, 137, 53, '2022-02-09 20:42:55', '2022-02-09 20:42:55'),
(126, 'https://www.google.com/maps/search/?api=1&query=1.50344,-77.2154618', 'Se envió desde San Lorenzo,Nariño,Colombia', 'Cra. 3ª #4-05, San Lorenzo, Nariño, Colombia', '-77.2154618', '1.50344', '2022-01-28 11-33', NULL, 137, 53, '2022-02-09 20:42:55', '2022-02-09 20:42:55'),
(127, 'https://www.google.com/maps/search/?api=1&query=1.2185685,-77.2789786', 'Se envió desde Pasto,Nariño,Colombia', 'Cl. 19a #28-67, Pasto, Nariño, Colombia', '-77.2789786', '1.2185685', '2022-02-09 15-43', NULL, 137, 53, '2022-02-14 19:23:35', '2022-02-14 19:23:35'),
(128, 'https://www.google.com/maps/search/?api=1&query=1.2185685,-77.2789786', 'Se envió desde Pasto,Nariño,Colombia', 'Cl. 19a #28-67, Pasto, Nariño, Colombia', '-77.2789786', '1.2185685', '2022-02-09 15-43', NULL, 137, 53, '2022-02-14 19:24:04', '2022-02-14 19:24:04'),
(129, 'https://www.google.com/maps/search/?api=1&query=1.2185685,-77.2789786', 'Se envió desde Pasto,Nariño,Colombia', 'Cl. 19a #28-67, Pasto, Nariño, Colombia', '-77.2789786', '1.2185685', '2022-02-09 15-43', NULL, 137, 53, '2022-02-14 20:19:43', '2022-02-14 20:19:43'),
(130, 'https://www.google.com/maps/search/?api=1&query=1.2185647,-77.2789986', NULL, 'Se envio desde Pasto,Nariño,Colombia', '-77.2789986', '1.2185647', '2022-02 09-15-44', NULL, 137, 53, '2022-02-14 20:19:43', '2022-02-14 20:19:43'),
(131, 'https://www.google.com/maps/search/?api=1&query=1.2185788,-77.2789736', 'Se envió desde Pasto,Nariño,Colombia', 'Cl. 19a #28-67, Pasto, Nariño, Colombia', '-77.2789736', '1.2185788', '2022-02-14 15-19', NULL, 137, 53, '2022-02-14 20:37:55', '2022-02-14 20:37:55'),
(132, 'https://www.google.com/maps/search/?api=1&query=1.2185745,-77.2789747', 'Se envió desde Pasto,Nariño,Colombia', 'Cl. 19a #28-67, Pasto, Nariño, Colombia', '-77.2789747', '1.2185745', '2022-02-14 15-39', NULL, 137, 53, '2022-02-14 20:48:31', '2022-02-14 20:48:31'),
(133, 'https://www.google.com/maps/search/?api=1&query=1.2185758,-77.2789723', 'Se envió desde Pasto,Nariño,Colombia', 'Cl. 19a #28-67, Pasto, Nariño, Colombia', '-77.2789723', '1.2185758', '2022-02-14 15-41', NULL, 137, 53, '2022-02-14 20:48:32', '2022-02-14 20:48:32'),
(134, 'https://www.google.com/maps/search/?api=1&query=1.2118403,-77.2896574', 'Se envió desde Pasto,Nariño,Colombia', 'Cra. 32a #5-18, Pasto, Nariño, Colombia', '-77.2896574', '1.2118403', '2022-01-28 11-33', NULL, 137, 1, '2022-02-15 15:07:35', '2022-02-15 15:07:35'),
(135, 'https://www.google.com/maps/search/?api=1&query=1.2185345,-77.2790066', 'Se envió desde Pasto,Nariño,Colombia', 'Cl. 19a #28-67, Pasto, Nariño, Colombia', '-77.2790066', '1.2185345', '2022-02-15 10-08', NULL, 137, 1, '2022-02-15 15:22:38', '2022-02-15 15:22:38'),
(136, 'https://www.google.com/maps/search/?api=1&query=1.2185335,-77.2790066', 'Se envió desde Pasto,Nariño,Colombia', 'Cl. 19a #28-67, Pasto, Nariño, Colombia', '-77.2790066', '1.2185335', '2022-02-15 10-09', NULL, 137, 53, '2022-02-20 14:59:29', '2022-02-20 14:59:29'),
(137, 'https://www.google.com/maps/search/?api=1&query=1.2185293,-77.279008', 'Se envió desde Pasto,Nariño,Colombia', 'Cl. 19a #28-67, Pasto, Nariño, Colombia', '-77.279008', '1.2185293', '2022-02-15 10-10', NULL, 137, 53, '2022-02-20 14:59:29', '2022-02-20 14:59:29'),
(138, 'https://www.google.com/maps/search/?api=1&query=1.2185058,-77.279022', 'Se envió desde Pasto,Nariño,Colombia', 'Cl. 19a #28-67, Pasto, Nariño, Colombia', '-77.279022', '1.2185058', '2022-02-15 10-14', NULL, 137, 54, '2022-03-01 15:09:14', '2022-03-01 15:09:14'),
(139, 'https://www.google.com/maps/search/?api=1&query=1.2185576,-77.2790098', 'Se envió desde Pasto,Nariño,Colombia', 'Cl. 19a #28-67, Pasto, Nariño, Colombia', '-77.2790098', '1.2185576', '2022-03-01 10-09', NULL, 137, 54, '2022-03-13 15:22:53', '2022-03-13 15:22:53'),
(140, 'https://www.google.com/maps/search/?api=1&query=1.2185574,-77.2790078', 'Se envió desde Pasto,Nariño,Colombia', 'Cl. 19a #28-67, Pasto, Nariño, Colombia', '-77.2790078', '1.2185574', '2022-03-01 10-02', NULL, 137, 53, '2022-03-16 20:54:09', '2022-03-16 20:54:09'),
(141, 'https://www.google.com/maps/search/?api=1&query=1.2206144,-77.2796098', 'Se envió desde Pasto,Nariño,Colombia', 'Cra. 31 #1977, Pasto, Nariño, Colombia', '-77.2796098', '1.2206144', '2022-03-21 20-01', NULL, 137, 54, '2022-03-24 15:21:19', '2022-03-24 15:21:19'),
(142, 'https://www.google.com/maps/search/?api=1&query=1.1960288,-77.2854762', 'Se envió desde Pasto,Nariño,Colombia', 'Cl. 2 #1.63, Pasto, Nariño, Colombia', '-77.2854762', '1.1960288', '2022-04-04 18-20', NULL, 137, 1, '2022-04-04 23:21:21', '2022-04-04 23:21:21'),
(143, 'https://www.google.com/maps/search/?api=1&query=1.1960344,-77.2854651', 'Se envió desde Pasto,Nariño,Colombia', 'Cl. 2 #1.63, Pasto, Nariño, Colombia', '-77.2854651', '1.1960344', '2022-04-04 18-22', 'cambio de prueba', 139, 1, '2022-04-04 23:23:04', '2022-04-09 03:39:40'),
(144, 'https://www.google.com/maps/search/?api=1&query=1.2118261,-77.2896249', 'Se envió desde Pasto,Nariño,Colombia', 'Cl. 2 #1.63, Pasto, Nariño, Colombia', '-77.2854762', '1.1960288', '2022-04-04 18-20', NULL, 137, 2, '2022-04-09 05:03:23', '2022-04-09 05:03:23'),
(145, 'https://www.google.com/maps/search/?api=1&query=1.196015,-77.2854819', 'Se envió desde Pasto,Nariño,Colombia', 'Cl. 2 #1.63, Pasto, Nariño, Colombia', '-77.2854819', '1.196015', '2022-04-09 00-04', NULL, 137, 1, '2022-04-09 05:05:13', '2022-04-09 05:05:13'),
(146, 'https://www.google.com/maps/search/?api=1&query=1.2185574,-77.2790078', 'Se envió desde Pasto,Nariño,Colombia', 'Cl. 19a #28-67, Pasto, Nariño, Colombia', '-77.2790078', '1.2185574', '2022-03-01 10-02', NULL, 137, 53, '2022-04-21 20:30:23', '2022-04-21 20:30:23'),
(147, 'https://www.google.com/maps/search/?api=1&query=4.6830054,-74.1200744', 'Se envió desde Bogotá,Bogotá,Colombia', 'Ac. 26 #92-32, Bogotá, Colombia', '-74.1200744', '4.6830054', '2022-04-07 10-12', NULL, 137, 1, '2022-06-01 17:15:14', '2022-06-01 17:15:14'),
(148, 'https://www.google.com/maps/search/?api=1&query=1.1960029,-77.2854439', 'Se envió desde Pasto,Nariño,Colombia', 'Manzana g, Via Jongovito, Pasto, Nariño, Colombia', '-77.2854439', '1.1960029', '2022-06-23 14-23', NULL, 137, 1, '2022-06-23 19:23:30', '2022-06-23 19:23:30'),
(149, 'https://www.google.com/maps/search/?api=1&query=0.9109519,-77.7911876', 'Se envió desde Cumbal,Nariño,Colombia', 'Cra. 9 #20-84, Cumbal, Nariño, Colombia', '-77.7911876', '0.9109519', '2022-05-24 15-18', NULL, 137, 207, '2022-07-24 21:31:06', '2022-07-24 21:31:06'),
(150, 'https://www.google.com/maps/search/?api=1&query=0.9109519,-77.7911876', 'Se envió desde Cumbal,Nariño,Colombia', 'Cra. 9 #20-84, Cumbal, Nariño, Colombia', '-77.7911876', '0.9109519', '2022-05-24 15-18', NULL, 137, 207, '2022-08-23 19:02:22', '2022-08-23 19:02:22'),
(151, 'https://www.google.com/maps/search/?api=1&query=0.9109519,-77.7911876', 'Se envió desde Cumbal,Nariño,Colombia', 'Cra. 9 #20-84, Cumbal, Nariño, Colombia', '-77.7911876', '0.9109519', '2022-05-24 15-18', NULL, 137, 207, '2022-08-23 19:02:36', '2022-08-23 19:02:36'),
(152, 'https://www.google.com/maps/search/?api=1&query=0.9117776,-77.7954905', 'Se envió desde Cumbal,Nariño,Colombia', 'Cra. 14 #20-52, Cumbal, Nariño, Colombia', '-77.7954905', '0.9117776', '2022-08-25 20-40', NULL, 137, 207, '2022-09-03 15:05:47', '2022-09-03 15:05:47'),
(153, 'https://www.google.com/maps/search/?api=1&query=1.1885765,-77.2709974', 'Se envió desde null,Nariño,Colombia', 'Mz 18 Barrio La Minga 520001, Pasto, Nariño, Colombia', '-77.2709974', '1.1885765', '2022-09-19 13-26', NULL, 137, 1, '2022-09-19 19:45:21', '2022-09-19 19:45:21'),
(154, 'https://www.google.com/maps/search/?api=1&query=1.212594,-77.2771722', 'Se envió desde Pasto,Nariño,Colombia', 'Cra. 22 #1894, Pasto, Nariño, Colombia', '-77.2771722', '1.212594', '2022-09-19 14-44', NULL, 137, 1, '2022-09-19 19:45:23', '2022-09-19 19:45:23'),
(155, 'https://www.google.com/maps/search/?api=1&query=1.2118261,-77.2896249', 'Se envió desde Pasto,Nariño,Colombia', 'Cl. 2 #1.63, Pasto, Nariño, Colombia', '-77.2854762', '1.1960288', '2022-04-04 18-20', NULL, 137, 2, '2022-09-19 21:35:36', '2022-09-19 21:35:36'),
(156, 'https://www.google.com/maps/search/?api=1&query=1.2118261,-77.2896249', 'Se envió desde Pasto,Nariño,Colombia', 'Cl. 2 #1.63, Pasto, Nariño, Colombia', '-77.2854762', '1.1960288', '2022-04-04 18-20', NULL, 137, 2, '2022-09-19 21:43:02', '2022-09-19 21:43:02'),
(157, 'https://www.google.com/maps/search/?api=1&query=1.2118261,-77.2896249', 'Se envió desde Pasto,Nariño,Colombia', 'Cl. 2 #1.63, Pasto, Nariño, Colombia', '-77.2854762', '1.1960288', '2022-04-04 18-20', NULL, 137, 2, '2022-09-19 21:43:40', '2022-09-19 21:43:40'),
(158, 'https://www.google.com/maps/search/?api=1&query=1.2118261,-77.2896249', 'Se envió desde Pasto,Nariño,Colombia', 'Cl. 2 #1.63, Pasto, Nariño, Colombia', '-77.2854762', '1.1960288', '2022-04-04 18-20', NULL, 137, 2, '2022-09-19 21:45:01', '2022-09-19 21:45:01'),
(159, 'https://www.google.com/maps/search/?api=1&query=1.2118261,-77.2896249', 'Se envió desde Pasto,Nariño,Colombia', 'Cl. 2 #1.63, Pasto, Nariño, Colombia', '-77.2854762', '1.1960288', '2022-04-04 18-20', NULL, 137, 1, '2022-09-19 21:46:23', '2022-09-19 21:46:23'),
(160, 'https://www.google.com/maps/search/?api=1&query=1.2118261,-77.2896249', 'Se envió desde Pasto,Nariño,Colombia', 'Cl. 2 #1.63, Pasto, Nariño, Colombia', '-77.2854762', '1.1960288', '2022-04-04 18-20', NULL, 137, 1, '2022-09-19 21:49:09', '2022-09-19 21:49:09'),
(161, 'https://www.google.com/maps/search/?api=1&query=1.2118261,-77.2896249', 'Se envió desde Pasto,Nariño,Colombia', 'Cl. 2 #1.63, Pasto, Nariño, Colombia', '-77.2854762', '1.1960288', '2022-04-04 18-20', NULL, 137, 2, '2022-09-19 21:49:18', '2022-09-19 21:49:18'),
(163, 'https://www.google.com/maps/search/?api=1&query=1.2118261,-77.2896249', 'Se envió desde Pasto,Nariño,Colombia', 'Cl. 2 #1.63, Pasto, Nariño, Colombia', '-77.2854762', '1.1960288', '2022-04-04 18-20', NULL, 137, 53, '2022-09-19 21:49:49', '2022-09-19 21:49:49'),
(164, 'https://www.google.com/maps/search/?api=1&query=1.2118261,-77.2896249', 'Se envió desde Pasto,Nariño,Colombia', 'Cl. 2 #1.63, Pasto, Nariño, Colombia', '-77.2854762', '1.1960288', '2022-04-04 18-20', NULL, 137, 53, '2022-09-19 21:51:26', '2022-09-19 21:51:26'),
(165, 'https://www.google.com/maps/search/?api=1&query=1.2118261,-77.2896249', 'Se envió desde Pasto,Nariño,Colombia', 'Cl. 2 #1.63, Pasto, Nariño, Colombia', '-77.2854762', '1.1960288', '2022-04-04 18-20', NULL, 137, 53, '2022-09-19 22:38:12', '2022-09-19 22:38:12'),
(166, 'https://www.google.com/maps/search/?api=1&query=1.2118261,-77.2896249', 'Se envió desde Pasto,Nariño,Colombia', 'Cl. 2 #1.63, Pasto, Nariño, Colombia', '-77.2854762', '1.1960288', '2022-04-04 18-20', NULL, 137, 53, '2022-09-20 22:13:54', '2022-09-20 22:13:54'),
(167, 'https://www.google.com/maps/search/?api=1&query=1.2118261,-77.2896249', 'Se envió desde Pasto,Nariño,Colombia', 'Cl. 2 #1.63, Pasto, Nariño, Colombia', '-77.2854762', '1.1960288', '2022-04-04 18-20', NULL, 137, 53, '2022-09-20 22:17:02', '2022-09-20 22:17:02'),
(168, 'https://www.google.com/maps/search/?api=1&query=1.2118261,-77.2896249', 'Se envió desde Pasto,Nariño,Colombia', 'Cl. 2 #1.63, Pasto, Nariño, Colombia', '-77.2854762', '1.1960288', '2022-04-04 18-20', NULL, 137, 53, '2022-09-20 22:19:24', '2022-09-20 22:19:24'),
(169, 'https://www.google.com/maps/search/?api=1&query=1.2118261,-77.2896249', 'Se envió desde Pasto,Nariño,Colombia', 'Cl. 2 #1.63, Pasto, Nariño, Colombia', '-77.2854762', '1.1960288', '2022-04-04 18-20', NULL, 137, 53, '2022-09-20 22:21:20', '2022-09-20 22:21:20'),
(170, 'https://www.google.com/maps/search/?api=1&query=1.2118261,-77.2896249', 'Se envió desde Pasto,Nariño,Colombia', 'Cl. 2 #1.63, Pasto, Nariño, Colombia', '-77.2854762', '1.1960288', '2022-04-04 18-20', NULL, 137, 53, '2022-09-20 22:22:22', '2022-09-20 22:22:22'),
(184, 'https://www.google.com/maps/search/?api=1&query=1.1959613,-77.2854472', 'Se envió desde Pasto,Nariño,Colombia', 'Manzana g, Via Jongovito, Pasto, Nariño, Colombia', '-77.2854472', '1.1959613', '2022-09-30 18-49', NULL, 137, 1, '2022-09-30 23:53:01', '2022-09-30 23:53:01'),
(185, 'https://www.google.com/maps/search/?api=1&query=1.1959613,-77.2854472', 'Se envió desde Pasto,Nariño,Colombia', 'Manzana g, Via Jongovito, Pasto, Nariño, Colombia', '-77.2854472', '1.1959613', '2022-09-30 18-49', NULL, 137, 1, '2022-09-30 23:53:09', '2022-09-30 23:53:09'),
(186, 'https://www.google.com/maps/search/?api=1&query=1.1959613,-77.2854472', 'Se envió desde Pasto,Nariño,Colombia', 'Manzana g, Via Jongovito, Pasto, Nariño, Colombia', '-77.2854472', '1.1959613', '2022-09-30 18-49', NULL, 137, 1, '2022-09-30 23:53:11', '2022-09-30 23:53:11'),
(187, 'https://www.google.com/maps/search/?api=1&query=1.195952,-77.2854438', 'Se envió desde Pasto,Nariño,Colombia', 'Manzana g, Via Jongovito, Pasto, Nariño, Colombia', '-77.2854438', '1.195952', '2022-09-30 18-40', NULL, 137, 1, '2022-10-01 03:46:17', '2022-10-01 03:46:17'),
(188, 'https://www.google.com/maps/search/?api=1&query=1.195952,-77.2854438', 'Se envió desde Pasto,Nariño,Colombia', 'Manzana g, Via Jongovito, Pasto, Nariño, Colombia', '-77.2854438', '1.195952', '2022-09-30 18-40', NULL, 137, 1, '2022-10-02 22:04:54', '2022-10-02 22:04:54'),
(189, 'https://www.google.com/maps/search/?api=1&query=0.9117776,-77.7954905', 'Se envió desde Cumbal,Nariño,Colombia', 'Cra. 14 #20-52, Cumbal, Nariño, Colombia', '-77.7954905', '0.9117776', '2022-08-25 20-40', NULL, 137, 207, '2022-10-03 21:08:15', '2022-10-03 21:08:15'),
(190, 'https://www.google.com/maps/search/?api=1&query=0.9117776,-77.7954905', 'Se envió desde Cumbal,Nariño,Colombia', 'Cra. 14 #20-52, Cumbal, Nariño, Colombia', '-77.7954905', '0.9117776', '2022-08-25 20-40', NULL, 137, 207, '2022-10-07 15:21:29', '2022-10-07 15:21:29'),
(191, 'https://www.google.com/maps/search/?api=1&query=0.9117776,-77.7954905', 'Se envió desde Cumbal,Nariño,Colombia', 'Cra. 14 #20-52, Cumbal, Nariño, Colombia', '-77.7954905', '0.9117776', '2022-08-25 20-40', NULL, 137, 207, '2022-10-07 15:21:56', '2022-10-07 15:21:56'),
(192, 'https://www.google.com/maps/search/?api=1&query=0.9117776,-77.7954905', 'Se envió desde Cumbal,Nariño,Colombia', 'Cra. 14 #20-52, Cumbal, Nariño, Colombia', '-77.7954905', '0.9117776', '2022-08-25 20-40', NULL, 137, 207, '2022-10-07 15:33:41', '2022-10-07 15:33:41'),
(193, 'https://www.google.com/maps/search/?api=1&query=1.2146449,-77.2863946', 'Se envió desde Pasto,Nariño,Colombia', 'Cl. 11a #29-42, Pasto, Nariño, Colombia', '-77.2863946', '1.2146449', '2022-10-11 09-44', NULL, 137, 53, '2022-10-11 14:45:15', '2022-10-11 14:45:15'),
(194, 'https://www.google.com/maps/search/?api=1&query=1.2146465,-77.2863997', 'Se envió desde Pasto,Nariño,Colombia', 'Cl. 11a #2967, Pasto, Nariño, Colombia', '-77.2863997', '1.2146465', '2022-10-11 09-48', NULL, 137, 53, '2022-10-11 14:48:37', '2022-10-11 14:48:37'),
(195, 'https://www.google.com/maps/search/?api=1&query=1.2146363,-77.2864063', 'Se envió desde Pasto,Nariño,Colombia', 'Cl. 11a #2967, Pasto, Nariño, Colombia', '-77.2864063', '1.2146363', '2022-10-11 09-50', NULL, 137, 53, '2022-10-11 14:51:08', '2022-10-11 14:51:08'),
(196, 'https://www.google.com/maps/search/?api=1&query=1.2146435,-77.2863909', 'Se envió desde Pasto,Nariño,Colombia', 'Cl. 11a #29-42, Pasto, Nariño, Colombia', '-77.2863909', '1.2146435', '2022-10-12 11-13', NULL, 137, 53, '2022-10-12 16:13:31', '2022-10-12 16:13:31'),
(197, 'https://www.google.com/maps/search/?api=1&query=1.2133125,-77.2787671', 'Se envió desde Pasto,Nariño,Colombia', 'Cra. 23 #17-35, Pasto, Nariño, Colombia', '-77.2787671', '1.2133125', '2022-10-12 10-56', NULL, 137, 1, '2022-10-13 19:07:19', '2022-10-13 19:07:19'),
(198, 'https://www.google.com/maps/search/?api=1&query=1.2133125,-77.2787671', 'Se envió desde Pasto,Nariño,Colombia', 'Cra. 23 #17-35, Pasto, Nariño, Colombia', '-77.2787671', '1.2133125', '2022-10-12 10-56', NULL, 137, 1, '2022-10-13 19:07:19', '2022-10-13 19:07:19'),
(199, 'https://www.google.com/maps/search/?api=1&query=1.2162382,-77.2773307', 'Se envió desde Pasto,Nariño,Colombia', 'Cl 20 #25-86, Pasto, Nariño, Colombia', '-77.2773307', '1.2162382', '2022-10-14 08-52', NULL, 137, 53, '2022-10-22 14:20:23', '2022-10-22 14:20:23'),
(200, 'https://www.google.com/maps/search/?api=1&query=1.2103527,-77.2730212', 'Se envió desde null,Nariño,Colombia', 'Carrera 19 44ª7 Pasto Pandiaco, Pasto, Nariño, Colombia', '-77.2730212', '1.2103527', '2022-11-06 13-19', NULL, 137, 53, '2022-11-06 18:52:39', '2022-11-06 18:52:39'),
(201, 'https://www.google.com/maps/search/?api=1&query=6.2145138,-75.5625796', 'Se envió desde El Poblado,Antioquia,Colombia', 'Edificio C13, El Poblado, Medellín, Antioquia, Colombia', '-75.5625796', '6.2145138', '2022-11-23 14-45', NULL, 137, 2, '2022-11-23 19:45:35', '2022-11-23 19:45:35'),
(202, 'https://www.google.com/maps/search/?api=1&query=1.2285886,-77.2837946', 'Se envió desde Pasto,Nariño,Colombia', 'Cra. 40 #19B-56, Pasto, Nariño, Colombia', '-77.2837946', '1.2285886', '2022-11-06 13-52', NULL, 137, 53, '2023-01-28 18:36:37', '2023-01-28 18:36:37'),
(203, 'https://www.google.com/maps/search/?api=1&query=1.2285886,-77.2837946', 'Se envió desde Pasto,Nariño,Colombia', 'Cra. 40 #19B-56, Pasto, Nariño, Colombia', '-77.2837946', '1.2285886', '2022-11-06 13-52', NULL, 137, 53, '2023-01-28 18:36:58', '2023-01-28 18:36:58'),
(204, 'https://www.google.com/maps/search/?api=1&query=1.2282935,-77.2834355', NULL, 'Se envio desde Pasto,Nariño,Colombia', '-77.2834355', '1.2282935', '2022-11 06-13-53', NULL, 137, 53, '2023-01-28 18:36:59', '2023-01-28 18:36:59'),
(205, 'https://www.google.com/maps/search/?api=1&query=1.2441269,-77.2987596', 'Se envió desde Pasto,Nariño,Colombia', '6PV2+PM, Pasto, Nariño, Colombia', '-77.2987596', '1.2441269', '2023-01-28 13-36', NULL, 137, 53, '2023-01-28 18:37:00', '2023-01-28 18:37:00');

-- --------------------------------------------------------

--
-- Estructura de tabla para la tabla `panic_alerts_has_case`
--

CREATE TABLE `panic_alerts_has_case` (
  `id` bigint(20) UNSIGNED NOT NULL,
  `panic_alert_id` bigint(20) UNSIGNED NOT NULL,
  `case_id` bigint(20) UNSIGNED NOT NULL,
  `created_at` timestamp NULL DEFAULT NULL,
  `updated_at` timestamp NULL DEFAULT NULL
) ENGINE=InnoDB DEFAULT CHARSET=utf8mb4 COLLATE=utf8mb4_unicode_ci;

-- --------------------------------------------------------

--
-- Estructura de tabla para la tabla `password_resets`
--

CREATE TABLE `password_resets` (
  `email` varchar(255) NOT NULL,
  `token` varchar(255) NOT NULL,
  `created_at` timestamp NULL DEFAULT NULL
) ENGINE=InnoDB DEFAULT CHARSET=utf8mb4 COLLATE=utf8mb4_unicode_ci;

--
-- Volcado de datos para la tabla `password_resets`
--

INSERT INTO `password_resets` (`email`, `token`, `created_at`) VALUES
('elsy8352@gmail.com', '$2y$10$jrk.rBltGYwgTpZH50yMQu.r6sOCH/OrQOa7La.4q0qqpgPW.JacO', '2021-04-29 02:32:57'),
('kl682626@gmail.com', '$2y$10$FERHWjRWqyzwPUFblsrwaOGNTi3DdhVlz8Xc/JFFBzA/Jk6rO9IW6', '2021-10-12 21:15:50'),
('jhennjhu@hotmail.com', '$2y$10$hQGsWQ4/tatjtSkHGqEzRu5AOB4qUlyyF0PSUDO3ZHt.cTpXqhb4G', '2021-10-13 15:14:06'),
('ceronpaz08@gmail.com', '$2y$10$UIapmJJ/ixNFdKtzDxT1geLCNWSjb8Koncl/KNsomJGwqsvEuFvge', '2022-03-22 22:38:01'),
('luiscarcm@gmail.com', '$2y$10$F0k57pRaeUjk8wrSMTsKce9BMp8MG0TwQRnVAMK7wGwtMeQivrCxm', '2022-05-28 21:03:35'),
('darioj99@gmail.com', '$2y$10$t0p3l5r/tcdhyT0yj8VEV.fO64RzRhM.0tT1VHbGGPlpqYR2uSkJW', '2022-10-31 22:00:13');

-- --------------------------------------------------------

--
-- Estructura de tabla para la tabla `payments`
--

CREATE TABLE `payments` (
  `id` bigint(20) UNSIGNED NOT NULL,
  `value` varchar(255) DEFAULT NULL,
  `description` varchar(255) DEFAULT NULL,
  `concept` varchar(255) DEFAULT NULL,
  `shared` tinyint(1) NOT NULL DEFAULT 0,
  `num_payments` int(11) NOT NULL DEFAULT 1,
  `case_id` bigint(20) UNSIGNED NOT NULL,
  `type_status_id` bigint(20) UNSIGNED NOT NULL,
  `type_category_id` bigint(20) UNSIGNED NOT NULL,
  `type_payment_id` bigint(20) UNSIGNED NOT NULL,
  `type_periodpay_id` bigint(20) UNSIGNED NOT NULL,
  `created_at` timestamp NULL DEFAULT NULL,
  `updated_at` timestamp NULL DEFAULT NULL
) ENGINE=InnoDB DEFAULT CHARSET=utf8mb4 COLLATE=utf8mb4_unicode_ci;

-- --------------------------------------------------------

--
-- Estructura de tabla para la tabla `payment_credits`
--

CREATE TABLE `payment_credits` (
  `id` bigint(20) UNSIGNED NOT NULL,
  `value` varchar(255) DEFAULT NULL,
  `limit_payment_date` date DEFAULT NULL,
  `payment_date` date DEFAULT NULL,
  `description_pmethod` varchar(255) DEFAULT NULL,
  `payment_id` bigint(20) UNSIGNED NOT NULL,
  `payment_method_id` int(12) NOT NULL,
  `type_status_id` bigint(20) UNSIGNED NOT NULL,
  `created_at` timestamp NULL DEFAULT NULL,
  `updated_at` timestamp NULL DEFAULT NULL
) ENGINE=InnoDB DEFAULT CHARSET=utf8mb4 COLLATE=utf8mb4_unicode_ci;

-- --------------------------------------------------------

--
-- Estructura de tabla para la tabla `payment_has_files`
--

CREATE TABLE `payment_has_files` (
  `id` bigint(20) UNSIGNED NOT NULL,
  `payment_id` bigint(20) UNSIGNED NOT NULL,
  `file_id` bigint(20) UNSIGNED NOT NULL,
  `type_category_id` bigint(20) UNSIGNED NOT NULL,
  `type_status_id` bigint(20) UNSIGNED NOT NULL,
  `created_at` timestamp NULL DEFAULT NULL,
  `updated_at` timestamp NULL DEFAULT NULL
) ENGINE=InnoDB DEFAULT CHARSET=utf8mb4 COLLATE=utf8mb4_unicode_ci;

-- --------------------------------------------------------

--
-- Estructura de tabla para la tabla `permissions`
--

CREATE TABLE `permissions` (
  `id` bigint(20) UNSIGNED NOT NULL,
  `name` varchar(125) NOT NULL,
  `guard_name` varchar(125) NOT NULL,
  `created_at` timestamp NULL DEFAULT NULL,
  `updated_at` timestamp NULL DEFAULT NULL
) ENGINE=MyISAM DEFAULT CHARSET=utf8mb4 COLLATE=utf8mb4_unicode_ci;

--
-- Volcado de datos para la tabla `permissions`
--

INSERT INTO `permissions` (`id`, `name`, `guard_name`, `created_at`, `updated_at`) VALUES
(29, 'actualizar_pago', 'web', '2020-06-19 04:49:00', '2020-06-19 04:49:00'),
(28, 'auto_asig_caso', 'web', '2020-06-06 13:13:00', '2020-06-06 13:13:00'),
(27, 'editar_contraseñas', 'web', '2020-06-06 11:59:00', '2020-06-06 11:59:00'),
(26, 'eliminar_profesional_caso', 'web', '2020-05-30 11:17:00', '2020-05-30 11:17:00'),
(25, 'asig_invitado_casos', 'web', '2020-05-30 11:02:00', '2020-05-30 11:02:00'),
(24, 'asig_profesional_casos', 'web', '2020-05-30 11:01:00', '2023-01-17 16:20:49'),
(23, 'ver_perfil_usuario', 'web', '2020-05-24 10:49:00', '2020-05-24 10:49:00'),
(22, 'editar_perfil_cliente', 'web', '2020-05-24 10:43:00', '2020-05-24 10:43:00'),
(21, 'ver_todos_casos', 'web', '2020-05-23 11:31:00', '2020-05-23 11:31:00'),
(20, 'admin_casos', 'web', '2020-05-23 08:11:00', '2020-05-23 08:11:00'),
(19, 'crear_casos', 'web', '2020-05-23 08:11:00', '2020-05-23 08:11:00'),
(18, 'ver_casos', 'web', '2020-05-23 08:10:00', '2020-05-23 08:10:00'),
(17, 'revisar_casos', 'web', '2020-04-23 16:38:00', '2020-04-23 16:38:00'),
(16, 'crear_actuaciones', 'web', '2020-04-21 21:01:00', '2020-04-21 21:01:00'),
(15, 'access_dashboard_cases', 'web', '2020-04-21 17:47:00', '2020-04-21 17:47:00'),
(14, 'acceso_oficina_virtual', 'web', '2020-04-21 17:18:00', '2020-04-23 16:38:00'),
(13, 'asig_rol', 'web', '2019-12-13 11:30:00', '2019-12-13 11:30:00'),
(12, 'delete_usuarios', 'web', '2019-12-13 11:18:00', '2019-12-13 11:18:00'),
(11, 'edit_usuarios', 'web', '2019-12-13 11:17:00', '2019-12-13 11:17:00'),
(10, 'crear_usuarios', 'web', '2019-12-13 11:01:00', '2019-12-13 11:01:00'),
(9, 'ver_usuarios', 'web', '2019-12-13 10:58:00', '2019-12-13 10:58:00'),
(8, 'ver_roles_permisos', 'web', '2019-12-13 10:50:00', '2019-12-13 10:50:00'),
(7, 'ver_administracion', 'web', '2019-12-13 10:48:00', '2019-12-13 10:49:00'),
(6, 'delete_roles', 'web', '2019-12-13 10:38:00', '2019-12-13 10:38:00'),
(5, 'edit_roles', 'web', '2019-12-13 10:29:00', '2019-12-13 10:29:00'),
(4, 'crear_permisos', 'web', '2019-11-26 14:17:00', '2019-11-26 14:17:00'),
(3, 'ver_roles', 'web', '2019-11-26 14:14:00', '2019-11-26 14:15:00'),
(2, 'asig_rol_permisos', 'web', '2019-11-26 14:13:00', '2019-11-26 14:16:00'),
(1, 'crear_roles', 'web', '2019-11-26 14:12:00', '2019-11-26 14:16:00'),
(30, 'eliminar_spago', 'web', '2020-06-20 01:43:00', '2020-06-20 01:43:00'),
(31, 'ver_agendas', 'web', '2020-06-23 00:16:00', '2020-06-23 00:16:00'),
(32, 'crear_categorias', 'web', '2020-09-21 06:17:00', '2020-09-21 06:18:00'),
(33, 'descargar_documentos', 'web', '2021-03-11 02:28:00', '2021-03-11 02:28:00'),
(34, 'ver_auditoria', 'web', '2022-04-08 23:26:43', '2022-04-08 23:26:43'),
(35, 'ver_categorias', 'web', '2022-04-08 23:42:41', '2022-04-08 23:42:41'),
(36, 'recibir_correo_user_register', 'web', '2022-10-17 23:29:12', '2022-10-17 23:29:12'),
(37, 'recibir_correo_alert_register', 'web', '2022-10-20 20:44:57', '2022-10-20 20:44:57'),
(38, 'ver_conectados_chat', 'web', '2022-10-27 01:42:47', '2022-10-27 01:42:47'),
(39, 'cambiar_estado_usuario', 'web', '2022-10-31 22:36:57', '2022-10-31 22:36:57'),
(40, 'recibir_correo_mensaje_chat', 'web', '2023-01-19 22:03:57', '2023-01-19 22:03:57');

-- --------------------------------------------------------

--
-- Estructura de tabla para la tabla `permissions_old`
--

CREATE TABLE `permissions_old` (
  `id` int(10) UNSIGNED NOT NULL,
  `name` varchar(255) NOT NULL,
  `display_name` varchar(255) DEFAULT NULL,
  `description` varchar(255) DEFAULT NULL,
  `created_at` timestamp NULL DEFAULT NULL,
  `updated_at` timestamp NULL DEFAULT NULL
) ENGINE=InnoDB DEFAULT CHARSET=utf8mb4 COLLATE=utf8mb4_unicode_ci;

--
-- Volcado de datos para la tabla `permissions_old`
--

INSERT INTO `permissions_old` (`id`, `name`, `display_name`, `description`, `created_at`, `updated_at`) VALUES
(1, 'crear_roles', 'Crear roles', 'roles', '2019-11-26 09:12:07', '2019-11-26 09:16:13'),
(2, 'asig_rol_permisos', 'Asignar permisos', 'roles', '2019-11-26 09:13:55', '2019-11-26 09:16:28'),
(3, 'ver_roles', 'Ver roles', 'roles', '2019-11-26 09:14:21', '2019-11-26 09:15:44'),
(4, 'crear_permisos', 'Crear permisos', 'roles', '2019-11-26 09:17:52', '2019-11-26 09:17:52'),
(5, 'edit_roles', 'Editar roles', 'roles', '2019-12-13 05:29:59', '2019-12-13 05:29:59'),
(6, 'delete_roles', 'Eliminar roles', 'roles', '2019-12-13 05:38:15', '2019-12-13 05:38:15'),
(7, 'ver_administracion', 'Ver administración', 'administracion', '2019-12-13 05:48:54', '2019-12-13 05:49:17'),
(8, 'ver_roles_permisos', 'Ver roles y permisos', 'roles', '2019-12-13 05:50:23', '2019-12-13 05:50:23'),
(9, 'ver_usuarios', 'Ver usuarios', 'usuarios', '2019-12-13 05:58:33', '2019-12-13 05:58:33'),
(10, 'crear_usuarios', 'Crear usuarios', 'usuarios', '2019-12-13 06:01:43', '2019-12-13 06:01:43'),
(11, 'edit_usuarios', 'Editar usuarios', 'usuarios', '2019-12-13 06:17:38', '2019-12-13 06:17:38'),
(12, 'delete_usuarios', 'Eliminar usuarios', 'usuarios', '2019-12-13 06:18:00', '2019-12-13 06:18:00'),
(13, 'asig_rol', 'Asignar rol a usuarios', 'usuarios', '2019-12-13 06:30:43', '2019-12-13 06:30:43'),
(14, 'acceso_oficina_virtual', 'Acceso oficina virtual', 'accesos', '2020-04-21 12:18:26', '2020-04-23 11:38:25'),
(15, 'access_dashboard_cases', 'Acceso dashboard gestión casos', 'accesos', '2020-04-21 12:47:22', '2020-04-21 12:47:22'),
(16, 'crear_actuaciones', 'Crear actuaciones', 'casos', '2020-04-21 16:01:56', '2020-04-21 16:01:56'),
(17, 'revisar_casos', 'Revisar casos', 'casos', '2020-04-23 11:38:14', '2020-04-23 11:38:14'),
(18, 'ver_casos', 'Ver casos', 'casos', '2020-05-23 03:10:01', '2020-05-23 03:10:01'),
(19, 'crear_casos', 'Crear casos', 'casos', '2020-05-23 03:11:02', '2020-05-23 03:11:02'),
(20, 'admin_casos', 'Administrar casos', 'casos', '2020-05-23 03:11:31', '2020-05-23 03:11:31'),
(21, 'ver_todos_casos', 'Ver todos los casos', 'casos', '2020-05-23 06:31:06', '2020-05-23 06:31:06'),
(22, 'editar_perfil_cliente', 'Editar perfil cliente', 'usuarios', '2020-05-24 05:43:34', '2020-05-24 05:43:34'),
(23, 'ver_perfil_usuario', 'Ver perfil usuario', 'usuario', '2020-05-24 05:49:20', '2020-05-24 05:49:20'),
(24, 'asig_profesinal_casos', 'Asignar profesional a casos', 'casos', '2020-05-30 06:01:07', '2020-05-30 06:01:07'),
(25, 'asig_invitado_casos', 'Asignar invitado a casos', 'casos', '2020-05-30 06:02:35', '2020-05-30 06:02:35'),
(26, 'eliminar_profesional_caso', 'Eliminar asignación profesionales casos', 'casos', '2020-05-30 06:17:03', '2020-05-30 06:17:03'),
(27, 'editar_contraseñas', 'Editar contraseñas', 'usuarios', '2020-06-06 06:59:30', '2020-06-06 06:59:30'),
(28, 'auto_asig_caso', 'Auto asignar caso creado', 'casos', '2020-06-06 08:13:43', '2020-06-06 08:13:43'),
(29, 'actualizar_pago', 'Actualizar pago', 'pagos', '2020-06-18 23:49:48', '2020-06-18 23:49:48'),
(30, 'eliminar_spago', 'Eliminar soportes de pagos', 'pagos', '2020-06-19 20:43:04', '2020-06-19 20:43:04'),
(31, 'ver_agendas', 'Ver agendas', 'agenda', '2020-06-22 19:16:50', '2020-06-22 19:16:50'),
(32, 'crear_categorias', 'Crear categorías', 'categorias', '2020-09-21 01:17:48', '2020-09-21 01:18:50'),
(33, 'descargar_documentos', 'Descargar documentos', 'bitacora', '2021-03-10 21:28:16', '2021-03-10 21:28:16');

-- --------------------------------------------------------

--
-- Estructura de tabla para la tabla `permission_role`
--

CREATE TABLE `permission_role` (
  `permission_id` int(10) UNSIGNED NOT NULL,
  `role_id` int(10) UNSIGNED NOT NULL
) ENGINE=InnoDB DEFAULT CHARSET=utf8mb4 COLLATE=utf8mb4_unicode_ci;

--
-- Volcado de datos para la tabla `permission_role`
--

INSERT INTO `permission_role` (`permission_id`, `role_id`) VALUES
(1, 1),
(2, 1),
(3, 1),
(4, 1),
(5, 1),
(6, 1),
(7, 1),
(7, 2),
(8, 1),
(9, 1),
(9, 2),
(10, 1),
(10, 2),
(11, 1),
(11, 2),
(12, 1),
(12, 2),
(13, 1),
(13, 2),
(14, 5),
(15, 1),
(15, 2),
(15, 3),
(15, 4),
(16, 1),
(16, 2),
(16, 3),
(16, 4),
(16, 5),
(17, 3),
(18, 1),
(18, 2),
(18, 3),
(19, 1),
(19, 2),
(19, 3),
(20, 1),
(20, 2),
(21, 1),
(21, 2),
(22, 1),
(22, 2),
(22, 3),
(23, 1),
(24, 1),
(24, 2),
(25, 1),
(25, 2),
(25, 3),
(26, 1),
(27, 1),
(27, 2),
(28, 3),
(29, 1),
(29, 2),
(30, 1),
(30, 2),
(31, 1),
(31, 3),
(32, 1),
(33, 1),
(33, 2),
(33, 3),
(33, 4);

-- --------------------------------------------------------

--
-- Estructura de tabla para la tabla `receptions`
--

CREATE TABLE `receptions` (
  `id` bigint(20) UNSIGNED NOT NULL,
  `number` varchar(255) DEFAULT NULL,
  `token` varchar(255) DEFAULT NULL,
  `user_id` bigint(20) UNSIGNED NOT NULL,
  `type_status_id` bigint(20) UNSIGNED NOT NULL,
  `created_at` timestamp NULL DEFAULT NULL,
  `updated_at` timestamp NULL DEFAULT NULL
) ENGINE=InnoDB DEFAULT CHARSET=utf8mb4 COLLATE=utf8mb4_unicode_ci;

--
-- Volcado de datos para la tabla `receptions`
--

INSERT INTO `receptions` (`id`, `number`, `token`, `user_id`, `type_status_id`, `created_at`, `updated_at`) VALUES
(31, '84863', '$2y$10$/1Di6VRjt83HLlh7WgOEOuJKKrsocueVo6T1Voidik/GRdy.aK8Jy', 69, 143, '2021-03-10 22:44:54', '2021-03-10 22:44:54'),
(32, '22854', '$2y$10$ROp0KcoFd1yuTPduKoD.4OY6R5mXP0q6pLwHGuE.5RBPCYusrTixe', 66, 143, '2021-03-10 22:45:08', '2021-03-10 22:45:08'),
(33, '11882', '$2y$10$.vwsH0lIq46PY2lNFVOi6eU78jvRp1wSOnbrB7QJKQdGdoMqYywnO', 65, 143, '2021-03-10 22:45:17', '2021-03-10 22:45:17'),
(34, '98806', '$2y$10$kLsHJTPUX2zqpELv7.mcsuJoldxHs8BDSY0xQgHTsrsaG1neBFbby', 64, 143, '2021-03-10 22:45:23', '2021-03-10 22:45:23'),
(35, '79883', '$2y$10$gf35fGhhntT6T5vpj4NH8.H1nf77sEwbwsxzm7hYn6UU6cTg/UZAy', 79, 144, '2021-03-11 21:28:46', '2021-03-12 19:27:21'),
(36, '14121', '$2y$10$Y8rvLpR5kypRkZhc.ByoI.5v/UzlBlUVThVfyeJ4m1dIO43J89MbW', 80, 142, '2021-03-13 16:46:04', '2021-03-13 16:46:04'),
(37, '15183', '$2y$10$evUdZqRbua1QaiTESwEuSOKzemkdZlVf9hTcRyD9Xgl7uHDQstdA.', 81, 142, '2021-03-13 16:51:46', '2021-03-13 16:51:46'),
(38, '60682', '$2y$10$02ZmNOH4I9VN/5P5sBJtdu1Gy0ZvEOKJh.hHBWiTD2z4zIHGP31tm', 82, 142, '2021-03-13 17:15:47', '2021-03-13 17:15:47'),
(39, '80833', '$2y$10$nezzSw6KTkWYPhVhKikcWecOHnliphDMbbp9B3127xJWimTyruuyO', 83, 142, '2021-03-13 17:26:02', '2021-03-13 17:26:02'),
(40, '59646', '$2y$10$Mpp412r7NnQj4N3b5zUdF.GNabcUCPYQuHRBhV3CPLhuJr9N0mkTC', 84, 142, '2021-03-13 17:30:49', '2021-03-13 17:30:49'),
(41, '36921', '$2y$10$asVO6cASs7SI0k9MhePI3u3.gZQz0dA4r8owiLb0QHiPppmV9AzvW', 85, 142, '2021-03-13 17:46:00', '2021-03-13 17:46:00'),
(42, '40121', '$2y$10$/ji.Qp8PmRAwN.Hh0z/x1OEjnkyves98nwDS1Ni8tdG3XswlNxRhq', 86, 142, '2021-03-13 18:04:38', '2021-03-13 18:04:38'),
(43, '52001', '$2y$10$t1LrfMJS1w3my/6wNcpJr.e/5LjC1.WvDi1nRIuOzcP.ByKJD45Xy', 87, 142, '2021-03-13 19:10:17', '2021-03-13 19:10:17'),
(44, '48121', '$2y$10$0J30GMEnFKB.aYZ9Ka.GHOh6WM3b5c7U1OEljtwOnhQyxXXjBOG5q', 88, 142, '2021-03-13 19:32:06', '2021-03-13 19:32:06'),
(45, '58284', '$2y$10$kIxZAz1gg/bxhfQAuWiR5./F5dT1oTlkKcZLe1KnrUFwGIoXZ95z6', 89, 142, '2021-03-13 19:50:40', '2021-03-13 19:50:40'),
(46, '51539', '$2y$10$hp5I41sP1uIzuWQmMT6I8uM/ciRG9mLg93L8t2uLWPD8HjRoBuj36', 90, 142, '2021-03-13 20:07:54', '2021-03-13 20:07:54'),
(47, '46706', '$2y$10$sxA62LkmaB5VxszQkN9knO1pe0EZUq8PSFg3vDfi8G3XuueWEAiTu', 91, 142, '2021-03-13 20:08:33', '2021-03-13 20:08:33'),
(48, '44796', '$2y$10$C2.V8C0mu5qWpibvM10KDuULyMyKdIeyiCtFR6HJflcNUU8R9VPr.', 92, 142, '2021-03-13 20:26:59', '2021-03-13 20:26:59'),
(49, '52205', '$2y$10$FxD4qyN28E1ADg2pa4qcVeUUBbhCPSf/bzOOtguil4xqRwgQPZaLC', 93, 142, '2021-03-13 20:30:51', '2021-03-13 20:30:51'),
(50, '17975', '$2y$10$pPYpAUTcI51ppFvTNw5yLuj4.iklDOlpgZRs03N8v0E9AwCdaTWdq', 94, 142, '2021-03-13 20:32:26', '2021-03-13 20:32:26'),
(51, '77227', '$2y$10$KoSS9K7hdXDCrhSDTRh0xOtNJ7mMkxjLDmdJtrVe0V5vZnqYbJuQG', 95, 142, '2021-03-13 20:46:57', '2021-03-13 20:46:57'),
(52, '97982', '$2y$10$9XDqyJ3oRarVFq.16H9brO6stvbZ3.dFF1.Fx08M3vLtcOdtYTDpa', 96, 142, '2021-03-13 20:48:17', '2021-03-13 20:48:17'),
(53, '7374', '$2y$10$yb4qXPVh1R5zJw5ukge09OzQC.FMSL/p.eF6lJ3ZRb7o6HGglXHAK', 97, 142, '2021-03-13 21:02:08', '2021-03-13 21:02:08'),
(54, '71264', '$2y$10$P7A6JwkXhl1vaLc3z01TpObl44BaXf1.P.VbF2xEK5I3Qqq.vcDGa', 98, 142, '2021-03-18 15:55:24', '2021-03-18 15:55:24'),
(55, '3063', '$2y$10$kg9N5qHxU1dbx4dnDFh6HuMqa/KIQfsj1rjywE/aeiUKvYWbCvAwO', 99, 142, '2021-03-18 16:03:50', '2021-03-18 16:03:50'),
(56, '87851', '$2y$10$Emek23RCwcwBH/B7zKxmMuj5doc6tasHtU/j8ZMx1nbR5w8fmfe5m', 100, 142, '2021-03-18 16:28:42', '2021-03-18 16:28:42'),
(57, '38740', '$2y$10$4vIW1OKGWUGE3gqKDgb13OlQGDUHo95ORMxqBjH/mdtP4EPO2GJ/K', 101, 144, '2021-03-18 16:59:13', '2021-03-18 17:04:19'),
(58, '1972', '$2y$10$BSqa2eujMyLjYq/8oXb6t.tuv7RQ7TEyluJUVCGEHhg6VTi6s5C5q', 102, 142, '2021-03-18 17:24:26', '2021-03-18 17:24:26'),
(59, '2840', '$2y$10$8gvaepMWvR.dpV8G8lpD2OlaQg2GNSwIgW30QjXuU4LbK7zmcjcf2', 103, 142, '2021-03-18 17:35:49', '2021-03-18 17:35:49'),
(60, '40918', '$2y$10$qmICAUaERD45UE8jcdyXv.pXoYwB9GNnvE2aklN12dvYETRH4fO6q', 104, 142, '2021-03-18 17:46:06', '2021-03-18 17:46:06'),
(61, '75164', '$2y$10$iETUqG0/A4dOoyx2CE/qJetEzu4zINfc/pf6Rlvd/6Mr2YTOT3F36', 105, 142, '2021-03-18 17:59:34', '2021-03-18 17:59:34'),
(62, '96389', '$2y$10$3vQLaDZGQrPfjSNAfwraG.Qh9ULYKG3732lQGdode3qBsft42KN4G', 106, 142, '2021-03-18 18:04:11', '2021-03-18 18:04:11'),
(63, '47346', '$2y$10$slk1c0AZm6amgWxJt16UAuD3v5azAKfZ5kqJI/XU/LSD0cfa4ktGy', 107, 142, '2021-03-18 19:17:17', '2021-03-18 19:17:17'),
(64, '63255', '$2y$10$m8os6VOfgw7oV9E2arin3.q65DJSfOxvw97aMx7HFKaf8Q5D6iJK2', 108, 142, '2021-03-18 19:22:34', '2021-03-18 19:22:34'),
(65, '4785', '$2y$10$tQvh.JPoSybyfooa4KoddOPcHSUm8Daoju/17WHdz37ElQ19hQ3IW', 109, 142, '2021-03-18 19:31:09', '2021-03-18 19:31:09'),
(66, '41108', '$2y$10$si.5wzIDcUETzEz4iLA2gOb6TRFoGRhryqHy/IvJHj6cnOhrfL0t.', 110, 142, '2021-03-18 19:42:03', '2021-03-18 19:42:03'),
(67, '32143', '$2y$10$whqWFGEo6gFQ0aAsxUFS/OjtUWrdykScVJC5Xlq2MeDJHpeJlKKDG', 111, 142, '2021-03-18 19:56:24', '2021-03-18 19:56:24'),
(68, '25034', '$2y$10$1PfQmPIZ0M365GXfGIdb8ewT0Pw7GPPPp3rTzsTYucyrHy1Gn/bj6', 112, 142, '2021-03-18 20:28:33', '2021-03-18 20:28:33'),
(69, '8395', '$2y$10$3Tfgc4zwr647hMz9EcSZBOx/f4zOaAdov1SrXvakHZzRbZH1KwJfi', 113, 142, '2021-03-18 20:40:12', '2021-03-18 20:40:12'),
(70, '63615', '$2y$10$EimsiBB8D9Fh6aYT0oGHdud6tW1BjL5j5j3tns18g/ViVlUfQT/ly', 114, 142, '2021-03-18 20:49:23', '2021-03-18 20:49:23'),
(71, '72290', '$2y$10$hZ73G0d2sJYdPKqzziPpDu9hPWIPh4s2MP.4Rav2KYvw1.he/MSE.', 115, 142, '2021-03-18 21:11:35', '2021-03-18 21:11:35'),
(72, '97654', '$2y$10$7FLYhY1Muofp8QxejyP6wetzbrCpHKVNIdfBecPsnFfzvTrRtjuj2', 116, 142, '2021-03-19 17:30:19', '2021-03-19 17:30:19'),
(73, '68010', '$2y$10$W5be9CcUi5QsPDzspBiFW.O594/Se4k99p10g3mrXtl9qPcDClGoq', 117, 142, '2021-03-19 18:14:00', '2021-03-19 18:14:00'),
(74, '11272', '$2y$10$KH9qwDcc/tIgc2J2t4DtiO0NOIW5b.3tCY6l7i34VxCiTCisAy2Aq', 118, 142, '2021-03-19 19:41:25', '2021-03-19 19:41:25'),
(75, '31254', '$2y$10$EeK2/K68UkWNIYalqtjsB.9NDnpvDdDvMHDYtiOnR.hr5Kff0.Vf6', 119, 142, '2021-03-19 20:12:09', '2021-03-19 20:12:09'),
(76, '33468', '$2y$10$HRr48IjkwldPjkj1Es..C.5M/HWS2W.V9powE3DueVJTfgUrjUu8S', 120, 144, '2021-03-26 17:00:17', '2021-08-23 19:45:23'),
(77, '33630', '$2y$10$9rKbcHRfC3YIugf4OxbuPOoy5wt1L3A/BVH5KUU92AHm.Ukfxq1zq', 121, 142, '2021-03-26 18:45:10', '2021-03-26 18:45:10'),
(78, '46500', '$2y$10$WB4E64chwLW.k01lhULjs.mbV5Nybh7SDH9IS92yc5ycGpUaoNR/W', 122, 142, '2021-03-26 19:18:36', '2021-03-26 19:18:36'),
(79, '29763', '$2y$10$ysEs.qJRQCydNisgjBOkzuKd58Qd7eMCmbuMUbGw4Yj/1ncMMXM9y', 123, 142, '2021-03-26 19:28:45', '2021-03-26 19:28:45'),
(80, '64585', '$2y$10$5Nf67bELjr.LO8SnxcIa4uUi5JY4EKNHnIVXMKyd0AKaPhXi5BrHi', 124, 142, '2021-03-26 19:45:59', '2021-03-26 19:45:59'),
(81, '41995', '$2y$10$TD6b8NailVLKWARMUh3Cb.a0IabZ2e3aOxfdZZGDlne9fMV3zZPB2', 125, 142, '2021-03-26 20:33:22', '2021-03-26 20:33:22'),
(82, '32418', '$2y$10$cZXqjxojpasY8O/WfhiAtehx9b2AFdNSloAef2NNTkS8MAFNnFXV2', 126, 142, '2021-03-27 16:00:08', '2021-03-27 16:00:08'),
(83, '95260', '$2y$10$20eJWmg/45NSy3FfJlSXxeh1kEoYLNyeGzHsnXhqhzVpJp7VII.Aq', 127, 142, '2021-03-27 16:12:40', '2021-03-27 16:12:40'),
(84, '62868', '$2y$10$QmvAX6y6oX7aopGCI/g4NeNt4jTd3kFwvIYdYanBs9.2mJytrABcC', 128, 144, '2021-03-27 17:16:02', '2021-03-27 17:20:48'),
(85, '52473', '$2y$10$MiXqi7YTelteD2ed2YKJc.HVSVoAHG7/XAGK7wuudGBxLOUIrdLPu', 129, 142, '2021-03-27 17:29:42', '2021-03-27 17:29:42'),
(86, '89258', '$2y$10$G0IjYsInbcyjFYHtypscMuaWEWRBx2XL4Ut4unRLsl13gAYCaxPK2', 130, 142, '2021-03-27 17:40:24', '2021-03-27 17:40:24'),
(87, '41118', '$2y$10$FdvaAIOWwW6LmhdGwmyU9esF2NK/ZNFguJyyRSOqiE8zvo7ZTni/C', 131, 142, '2021-03-27 17:47:50', '2021-03-27 17:47:50'),
(88, '78756', '$2y$10$9NKBVf0hgoq6LBJvujYRdu500hNCJJTGN.aOgIE6wjYNp6PgTv.ty', 132, 142, '2021-03-27 18:07:28', '2021-03-27 18:07:28'),
(89, '17482', '$2y$10$G8IiUtfLSm.qXoeo9pL9yu18RxsSmANS19mfWMD8icDnz1r4Np0he', 133, 142, '2021-03-29 16:12:45', '2021-03-29 16:12:45'),
(90, '28361', '$2y$10$uVTrfBB2Enp9evV3rjNh1OMA0mOFoJ448HFr2OhD9dsZS2cQBcQPm', 134, 142, '2021-03-29 16:19:42', '2021-03-29 16:19:42'),
(91, '74703', '$2y$10$mk4GVzF8JBUCy1mqvNKX/.g05QTSY3kgHDfwdD1ne8O18qMioXSDi', 135, 142, '2021-03-29 17:18:35', '2021-03-29 17:18:35'),
(92, '60909', '$2y$10$DU9foXxVHpYFEECs3H6a7.w.u1EwZAPFq7q1pWKNvQktZRh8joZnO', 136, 142, '2021-03-29 17:25:49', '2021-03-29 17:25:49'),
(93, '90564', '$2y$10$ETyPXsuZd7IuRDNFR7o.7O967X1C5UE0eoruQduax6P7P.kvNxpWa', 137, 142, '2021-03-29 17:30:50', '2021-03-29 17:30:50'),
(94, '84861', '$2y$10$TDUlc8hnLeGKbCaE4o/pgeiU4D46GD7KtD9TYZ9ICDQLS9iq1ViHO', 138, 142, '2021-03-29 18:51:07', '2021-03-29 18:51:07'),
(95, '47111', '$2y$10$9GuuIMTpNa00PU0H8yvI0uW6IMOuzgMbpNI6FlhMZchPUooss9Zt6', 139, 142, '2021-03-29 19:00:26', '2021-03-29 19:00:26'),
(96, '74847', '$2y$10$L0V47h425nj9jGK6aTBD5eBzYtwyUk5k.svi6IZxraJ.5yMM7MQK2', 140, 142, '2021-03-29 19:18:19', '2021-03-29 19:18:19'),
(97, '65359', '$2y$10$/d2gcO8UV7.HumEvRBkYFOdmtbZ.hiep2TRdMOiRuxwcdzbp6qZJ6', 141, 142, '2021-03-29 19:40:37', '2021-03-29 19:40:37'),
(98, '18949', '$2y$10$chqNZtjWwSHGs8VmV4AeZewP4nJPME8FkRyL1hVdHE0A8wCTGp/bK', 142, 142, '2021-03-30 17:32:17', '2021-03-30 17:32:17'),
(99, '78761', '$2y$10$OsOQThgsrTQvd1yKL/IgsOHh0Qkqu83mURcwaS/aQkrKgQPiGG016', 143, 142, '2021-03-30 17:40:46', '2021-03-30 17:40:46'),
(100, '10109', '$2y$10$t8iRS6nJuEnMOfRq8ISBQ.H7xx0zOBzQHg3787XbG8xILF2o/vShG', 144, 142, '2021-03-30 17:51:58', '2021-03-30 17:51:58'),
(101, '28764', '$2y$10$fG5lU7wl.2ZBcRxKISLav.InBRtlillmyjapgLOITUBfDxiA/ScJ2', 145, 142, '2021-03-30 20:02:45', '2021-03-30 20:02:45'),
(102, '68566', '$2y$10$LoQDDA1AHL6j3W48SSdFGOlESWeXLLV9qYAed6yW0zbexrvtaPIqO', 146, 142, '2021-03-30 20:16:27', '2021-03-30 20:16:27'),
(103, '11934', '$2y$10$vew7WHFkoMm3XuDTn1Mu0eU6ZoaqRWyRxdlVkun/xslJkKYCXRQEe', 147, 142, '2021-03-31 15:59:52', '2021-03-31 15:59:52'),
(104, '20807', '$2y$10$lAeymo6BYzGtf42eyJz3g.kPv88f5HUR8UFNQEbaADxU3N1BTq7Vu', 148, 142, '2021-03-31 16:18:38', '2021-03-31 16:18:38'),
(105, '35391', '$2y$10$bDwNLUX6g8HRZGkRdvGJ/.eyUI9Ce7o9mGtgKAzpipB4Xq8LN.p7a', 149, 142, '2021-03-31 17:21:25', '2021-03-31 17:21:25'),
(106, '42429', '$2y$10$qGbNnGGiAyZum3ojakiXbOa54Z5Ma7Wewq5YNDfafPB0yTyGi05ca', 150, 142, '2021-03-31 19:31:20', '2021-03-31 19:31:20'),
(107, '55588', '$2y$10$OmQKc0CeY.FuKXHIkn8SAOmam5ymSyZuJI.WoAbKenKnt791GVdDS', 151, 142, '2021-03-31 19:54:42', '2021-03-31 19:54:42'),
(108, '76208', '$2y$10$sqCx3yKmRwWyHvNI6HhJpe4NyiCX2cKDzzbXNMufsPB8OAsqKddIS', 152, 142, '2021-03-31 20:15:59', '2021-03-31 20:15:59'),
(109, '36775', '$2y$10$Cg78QAG4jRJ3QnKuQDkCQu6/VU0XQTi8HJ0v2paEZ1TcQRwGnpgae', 153, 142, '2021-03-31 20:39:20', '2021-03-31 20:39:20'),
(110, '6383', '$2y$10$lFl31VYm7i6Kd0QjgxSU5.4ydfQX4Vh08lHoi91bzt9/N2Bd7FI5e', 154, 142, '2021-04-06 20:16:09', '2021-04-06 20:16:09'),
(111, '69107', '$2y$10$uUN0XI38FKZ58zvVGcTcY.9jHU86O016OtCRJZZgPVzNQ9akDa03K', 155, 142, '2021-04-09 17:11:31', '2021-04-09 17:11:31'),
(112, '85963', '$2y$10$UKk0m9CmFrSu/1VQAd0HNO1OqlE7B9jZPK1uXRDT1ty9NDvPdP7Am', 156, 142, '2021-04-09 17:54:12', '2021-04-09 17:54:12'),
(113, '28650', '$2y$10$cLthexjaXguXFo1MWBjHxOP2pV2GudmT4p.5LzgvpxdXRsYWzwjxO', 157, 142, '2021-04-09 18:39:38', '2021-04-09 18:39:38'),
(114, '23865', '$2y$10$kXwvOzUmuTmn.uunNKK4luWZcZONYX6GqbwzTA.MLrM4/k14cQJ1e', 158, 142, '2021-04-09 18:42:14', '2021-04-09 18:42:14'),
(115, '36056', '$2y$10$hxJ8/9.2WILV0dyJbmvvJOV5fzTRlPsHor3Ct5HH0XET8l4sXez2C', 159, 142, '2021-04-09 18:48:06', '2021-04-09 18:48:06'),
(116, '73958', '$2y$10$YVcmf2bkOOdgMUzCKQdPL.lAcF5Nlx2Z4rIvxUBYUsuN2KRY/SFO6', 160, 142, '2021-04-09 19:00:18', '2021-04-09 19:00:18'),
(117, '89872', '$2y$10$90ORHiusA.LruAuF2MK3OewdQYyGUSydi4toxbteGX3iEw/obiKoq', 161, 142, '2021-04-15 16:11:42', '2021-04-15 16:11:42'),
(118, '27913', '$2y$10$UWBMfoU9aVGZQQntk9PtxOu7Xd03zX9qcKK2Jkj3PbQUzQROoETTu', 162, 142, '2021-04-15 16:23:55', '2021-04-15 16:23:55'),
(119, '74348', '$2y$10$cef9p9km3fWpUL3eUZo./uyUOF7i0bZpEG5EQSmCTsBwci7J/rDIy', 163, 142, '2021-04-15 16:34:46', '2021-04-15 16:34:46'),
(120, '47128', '$2y$10$DP2ZJC3FC0Xvsm1VpfiF/utGWuUeDZd4NMuJjSGBET6pDdJj9iDOW', 164, 144, '2021-04-15 16:49:30', '2021-04-15 16:55:08'),
(121, '70828', '$2y$10$cZceKjLkdvdLn14Bk.wDWO/SPUdjViB0C4f6HZz3LtR2kP3AfXC7u', 165, 142, '2021-04-15 19:08:13', '2021-04-15 19:08:13'),
(122, '79430', '$2y$10$JJYQHzqThjhEBYbYBcKI4.2zxExE3Mq0uKdPOJZ7Iz.lLgtEZvb6m', 166, 142, '2021-04-15 19:33:15', '2021-04-15 19:33:15'),
(123, '55614', '$2y$10$lduj1wL470YetMzXyv4U.OZK8PkDzq.zp9dgBg5QOFyQbqdY5Cbym', 167, 142, '2021-04-15 19:43:46', '2021-04-15 19:43:46'),
(124, '35358', '$2y$10$lpHZ8Yspm8FjqgNcaKSzIulDH9YE3ANkedM8zxL0NB7iTyNRmmGzi', 168, 142, '2021-04-15 20:03:12', '2021-04-15 20:03:12'),
(125, '25487', '$2y$10$pvn/O1QHrGWJHc7qdGP3ru0MFoPMPO0q2K389ZSQWgD9C8LaoZve.', 169, 142, '2021-04-15 20:11:00', '2021-04-15 20:11:00'),
(126, '54025', '$2y$10$QkSszjVTHp5n4vReuMYpn.lDdk0CE.cycb2lo8IRKyxnpx7GR9kUC', 170, 142, '2021-04-15 21:28:07', '2021-04-15 21:28:07'),
(127, '25980', '$2y$10$kAHOAU9Y/uvtDktXL/pFluuMTZbOORm1lqe8R97.n.WUErEqoRgTy', 171, 142, '2021-04-15 21:28:24', '2021-04-15 21:28:24'),
(128, '26552', '$2y$10$4huBdI2qx0kTQJNtnUVfbO/gZcVIlIyKOC8qOaQFW99dLgkEwDX72', 172, 142, '2021-04-15 21:35:42', '2021-04-15 21:35:42'),
(129, '73447', '$2y$10$4Nj3lBxuisJxvYGemEeEueP33KP0Vkt4gUVl5Z0PJqmwOTyzar5oK', 173, 142, '2021-04-15 21:37:25', '2021-04-15 21:37:25'),
(130, '97733', '$2y$10$vAflVa6vY2hl1/dfrfPc6utHHnFSqDfaq/hqSM/o1uKhf27kE4DUe', 174, 142, '2021-04-15 21:50:50', '2021-04-15 21:50:50'),
(131, '76667', '$2y$10$hfNMoWUbOWyIMTohYr8eZu2Bk6HnQgvrUBHJhLvPQ5HwtHlyDWS2q', 175, 142, '2021-04-15 21:57:39', '2021-04-15 21:57:39'),
(132, '43448', '$2y$10$2m3P2o77qA3U3ItJo/obG.yewT24spwk5PM.74n22uyVv.zQHlOU2', 176, 142, '2021-04-15 22:13:07', '2021-04-15 22:13:07'),
(133, '81727', '$2y$10$dc/iVAqPsVAWfvUKGEOfOOyJgP5I5S20iEl/yqDIEI1GWL1YsRpf.', 177, 144, '2021-04-20 00:21:10', '2021-04-20 18:58:13'),
(134, '12491', '$2y$10$qpC6Wut0un2RI2b/5hT64u6.hsIvizSmrOy8lwS/PDpqzOAoojHqC', 178, 142, '2021-04-21 20:48:21', '2021-04-21 20:48:21'),
(135, '8874', '$2y$10$k2EUuHPJauQwGb.1o8wkReXJfFhmZmcUsQwPgxQD8fa8AlDboSUw2', 179, 144, '2021-04-21 21:29:11', '2021-05-07 20:07:38'),
(136, '83330', '$2y$10$YZMPppqDDFb2/monUmRn9OnWwa/HmVCBCOqTwVLYm7s5wSsbHDBwW', 180, 142, '2021-04-22 00:34:25', '2021-04-22 00:34:25'),
(137, '12052', '$2y$10$6VydEk43PKWbgqe8V/v1mO.AGcmrF54FSIHlrXk/Tha5pBoueaWua', 181, 144, '2021-05-03 13:59:17', '2021-05-10 15:17:52'),
(138, '63096', '$2y$10$LEO09ZQQRcBmL.W90kvyP.VnE1c.qroiE2n6PqPi2sJ3Zhd7LpXbW', 182, 144, '2021-05-19 19:46:07', '2021-05-20 20:40:18'),
(139, '61362', '$2y$10$RIEQ0H8.myg.Q9uRVH07e.ianB2J/L1s4wGzaueYjGSzHwBsTomlu', 183, 142, '2021-05-19 21:40:33', '2021-05-19 21:40:33'),
(140, '99448', '$2y$10$Yq9j7zp1oAmoWNo69SWB9O4/.zVcfZSA4ATbFeCYD0hHDg1Gk8xrG', 184, 142, '2021-07-08 20:33:47', '2021-07-08 20:33:47'),
(141, '30206', '$2y$10$uG8T.A.VK5LwcxJ9ApyVPeEW7tE9NDJGfHNOVLZ8q406DCSkQ/qJi', 184, 143, '2021-07-08 20:35:11', '2021-07-08 20:35:11'),
(142, '50006', '$2y$10$HGBUUYBaqsV6iLu70VgGU.FDECzgmPOoq0UpG8nvGeUR8fNv2uV8m', 185, 143, '2021-07-08 20:38:55', '2021-07-08 20:38:55'),
(143, '99325', '$2y$10$5FD85D9jGP4RkV2lSwxEb.KgEprUdpPBndzreIMI3P7aCiQMBFA6a', 186, 143, '2021-07-14 14:07:57', '2021-07-14 14:07:57'),
(144, '62556', '$2y$10$6ocsFc/.OXkSiIlqdhxQWOxty7KWRSzHFGmb1Rgos0TxDfGxbEk5.', 187, 142, '2021-07-23 21:25:58', '2021-07-23 21:25:58'),
(145, '53426', '$2y$10$gUAIZNvvAAm6.3f9XnYtmeTQbbrIWG37b6bPMYvJNFBtOeJHShOV2', 188, 142, '2021-07-23 21:50:33', '2021-07-23 21:50:33'),
(146, '6684', '$2y$10$Ewp6BGygyznHyArUhPblwusy1E3oFKiDTQOsDCtVB033urD9Cgy3S', 189, 142, '2021-07-23 23:10:08', '2021-07-23 23:10:08'),
(147, '83900', '$2y$10$YKK4aSSI1JP7i9jQG63ByeJrRYd87hLvURvAY238dTqyP8Z1XNtdS', 190, 142, '2021-07-24 01:27:36', '2021-07-24 01:27:36'),
(148, '97537', '$2y$10$GB/6xF08Shih.2O8STfRIuv62WOoMvV5gWGEBeFu9yakYF7f6RJNa', 191, 142, '2021-07-27 01:14:24', '2021-07-27 01:14:24'),
(149, '35495', '$2y$10$VisEWtbnTYJilUxMRceRtuMoTy3ova3OKlRvo9o6BRarSxSqq5NAq', 192, 142, '2021-07-27 02:48:17', '2021-07-27 02:48:17'),
(150, '97244', '$2y$10$Wv.BAZbrq0EOsqm13Ctru..MZvYcrQV9/DmlDzGF0ayvtN8x4i5Jq', 193, 142, '2021-07-30 15:39:48', '2021-07-30 15:39:48'),
(151, '70198', '$2y$10$rMrHCa4y.WDrOVAqQo9g3ujU8ug2Z99LybZPBd48pmYTk53Zu7.LO', 194, 142, '2021-07-30 16:59:34', '2021-07-30 16:59:34'),
(152, '74617', '$2y$10$9KpRSm75tLB0lrbfuT/Bvu.yixhhQRyNCLM1xUVhK2ai6Bf27ekGu', 195, 143, '2021-08-03 19:29:39', '2021-08-03 19:29:39'),
(153, '90277', '$2y$10$noiQRWrx7dljTsKLuwu9qeBWfrFtjJE2HMlhxEEcvQudhV9d81meG', 196, 143, '2021-08-03 19:30:45', '2021-08-03 19:30:45'),
(154, '27871', '$2y$10$CE39q7LbRFJurQjL.LoiG.RLSfJ75BWRmEqR3H375DR/nKGdoY9Hu', 197, 142, '2021-08-04 00:47:55', '2021-08-04 00:47:55'),
(155, '56235', '$2y$10$NjCbTdLxvx8.rmrNRoSbA.x1KnAVn/To2IVX4z8Sn9B.Ay/0Zimla', 198, 142, '2021-08-05 21:15:13', '2021-08-05 21:15:13'),
(156, '70207', '$2y$10$SzJmgu.xewat00XDHOfEHOnM9PrAq2YPQG.ukFK9/y1q.5cMY9dXO', 199, 142, '2021-08-05 22:18:33', '2021-08-05 22:18:33'),
(157, '24302', '$2y$10$MLWK4Q./IxsbQRp97lHin.29/9tNriRSLbM6A7UTzpACrv0fM.zQq', 200, 142, '2021-08-06 02:40:00', '2021-08-06 02:40:00'),
(158, '37972', '$2y$10$jKHbKN2Tx/fUBCJOb22YI.PfphHhxeqH9EUcT9MPfaORs5kuzAO5m', 201, 142, '2021-08-09 15:06:19', '2021-08-09 15:06:19'),
(159, '74001', '$2y$10$rP5lxIkG/debWadwVFdmX.TusCIEikfojM4Gz/3yDHZOz2X.MofEC', 202, 142, '2021-08-13 02:43:23', '2021-08-13 02:43:23'),
(160, '57964', '$2y$10$WFrdIb88R0J1v6xcC1rDceIhKr0qfq7JzBT66LiohUgoA23SUXJpq', 203, 144, '2021-08-23 20:38:13', '2021-08-24 15:43:01'),
(161, '56388', '$2y$10$u7G2YYNxm2hh2lfK8BUW3Ogl/XHrIeC0g7mKT2tSf6lHHhFKJMCzm', 204, 142, '2021-09-02 18:47:22', '2021-09-02 18:47:22'),
(162, '15654', '$2y$10$xKYPYgE80lfRVhxJhLJBmOFsCYwRFUfnwnaNE.6sr69aU3DyWMj0W', 205, 142, '2021-09-16 22:11:27', '2021-09-16 22:11:27'),
(163, '94095', '$2y$10$aYJpPp/3kAD1KbOD8bv/Tegx2mDIezkRQe8ARF0ElLK5qVEhgW9u6', 206, 142, '2021-09-22 21:36:18', '2021-09-22 21:36:18'),
(164, '10440', '$2y$10$3MkM4/WLFFrO3wyX12dJEervoqtL/l/JQPzfQgSS.daDqcLUOg5S6', 207, 142, '2021-10-12 13:58:03', '2021-10-12 13:58:03'),
(165, '67820', '$2y$10$xiVNTkmqF.EMGxbdYj9JnOJyNlk5.8YxMajlAZTBGUoJPyF2eQCjm', 208, 142, '2021-10-12 14:09:02', '2021-10-12 14:09:02'),
(166, '68246', '$2y$10$16qRSamWLYroPCN/LskCIeYZx1wov8qbG1xbZ7cUw/Lr9Oar84CYi', 209, 142, '2021-10-12 14:17:44', '2021-10-12 14:17:44'),
(167, '49603', '$2y$10$HfzgGg2s453lv7FuxCNKV.7VGASN1T4fHJHIV5PMaN.ZBsbN0/H9S', 210, 142, '2021-10-12 14:33:24', '2021-10-12 14:33:24'),
(168, '59677', '$2y$10$Hm2g3fKFzNeOMFIQ3T12xuis5dOc2GFSBdS/mrlaIA/vwObcUHVH.', 211, 142, '2021-10-12 14:48:09', '2021-10-12 14:48:09'),
(169, '97768', '$2y$10$9pfjKu8MAl5XTlNoy8qYc.4N3u3juMGgrnheESYjmOHdG2.mMAbRi', 212, 142, '2021-10-12 15:01:00', '2021-10-12 15:01:00'),
(170, '19096', '$2y$10$zkzRdEbsOa.KRklP/HrCTOuRxuB46STUReBphqSPUzt7uYksguHHy', 213, 142, '2021-10-12 16:06:17', '2021-10-12 16:06:17'),
(171, '35201', '$2y$10$L1/cYGrs7g3LMXdJjr2AueS3ZB85iWzP8tFYPr7e2nVdJtD/PuVCO', 214, 142, '2021-10-12 16:06:42', '2021-10-12 16:06:42'),
(172, '73612', '$2y$10$3An47hUdajLBb2WnquiaiOb82PTiqtoEUP1iQmKdDEedlTGKLpgve', 215, 142, '2021-10-12 16:07:25', '2021-10-12 16:07:25'),
(173, '14353', '$2y$10$cqMz9/oByNRMZIWRhY2hoejC9fkwv1m5wsqaMjX4ct9kXaTHydsou', 216, 142, '2021-10-12 16:15:19', '2021-10-12 16:15:19'),
(174, '23813', '$2y$10$pPDlMcWO4sRSG3EMiJNVju9F7GJf0wCK3n3aPsZRk93nox2cpoZ26', 217, 142, '2021-10-12 16:24:01', '2021-10-12 16:24:01'),
(175, '35732', '$2y$10$2uckxZ5/BYGLvrOjxRxM3uixuay.d0WzV2YI3Aw3BCxN.7o.ZnH7G', 218, 142, '2021-10-12 16:40:40', '2021-10-12 16:40:40'),
(176, '30573', '$2y$10$hXf5q1iKrd.cNeX67O05deRCU20sOf6yd0kqZfPxhvfcHUnwjgmky', 219, 142, '2021-10-12 21:13:15', '2021-10-12 21:13:15'),
(177, '21395', '$2y$10$GMNQj9KuzoYBWQmjF7ldFuwn.dVvx7ruLh/W9EPtNHbqkM8qz7AWW', 220, 142, '2021-10-12 21:14:24', '2021-10-12 21:14:24'),
(178, '68195', '$2y$10$U8.r94lA/nGGXYhVT/w6Iek7gIUT1mSchOf73HaJbgE2IfINgFEOG', 221, 142, '2021-10-12 21:14:54', '2021-10-12 21:14:54'),
(179, '9142', '$2y$10$bF4ap7ZKV94ijzOkah.dHO7bfDFjYFi40BvhkVS07XB0yqOaK.Xk2', 222, 142, '2021-10-12 21:48:23', '2021-10-12 21:48:23'),
(180, '46943', '$2y$10$piJnQkdeICwaSYZtt39OVuxtK31ccss/xg1dFL/s7izmunfhfoIYu', 223, 142, '2021-10-12 21:49:59', '2021-10-12 21:49:59'),
(181, '97825', '$2y$10$sJCXG5s72iLa9INKcNtSF.EtpBQMxfLhZJi8Ughz1Y9.wmxX90oeS', 224, 142, '2021-10-13 15:14:05', '2021-10-13 15:14:05'),
(182, '65738', '$2y$10$5v6IVsgr0LY8EtCBMHJ1P.i8qQ8X94Crp6l7AslxYw5Y7RNGMCwCi', 225, 142, '2021-10-13 15:16:40', '2021-10-13 15:16:40'),
(183, '17531', '$2y$10$k7lq2Md/MPFdKVopa0YSaOSUUAm7sgYquOu1bcULyUUS5TkpLTM7O', 226, 142, '2021-10-13 15:19:50', '2021-10-13 15:19:50'),
(184, '81311', '$2y$10$wtt9yqOfGoKXfd9J/juJPevz4fGdjS0FKNTKX9Skae3zPA5sD0gMK', 227, 142, '2021-10-13 15:21:21', '2021-10-13 15:21:21'),
(185, '66183', '$2y$10$JEefe6j5bY7m/S.Rl0R2JuuzHMyIWGqchy56G5O1KFNkyBxGczUcW', 228, 142, '2021-10-13 15:24:23', '2021-10-13 15:24:23'),
(186, '39346', '$2y$10$SarsfWUEuTl3oZXqHGvKAeQo84Dq/g0PqM6ECRddYKhN8mm.0y7SC', 229, 142, '2021-10-13 15:26:41', '2021-10-13 15:26:41'),
(187, '5857', '$2y$10$Rw4pm/ff8PKlTh0S804e/u1Vw8HU5kz6IonDEDxOPdi0to/W0BYZ.', 230, 142, '2021-10-13 15:36:31', '2021-10-13 15:36:31'),
(188, '41995', '$2y$10$L2EnWQ7M2zTJMA.vTRrE8eaARt68zNp2Gw5di5QWChAXhyv5T6EPm', 231, 142, '2021-10-13 15:43:46', '2021-10-13 15:43:46'),
(189, '68447', '$2y$10$qFidBKXdz0RvTuI5EVdEf.jpe1oy3RqyqyJNtuE4zk2L4p3dbJ1Lm', 232, 142, '2021-10-13 20:49:13', '2021-10-13 20:49:13'),
(190, '48218', '$2y$10$/Fh8bb/2lEVQ60ePb3Xh0Ook/Q8smKXkXbNNBUc7odhOtLKfOD38i', 233, 142, '2021-10-13 20:53:39', '2021-10-13 20:53:39'),
(191, '56628', '$2y$10$cOR2wAGMEVg56yZzlk9iYOsMSjQyqLsew6PEdZu9LGXHt08HWpY8u', 234, 142, '2021-10-13 20:56:31', '2021-10-13 20:56:31'),
(192, '35618', '$2y$10$3agl.W7ljcS1Rchv2FbL4..Y42me6FuerQizk3d6orHn3HvjztsTi', 235, 142, '2021-10-13 21:00:08', '2021-10-13 21:00:08'),
(193, '57563', '$2y$10$uuBN4c1waZQijd0z1AT96O4rAURos0SOwimnIcCBAnJ/63h4LQ4RG', 236, 142, '2021-10-13 21:08:19', '2021-10-13 21:08:19'),
(194, '77052', '$2y$10$cXUAm2a0QZ18nfoGMd2YzuaoOyP/vHf2vLjzWiyax5cvcHmnsyX0q', 237, 142, '2021-10-13 21:21:27', '2021-10-13 21:21:27'),
(195, '71336', '$2y$10$.tagjNgWzzeZL5CP1wKG8uugvzIXrtN.DkPiMjdf.mRWS6tgOjZtO', 238, 142, '2021-10-16 21:12:23', '2021-10-16 21:12:23'),
(196, '78122', '$2y$10$BftJ4Tks3cXrEc0a1Ob.O.sTD3/.y6tbheX8NOh9KPvxc4aoOB5dW', 239, 142, '2021-10-16 21:13:10', '2021-10-16 21:13:10'),
(197, '51524', '$2y$10$26wnTrh3V7JdgUpnwvJkHOyykD5tildA/v7kX/RF2f1e/HmEFa5n.', 240, 142, '2021-10-16 21:15:56', '2021-10-16 21:15:56'),
(198, '78358', '$2y$10$k9HMCRkewgu2ba2VYQ7Ke.PlououPikSTTw.O915WllkUm8Z7sUsW', 241, 142, '2021-10-16 21:17:42', '2021-10-16 21:17:42'),
(199, '26339', '$2y$10$/2FaQEbFOYsT4fHhCP.Gsux99C2hwCxAENGAd73HpleDQhTen2Gt6', 242, 142, '2021-10-16 21:19:06', '2021-10-16 21:19:06'),
(200, '61883', '$2y$10$FcnJPTbZDgBav7sn1/.YYei/X/aYCJ8HPcCaW6vxdZl36dqARbi7i', 243, 142, '2021-10-16 21:21:48', '2021-10-16 21:21:48'),
(201, '33290', '$2y$10$3WKfWm/Ev4YRb1gPcaguRObWrJJMQ2v0YT8t.IklYqKGywUZVvIG2', 244, 142, '2021-10-16 21:35:44', '2021-10-16 21:35:44'),
(202, '66805', '$2y$10$T2oz8rdbGvSzc2URCN/jX.KC0oCZE94NYhqZvf2C6onW6dGJEswvW', 245, 142, '2021-10-19 15:36:37', '2021-10-19 15:36:37'),
(203, '88404', '$2y$10$Jx1NBk/g/3xYlVmyb3bhjuztsf8CUg5Uovq./0MXVGNYpPgfdFN4C', 246, 142, '2021-10-19 15:36:59', '2021-10-19 15:36:59'),
(204, '94290', '$2y$10$vhe72noAU/NdRNEfPyAOOenguw0eT1UpB9.XaWcLBRQT2w2Di1yM6', 247, 142, '2021-10-19 15:45:59', '2021-10-19 15:45:59'),
(205, '22518', '$2y$10$pQeXmgPCCWygmJ9TR8GmFuqaJ3vgimxXj3s57GmNpEq/7pSZGfqSa', 248, 142, '2021-10-19 22:03:47', '2021-10-19 22:03:47'),
(206, '14812', '$2y$10$vntY4KCK13QGmG6iTaMB0.KmsRAulPmL1itadQLrhUTM.baQzx3ge', 249, 142, '2021-10-19 22:06:32', '2021-10-19 22:06:32'),
(207, '58717', '$2y$10$vWIuDUs7YepA7LSWRoQg7e35Jlp/3i6Zp56tZODp.0pTw/I2PFnl2', 250, 142, '2021-10-19 22:08:59', '2021-10-19 22:08:59'),
(208, '63739', '$2y$10$wJDjzqOVUafQv9alHMBp2OEqMwsfLmuwTIk6f0h0hulzRUOEzgPM.', 251, 142, '2021-10-19 22:09:52', '2021-10-19 22:09:52'),
(209, '33443', '$2y$10$LQbCKgzlKN.fdyCrZkD9DO6DuFNdx1fXSYNKwPipPggH0N8zfnXFi', 252, 142, '2021-10-19 22:22:55', '2021-10-19 22:22:55'),
(210, '77639', '$2y$10$FjiEsgLNNJV/rQmAc7LSuOXfF2uzStAdhTSLlhsKNz8ZdbvhauQhq', 253, 142, '2021-10-20 12:29:41', '2021-10-20 12:29:41'),
(211, '86260', '$2y$10$gWgM1MowAP3yHKn7guxsaelRkmkWpsBkZEXNvX/phcEAMeSjkd3MK', 254, 142, '2021-10-20 23:20:56', '2021-10-20 23:20:56'),
(212, '59231', '$2y$10$/NH6D7oKP1JB5U3eMXgGROjer1t4mkfD9mTvxIazrkXdVNS6mmr3m', 255, 142, '2021-10-26 16:07:22', '2021-10-26 16:07:22'),
(213, '35150', '$2y$10$fu7hvmADlvWJw/1ZFmsO1uvrlej6GzWp/4PX2IQJKJ1p2RSZRN6Pi', 256, 142, '2021-10-26 16:08:57', '2021-10-26 16:08:57'),
(214, '43843', '$2y$10$toP..mpijggEhJKPsJ/SseBD6SdTYK3cBUCgemUSQZiiQVI5qnmmy', 257, 142, '2021-10-26 16:17:35', '2021-10-26 16:17:35'),
(215, '81483', '$2y$10$9po4gOUi1t64.4piZJp6Yejm1PquRdIYMdUTg153tR4Yd8L4awRLq', 258, 142, '2021-10-26 16:18:54', '2021-10-26 16:18:54'),
(216, '13807', '$2y$10$OPKyxC8Z0YREAyx6Rr1MuuvpHEXrL59LeIfK46kn5DekF6YNfE7pC', 259, 142, '2021-10-26 16:25:03', '2021-10-26 16:25:03'),
(217, '83172', '$2y$10$mCk.HJkCuTK7Ubkw65nm7.1t17tPcTS7fsT281Le3uNP7lUNl1vW2', 260, 142, '2021-10-26 16:37:41', '2021-10-26 16:37:41'),
(218, '58055', '$2y$10$.R9xA8fJl5CiXucGdgO.guRLO0D1j8qS8f4fciRTUi0zYIWYFXGW2', 261, 142, '2021-10-26 16:40:12', '2021-10-26 16:40:12'),
(219, '44164', '$2y$10$07ripiB6fLugwSmTNgL4Me0Y3.bEPE64Sdr9RZsMKjM/dHrzooY0y', 262, 142, '2021-10-26 16:42:36', '2021-10-26 16:42:36'),
(220, '91230', '$2y$10$b8Z/d6vZvA.xwr/OB3r2HO44YTF.5r6H5Bk1uwFuLV5vuUWYU5KOy', 263, 142, '2021-10-26 20:35:00', '2021-10-26 20:35:00'),
(221, '85840', '$2y$10$ppnYiVFy8SU/eUiqorWAM.rM5zBhXGpzG.YSOZBPG.TmpU8QbvsP2', 264, 142, '2021-10-30 16:05:49', '2021-10-30 16:05:49'),
(222, '30591', '$2y$10$hvmviiNWGQn2osTY6a4WeO/iTl3SY3NbJlLrbMb7dYo91UmV8Nh1K', 265, 142, '2021-10-30 16:05:52', '2021-10-30 16:05:52'),
(223, '86969', '$2y$10$rzRZXUEfu5TMQMekv9ACZ.9uxHeYY//xqnqTHpsJYiwSmBt2O2lR.', 266, 142, '2021-10-30 16:06:30', '2021-10-30 16:06:30'),
(224, '75940', '$2y$10$y3ORuF5FRXXQexU2cXyYrud0q4.Y/o627c.QMbv/U2K2rZ8HnxeiG', 267, 142, '2021-10-30 16:07:00', '2021-10-30 16:07:00'),
(225, '63598', '$2y$10$f9vJwicTEVzq3HZwy9zWD.MgtWL5Sk2f1W64ZDuPg.3Rw4h4BBniO', 268, 142, '2021-10-30 16:08:00', '2021-10-30 16:08:00'),
(226, '77184', '$2y$10$k5NnvROU0F0A4erI9HLDbOXg9xi7SyuZYNnXLhgGEPPl6wcmjC9GS', 269, 142, '2021-10-30 16:11:35', '2021-10-30 16:11:35'),
(227, '16995', '$2y$10$NjK5ASmjR1agOEhnKklV.eX0HqF9PM.t.YzdYxsu4lknZbUR/.msO', 270, 142, '2021-10-30 17:12:49', '2021-10-30 17:12:49'),
(228, '43522', '$2y$10$CYMW33qLmPJzyI4GHZEcbe8jNRhQtDBMr2PccMwoI5Qv8kKZKuy4q', 271, 142, '2021-11-06 00:27:37', '2021-11-06 00:27:37'),
(229, '43770', '$2y$10$OcfrIdVfxTSduQr6fVJfTet1piJEbr7WoPbg3wwYRLPvLt2kMNtW.', 272, 142, '2021-11-06 01:28:59', '2021-11-06 01:28:59'),
(230, '27987', '$2y$10$4ZO71/Z2yPGBnW.p01Wj0eOl8wNDstQfoNU6fiOfrpvtmsoZBsH2.', 273, 142, '2021-11-29 18:22:48', '2021-11-29 18:22:48'),
(231, '26983', '$2y$10$QwLfkt.jE5pOXuVS/eUa1.FrLjlJKF6EnO2g4o2glefMl17oZUF32', 274, 142, '2021-12-01 20:36:40', '2021-12-01 20:36:40'),
(232, '82718', '$2y$10$m9Xi8dnEUoq.OwVKwpKfleeim0sVsKpXIGGAH8RhWXMvjJmVp5QyO', 275, 142, '2021-12-01 20:38:55', '2021-12-01 20:38:55'),
(233, '96568', '$2y$10$cqXMbHqoL44D9W9CS8bW.e0ZJpbAayHcpsOQnlzIaTmlWn83zbOAu', 276, 143, '2021-12-30 16:05:16', '2021-12-30 16:05:16'),
(234, '75637', '$2y$10$G7qWUWiQr6njmmaOxwJF6efJzHskGor.qxYb2pgOnMOznII9RDiuS', 205, 143, '2021-12-30 16:07:22', '2021-12-30 16:07:22'),
(235, '83755', '$2y$10$CuZ3s/Y9y8cNRuW/o3feX.O7NjkFNzE4oKnSY8kJSbMAkhQIV4Gui', 98, 143, '2021-12-30 16:08:33', '2021-12-30 16:08:33'),
(236, '28408', '$2y$10$d.GkFYvrKeRjcAse1F9heutyHcNYveaGpimljFFA/.g0dnvUcG7CS', 273, 143, '2021-12-30 16:09:35', '2021-12-30 16:09:35'),
(237, '60659', '$2y$10$uW5Ni09NsmcVbCFs8ACQ.uVxE.v0qj06PSsAYGukObP6hspY8dGa2', 274, 143, '2021-12-30 16:10:23', '2021-12-30 16:10:23'),
(238, '15051', '$2y$10$R/.N3Xoi5NQqh.BkTCyIKuRBLiHfyokoQbspL0kHoLlj5W8mD.TNq', 277, 142, '2022-01-05 12:38:10', '2022-01-05 12:38:10'),
(239, '33344', '$2y$10$U/BL5IrdNGr38Op3BaX8DeqhrQqOpfpqWW4K5y1pUNCW9lv9N77xm', 278, 142, '2022-01-20 02:22:23', '2022-01-20 02:22:23'),
(240, '75818', '$2y$10$EcupvFGX6soVbmAfenpCYOs12kV90.jZcUBN5VeIuWIqBVVHCl/0u', 279, 142, '2022-01-20 12:53:25', '2022-01-20 12:53:25'),
(241, '79326', '$2y$10$3Op9c81WM9nU7lEJ.ErqJ.dZfye1M2mSe7rBsYpXhbmG0CWXj9ucC', 278, 143, '2022-01-27 15:01:20', '2022-01-27 15:01:20'),
(242, '14348', '$2y$10$W5LIqOVDso3YQnc073PXReYfDxrHnxpnQsqfv5R1ta3MevyS1wR5O', 279, 143, '2022-01-27 15:03:01', '2022-01-27 15:03:01'),
(243, '30126', '$2y$10$YTojtCkUEjI2IDmdQ0WLWe6lzr.cu8XeJOCAt84bJDkCprpXAMB3S', 280, 142, '2022-01-28 16:07:35', '2022-01-28 16:07:35'),
(244, '73027', '$2y$10$xgEcFXq4L.HnxHNoiU2EV.9ej3Njqh62UzqxN18S7bKt8KNFyXfl.', 281, 142, '2022-01-28 16:10:54', '2022-01-28 16:10:54'),
(245, '79125', '$2y$10$2ba/H2OtXwRuxQpmvTTXcOEemh8kQC4suD54qVcGlKP9J2ZKTfA4i', 282, 142, '2022-01-28 16:12:10', '2022-01-28 16:12:10'),
(246, '76993', '$2y$10$qnI.9h9QdicQ8vtaCsnvK.xlMVuBGzekxeBDsBG.6weWY/KXOBvkK', 283, 142, '2022-01-28 16:12:31', '2022-01-28 16:12:31'),
(247, '13319', '$2y$10$PJimgFcBpDgelIPTHmKDWuX.4k8KZVxgkdc9PCwIb4VMMpLqIES5C', 284, 142, '2022-01-28 16:27:31', '2022-01-28 16:27:31'),
(248, '55113', '$2y$10$12NF/xhEOM/RKxfk/mRKEus9DwwXTj4Gk86R.is7LQkdd9MQRkyU6', 285, 142, '2022-02-03 22:34:50', '2022-02-03 22:34:50'),
(249, '16828', '$2y$10$IR9LAtp7g5M.I5MXcpr4eOSO9HJBLEZO7O./T2W.dlucSGaWS4AMK', 282, 143, '2022-02-03 22:39:17', '2022-02-03 22:39:17'),
(250, '16709', '$2y$10$SXIJ5gB4gz5Z8HZotfo7k.VVJ1cEf99sLdma8rgL/JKVNKp5ofyw.', 158, 143, '2022-02-03 22:41:00', '2022-02-03 22:41:00'),
(251, '86300', '$2y$10$qJCjPKw/nXtYNhIb2EWsjOcDh5xURjZ9PfMZIUBkm29v6l88cvKwS', 178, 143, '2022-02-23 21:13:47', '2022-02-23 21:13:47'),
(252, '14846', '$2y$10$rczCziUz6dlpXPKdT1Xu0ewlIwl6dHScS66jiVceZ.ujvrG7qQw3y', 286, 144, '2022-02-25 16:19:52', '2022-02-25 16:24:32'),
(253, '92195', '$2y$10$qrvPYgb0nYBW7hWYFy3A2.8nQ5/66trrPGu6RRwj1WoiqrPpX6ZK.', 287, 142, '2022-03-02 21:50:53', '2022-03-02 21:50:53'),
(254, '36272', '$2y$10$GyEij/m5seb6d6QYPDT8G.acy7N0SkWz7NgM7N3xvk5X.B8OorPmu', 288, 143, '2022-03-10 22:53:42', '2022-03-10 22:53:42'),
(255, '24657', '$2y$10$8iDC8ghQu1pHlcXdEUPir..P2gYegSGKiNY0Udu31MQuo9izBJW9q', 289, 143, '2022-03-28 14:58:57', '2022-03-28 14:58:57'),
(256, '17447', '$2y$10$GL4l2bKLgVsD8g2kd7VcKuqoUZuchRrHE79dZSYnVFPtHm1V733vO', 290, 143, '2022-03-28 15:00:07', '2022-03-28 15:00:07'),
(257, '45120', '$2y$10$BAI8z1RqJZxCkowEC91qN.Uc2ijG5IGLVnO8O.rSEm/vsuy7Rog8.', 291, 143, '2022-03-28 15:01:08', '2022-03-28 15:01:08'),
(258, '87577', '$2y$10$ckbBEqQbgelKewcrrjo32.au6DKXVjEd5R1qmTq.wxYavXEVP8qW.', 292, 142, '2022-03-30 12:38:47', '2022-03-30 12:38:47'),
(259, '54402', '$2y$10$V/Ufl0d98u14o.y6AzZZQ.v1GlSg7k8MCrD09IKaKqkZAD2hFQMce', 293, 144, '2022-03-30 13:09:40', '2022-07-12 15:18:47'),
(260, '86921', '$2y$10$MuUBEFsK5FboYSiRlxhaHOGyUwbpX8N0xokmpgbiIS4ARaE/fnodi', 292, 143, '2022-04-01 23:08:30', '2022-04-01 23:08:30'),
(261, '4457', '$2y$10$l7cmFba6k.wui3SAm8IEOeKPoy6Z112h51/GPpeBKoEPatr09FY1i', 293, 143, '2022-04-01 23:08:55', '2022-04-01 23:08:55'),
(262, '14049', '$2y$10$PvqUPM7GB7NVFJe6gdmsh.n4qwmw0FPuoUS517Mspk7QLtdwMnBHe', 119, 143, '2022-04-06 15:45:40', '2022-04-06 15:45:40'),
(263, '65209', '$2y$10$7qzPQh81M21zogJ6lq/EiuQIIBLkU0FUuk0GUKhX1FjOoF94Y0keW', 294, 143, '2022-04-07 20:28:35', '2022-04-07 20:28:35'),
(264, '93381', '$2y$10$g331SUJUarLZquRug94GPeJRqyzYj657IAV.PK5QrqTiwz5sPnGQS', 2, 143, '2022-04-22 18:08:15', '2022-04-22 18:08:15'),
(265, '24810', '$2y$10$jiwgbz4Y/id9FRBUkjNYR.ad8.1Q5YHMKKKh.jIg1Vj/Tx3fYVOu2', 295, 143, '2022-05-04 16:40:29', '2022-05-04 16:40:29'),
(266, '6495', '$2y$10$eaNlrTwQRumWl1Or5lS1pOglgnEu6ErX.oJy3Mwq6DeyPwVI2Na6u', 274, 143, '2022-05-10 20:34:50', '2022-05-10 20:34:50'),
(267, '41766', '$2y$10$K8Mv3/cDa0B7gMo.diEo9eh5Nq2Pmw8v/YYaFshwRzV.FbJaZpo5K', 168, 143, '2022-06-02 15:03:21', '2022-06-02 15:03:21'),
(268, '54832', '$2y$10$NRF1JJc2CNfZov.JM1.8xuLpdY3x4K9abmh6rL3HFdBpR/UBESEGi', 296, 143, '2022-06-29 16:29:48', '2022-06-29 16:29:48'),
(269, '28053', '$2y$10$1MK/YqaxlCHI1QXqGeHhw.JOgthXCUeFNGxpSNuk1NMY0DBJyM.UK', 299, 143, '2022-07-12 15:07:07', '2022-07-12 15:07:07'),
(270, '92002', '$2y$10$hVJPd/JR1prtUR6vcgSpvOMIszNlfa3vE.R4Zq1z32WlTXYhAMtSe', 300, 143, '2022-07-12 15:12:52', '2022-07-12 15:12:52'),
(271, '80387', '$2y$10$CbTD8kwr1Ir9vrHRn/fJ..SLRBRvDxMaXtyHkbb9m/D4nan.SCWka', 300, 143, '2022-07-12 15:14:11', '2022-07-12 15:14:11'),
(272, '29403', '$2y$10$AxR1yZVoOmn6/EXEnR9s8ur5YG9fNGWwhpMqLEdJh53BEtXiFahEC', 301, 143, '2022-07-12 15:15:46', '2022-07-12 15:15:46'),
(273, '64523', '$2y$10$ppEpMDu5jpg4eq1FR4o7sOH5je2xxoCoyCtreBxOxE2QC.fuofiZK', 119, 143, '2022-07-12 15:17:17', '2022-07-12 15:17:17'),
(274, '32218', '$2y$10$D0eaopncFaOSSWIsIxgNDeYbD7iOVCLfpSNgsM74NvkPPVmAiVdfe', 298, 143, '2022-07-12 16:12:10', '2022-07-12 16:12:10'),
(275, '41791', '$2y$10$B0WiqWmaV.XepdzNBy.MoOBQPklKfsr1jbLRZQdLQXjk46/0h/RIi', 302, 143, '2022-07-14 21:19:36', '2022-07-14 21:19:36'),
(276, '17667', '$2y$10$OGyph7LG.uhY0Jxj3AlOTuoEM3XO1AHgqFt.K5NmDLZ.K0AOcpUaG', 303, 143, '2022-07-25 20:48:09', '2022-07-25 20:48:09'),
(277, '77227', '$2y$10$dLxH3xuyjed.BGYKE7/UEOzD25ISHNqXrsfhP.VZMMAI0hslRqg3u', 312, 143, '2022-12-30 15:36:23', '2022-12-30 15:36:23'),
(278, '68781', '$2y$10$TrU6zH264rKTa5yNLQFySuB40XLtyht3tov.Om3iZv6K6ykE644bm', 306, 143, '2022-12-30 15:39:30', '2022-12-30 15:39:30'),
(279, '34837', '$2y$10$657bnXwdR5idUhrQCgF/Ge7a.VWvpHYHp3n0ph8Asftcel/E8qP2m', 305, 143, '2022-12-30 15:40:09', '2022-12-30 15:40:09'),
(280, '15962', '$2y$10$OmS.SPsAovNqx6LGM6JoguV5nwi0MDYt11y6TYitqzsKeHlx2tgzK', 313, 143, '2022-12-30 15:43:57', '2022-12-30 15:43:57'),
(281, '62268', '$2y$10$pJWVtPNopZZAeZbWfn1jueX8cVs.nMN0NQCeEOQlnd0UsnP.FIfyC', 314, 143, '2022-12-30 15:46:59', '2022-12-30 15:46:59'),
(282, '16429', '$2y$10$pYDS5dghtTCXMKumniKTqe8L7Hjdr1mkvJ9B1HuYoCjh1cOMEpHbe', 315, 143, '2022-12-30 15:51:08', '2022-12-30 15:51:08'),
(283, '77482', '$2y$10$W81laADEIvEVNxAEYtns6OU3P.emS31jzmtFAzrKQYRetvXUys.PO', 316, 143, '2022-12-30 16:23:05', '2022-12-30 16:23:05'),
(284, '18299', '$2y$10$JhXWMP70YlpqweTNjtmzteLhv2.pkYjRSLI8y64HZFIAE9FpAKvr2', 317, 143, '2022-12-30 16:26:45', '2022-12-30 16:26:45'),
(285, '46121', '$2y$10$GHOb4EcBipemvooxvTXG2uUhXmefMiVvKgikxRbjQyhJC84DFyPVS', 317, 143, '2023-01-10 19:59:57', '2023-01-10 19:59:57'),
(286, '35449', '$2y$10$dHEHPtfqTifkUXFK5B40vuup/vt.3Vt8Uhe8lK8glH7lNZlURUo/K', 318, 143, '2023-01-10 20:12:53', '2023-01-10 20:12:53'),
(287, '11563', '$2y$10$sliNmkTE1EVPl/IfZYbcbOZvh7CyblnZyvFWUs6BK3zdcLGQ7nU52', 207, 143, '2023-01-10 20:14:36', '2023-01-10 20:14:36'),
(288, '27420', '$2y$10$VPllRxLn0ktrW0PE1XfVeOpW7XQ7pZwmC/8362Mhp59R4K4T0DsUS', 319, 143, '2023-01-10 20:18:56', '2023-01-10 20:18:56'),
(289, '13168', '$2y$10$q2UND0n7JG/Sx4JoJ1GhzeTlHs0veqcNimvuE6ZbmZnHRlaooGos6', 320, 143, '2023-01-10 20:33:33', '2023-01-10 20:33:33'),
(290, '84593', '$2y$10$802olTOMPMaSuafzKa3sPOanZAj/9NJzW4fNoaDghbg7z8hYFyWbG', 321, 143, '2023-01-10 20:39:27', '2023-01-10 20:39:27'),
(291, '97846', '$2y$10$mx1XsTwoepreYCvFhW0BKuIQIjyLD.72NDCIlnLdt8ypexjaItAQm', 322, 143, '2023-01-10 20:44:05', '2023-01-10 20:44:05'),
(292, '30548', '$2y$10$xr8zvboW4b5o12wxv9LdFOHWVgdHOSPHX56yzG04uGVzzBB76rEC.', 322, 143, '2023-01-10 20:44:43', '2023-01-10 20:44:43'),
(293, '38326', '$2y$10$wf9rV7M4wLcOGPIjISoO6uOxyXCxVFv840KiwPQtK8u8y3memGmWm', 319, 143, '2023-01-10 20:45:56', '2023-01-10 20:45:56'),
(294, '75998', '$2y$10$y0HkCOLl6aJpiTx5nivKDOj20nSlPg5D2YRXrDIU8Lk/t7sKnbuMi', 320, 143, '2023-01-10 20:46:27', '2023-01-10 20:46:27'),
(295, '9046', '$2y$10$y1Knt0X82SoU6dJY8/6tpu3dpP.6Cwh1ywYmUFu76ldqjCANtvpMu', 321, 143, '2023-01-10 20:47:24', '2023-01-10 20:47:24'),
(296, '55950', '$2y$10$foCYhqR3WeGgWhPr.VwBjOjAj.T.0ihC0.FH9soulLvVT14E0yF0i', 324, 143, '2023-01-13 17:03:10', '2023-01-13 17:03:10');

-- --------------------------------------------------------

--
-- Estructura de tabla para la tabla `receptions_has_case`
--

CREATE TABLE `receptions_has_case` (
  `id` bigint(20) UNSIGNED NOT NULL,
  `reception_id` bigint(20) UNSIGNED NOT NULL,
  `case_id` bigint(20) UNSIGNED NOT NULL,
  `created_at` timestamp NULL DEFAULT NULL,
  `updated_at` timestamp NULL DEFAULT NULL
) ENGINE=InnoDB DEFAULT CHARSET=utf8mb4 COLLATE=utf8mb4_unicode_ci;

-- --------------------------------------------------------

--
-- Estructura de tabla para la tabla `references_data`
--

CREATE TABLE `references_data` (
  `id` bigint(20) UNSIGNED NOT NULL,
  `name` varchar(255) NOT NULL,
  `categories` varchar(255) DEFAULT NULL,
  `section` varchar(255) DEFAULT NULL,
  `is_visible` tinyint(1) NOT NULL DEFAULT 1,
  `table` varchar(255) NOT NULL,
  `type_data_id` int(10) NOT NULL,
  `created_at` timestamp NULL DEFAULT NULL,
  `updated_at` timestamp NULL DEFAULT NULL
) ENGINE=InnoDB DEFAULT CHARSET=utf8mb4 COLLATE=utf8mb4_unicode_ci;

--
-- Volcado de datos para la tabla `references_data`
--

INSERT INTO `references_data` (`id`, `name`, `categories`, `section`, `is_visible`, `table`, `type_data_id`, `created_at`, `updated_at`) VALUES
(8, 'Documento', 'type_category_default_log', 'case_log', 0, 'case_log', 26, '2020-06-07 09:36:25', '2020-06-07 09:36:25'),
(9, 'Documento de cliente', 'type_category_default_log', 'case_log', 0, 'case_log', 26, '2020-06-07 09:36:25', '2020-06-07 09:36:25'),
(11, 'Organización', 'type_data_user', 'about_me', 1, 'users', 26, '2020-04-20 01:57:16', '2020-04-20 01:57:16'),
(12, 'Municipio', 'type_data_user', 'about_me', 1, 'users', 26, '2020-04-20 01:57:16', '2020-04-20 01:57:16'),
(17, '¿Hace parte usted de la comunidad LGTBI?', 'type_data_user', 'aditional_info', 1, 'users', 58, '2020-07-03 22:15:17', '2021-02-15 19:27:43'),
(27, 'Sector', 'type_data_user', 'about_me', 1, 'users', 26, '2020-09-18 21:30:32', '2020-09-19 17:12:39'),
(28, 'EPS', 'type_data_user', 'case', 1, 'users', 26, '2020-09-18 22:29:30', '2022-03-11 22:00:56'),
(30, 'Documentos del cliente', 'type_category_log', 'case_log', 1, 'case_log', 26, '2020-09-19 01:11:36', '2020-09-19 01:11:36'),
(32, 'DATOS DE CLIENTE', 'type_category_log', 'case_log', 1, 'case_log', 26, '2020-09-19 01:13:48', '2020-09-19 02:41:55'),
(34, 'DOCUMENTOS EXPEDIENTE JUDICIAL', 'type_category_log', 'case_log', 1, 'case_log', 26, '2020-09-19 02:33:59', '2020-09-19 02:33:59'),
(35, 'DOCUMENTOS APOYO', 'type_category_log', NULL, 1, 'case_log', 26, '2020-09-19 02:41:22', '2020-09-19 02:41:22'),
(40, 'datos del clientes', 'type_category_log', 'case_log', 1, 'case_log', 26, '2020-09-19 02:55:45', '2020-09-19 02:55:45'),
(42, 'Domicilio', 'type_data_user', 'case', 1, 'users', 26, '2020-09-19 17:24:08', '2020-10-29 20:00:57'),
(47, 'URL', 'type_data_directory', NULL, 1, 'directory', 26, '2020-09-30 05:14:19', '2020-09-30 05:14:19'),
(63, '¿Es usted victima de conflicto armado?', 'type_data_user', 'aditional_info', 1, 'users', 136, '2020-11-05 04:26:07', '2021-02-15 19:26:57'),
(70, 'Es usted', 'type_data_user', 'aditional_info', 1, 'users', 136, '2020-11-05 15:41:08', '2021-02-15 19:25:56'),
(71, 'Sexo', 'type_data_user', 'aditional_info', 1, 'users', 58, '2020-11-08 20:30:53', '2020-11-09 01:12:18'),
(72, 'Seguimiento Psicológico', 'type_category_log', 'case_log', 1, 'case_log', 0, '2021-02-04 18:44:51', '2021-02-04 18:44:51'),
(73, 'Municipio', 'type_data_directory', NULL, 1, 'directory', 58, '2021-02-05 21:39:50', '2021-02-05 21:39:50'),
(74, '¿Es lideresa/líder/defensora/defensor de Derechos Humanos?', 'type_data_user', 'about_me', 1, 'users', 58, '2021-02-15 19:21:08', '2021-02-15 19:21:08'),
(75, 'Fecha de nacimiento', 'type_data_user', 'aditional_info', 1, 'users', 58, '2021-02-15 19:22:06', '2021-02-15 19:22:06'),
(76, 'Ocupación', 'type_data_user', 'aditional_info', 1, 'users', 58, '2021-02-15 19:22:29', '2021-02-15 19:22:29'),
(77, '¿Tiene usted alguna discapacidad? En caso de que su respuesta sea si, cual es', 'type_data_user', 'aditional_info', 1, 'users', 58, '2021-02-15 19:23:50', '2021-02-15 19:28:22'),
(78, 'Municipio', 'type_data_directory', NULL, 1, 'directory', 58, '2021-02-15 19:29:32', '2021-02-15 19:29:32'),
(79, 'Tipo de conexión a internet', 'type_data_user', 'aditional_info', 1, 'users', 58, '2021-03-02 17:33:09', '2021-03-02 17:33:09'),
(80, 'Que operador es su numero de celular', 'type_data_user', 'aditional_info', 1, 'users', 58, '2021-03-02 17:36:32', '2021-03-02 17:36:32'),
(81, 'Seguimiento Jurídico', 'type_category_log', 'case_log', 1, 'case_log', 0, '2021-03-16 23:12:18', '2021-03-16 23:12:18'),
(82, 'Recepción jurídica del caso', 'type_category_log', 'case_log', 1, 'case_log', 0, '2021-05-10 15:59:32', '2021-05-10 15:59:32'),
(83, 'Recep', 'type_category_log', 'case_log', 1, 'case_log', 0, '2021-05-20 20:48:22', '2021-05-20 20:48:22'),
(84, 'Registro a Plataforma Web', 'type_category_log', 'case_log', 1, 'case_log', 0, '2021-07-12 15:39:24', '2021-07-12 15:39:24'),
(85, 'Recepción del caso', 'type_category_log', 'case_log', 1, 'case_log', 0, '2021-07-12 15:44:05', '2021-07-12 15:44:05'),
(86, 'Información del caso', 'type_category_log', 'case_log', 1, 'case_log', 0, '2021-07-12 15:47:59', '2021-07-12 15:47:59'),
(87, 'Asesoría Jurídica.', 'type_category_log', 'case_log', 1, 'case_log', 0, '2021-08-23 19:53:02', '2021-08-23 19:53:02'),
(88, 'Solicitud a Fiscalía General de la Nación', 'type_category_log', 'case_log', 1, 'case_log', 0, '2021-09-06 17:46:27', '2021-09-06 17:46:27'),
(89, 'Solicitud Representante Judicial', 'type_category_log', 'case_log', 1, 'case_log', 0, '2021-09-06 17:51:26', '2021-09-06 17:51:26'),
(90, 'Seguimiento a institucionalidad.', 'type_category_log', 'case_log', 1, 'case_log', 0, '2021-09-06 17:52:56', '2021-09-06 17:52:56'),
(91, 'Asignación representante judicial de víctimas', 'type_category_log', 'case_log', 1, 'case_log', 0, '2021-09-06 21:41:14', '2021-09-06 21:41:14'),
(92, 'Remisión', 'type_category_log', 'case_log', 1, 'case_log', 0, '2022-01-29 20:40:50', '2022-01-29 20:40:50'),
(93, 'Informe de contexto', 'type_category_log', 'case_log', 1, 'case_log', 0, '2022-02-25 16:42:52', '2022-02-25 16:42:52'),
(94, 'Respuesta Defensoría del Pueblo Regional Tumaco', 'type_category_log', 'case_log', 1, 'case_log', 0, '2022-02-25 22:49:25', '2022-02-25 22:49:25');

-- --------------------------------------------------------

--
-- Estructura de tabla para la tabla `references_data_options`
--

CREATE TABLE `references_data_options` (
  `id` bigint(20) UNSIGNED NOT NULL,
  `value` varchar(255) DEFAULT NULL,
  `status` tinyint(1) NOT NULL DEFAULT 1,
  `active_other_input` tinyint(1) NOT NULL DEFAULT 0,
  `references_data_id` bigint(20) UNSIGNED NOT NULL,
  `created_at` timestamp NULL DEFAULT NULL,
  `updated_at` timestamp NULL DEFAULT NULL
) ENGINE=InnoDB DEFAULT CHARSET=utf8mb4 COLLATE=utf8mb4_unicode_ci;

--
-- Volcado de datos para la tabla `references_data_options`
--

INSERT INTO `references_data_options` (`id`, `value`, `status`, `active_other_input`, `references_data_id`, `created_at`, `updated_at`) VALUES
(24, 'Afrocolombiana', 1, 0, 70, NULL, '2020-12-10 19:50:12'),
(25, 'Room', 1, 0, 70, NULL, '2020-12-10 19:50:12'),
(26, 'Si', 1, 0, 63, NULL, '2021-02-15 19:27:11'),
(27, 'No', 1, 0, 63, NULL, '2021-02-15 19:27:11'),
(28, 'Hombre', 1, 0, 71, NULL, NULL),
(29, 'Mujer', 1, 0, 71, NULL, NULL),
(30, 'Otro', 1, 1, 71, NULL, NULL),
(31, 'Gitana', 1, 0, 70, NULL, NULL),
(32, 'Indígena', 1, 0, 70, NULL, NULL),
(33, 'Otro', 1, 1, 70, NULL, NULL),
(34, 'Si', 1, 1, 77, NULL, '2021-02-15 19:26:35'),
(35, 'No', 1, 0, 77, NULL, NULL),
(36, 'Si', 1, 1, 17, NULL, NULL),
(37, 'No', 1, 0, 17, NULL, NULL),
(38, 'Fija/internet hogar', 1, 0, 79, NULL, NULL),
(39, 'Plan de datos', 1, 0, 79, NULL, NULL),
(40, 'Recargas', 1, 0, 79, NULL, NULL),
(41, 'Otro', 1, 1, 79, NULL, NULL),
(42, 'Claro', 1, 0, 80, NULL, NULL),
(43, 'Movistar', 1, 0, 80, NULL, NULL),
(44, 'Tigo', 1, 0, 80, NULL, NULL),
(45, 'Éxito', 1, 0, 80, NULL, NULL),
(46, 'Virgin Mobile', 1, 0, 80, NULL, NULL),
(47, 'Uffmovil', 1, 0, 80, NULL, NULL),
(48, 'ETB', 1, 0, 80, NULL, NULL),
(49, 'Avantel', 1, 0, 80, NULL, NULL),
(50, 'Otro', 1, 1, 80, NULL, NULL);

-- --------------------------------------------------------

--
-- Estructura de tabla para la tabla `references_table`
--

CREATE TABLE `references_table` (
  `id` bigint(20) UNSIGNED NOT NULL,
  `name` varchar(255) NOT NULL,
  `categories` varchar(255) DEFAULT NULL,
  `section` varchar(255) DEFAULT NULL,
  `table` varchar(255) NOT NULL,
  `options` varchar(255) DEFAULT NULL,
  `created_at` timestamp NULL DEFAULT NULL,
  `updated_at` timestamp NULL DEFAULT NULL
) ENGINE=InnoDB DEFAULT CHARSET=utf8mb4 COLLATE=utf8mb4_unicode_ci;

--
-- Volcado de datos para la tabla `references_table`
--

INSERT INTO `references_table` (`id`, `name`, `categories`, `section`, `table`, `options`, `created_at`, `updated_at`) VALUES
(1, 'Civil', 'type_branch_law', NULL, 'cases', NULL, '2019-10-31 15:44:27', '2019-10-31 15:44:27'),
(2, 'Familia', 'type_branch_law', NULL, 'cases', NULL, '2019-10-31 15:44:27', '2019-10-31 15:44:27'),
(3, 'Consulta simple', 'type_case', NULL, 'cases', NULL, '2019-10-31 15:44:27', '2019-10-31 15:44:27'),
(4, 'Consulta compleja', 'type_case', NULL, 'cases', NULL, '2019-10-31 15:44:27', '2019-10-31 15:44:27'),
(5, 'NIT', 'type_identification', NULL, 'users', NULL, '2019-10-31 15:44:27', '2019-10-31 15:44:27'),
(6, 'CC', 'type_identification', NULL, 'users', NULL, '2019-10-31 15:44:27', '2019-10-31 15:44:27'),
(7, 'Cliente', 'type_user_case', NULL, 'user_cases', NULL, '2019-10-31 15:44:27', '2019-10-31 15:44:27'),
(8, 'Profesional', 'type_user_case', NULL, 'user_cases', NULL, '2019-10-31 15:44:27', '2019-10-31 15:44:27'),
(9, 'En Fase - Preprocesal', 'type_status', NULL, 'cases', 'warning', '2019-10-31 15:44:27', '2019-10-31 15:44:27'),
(10, 'Cerrado', 'type_status', NULL, 'cases', 'success', '2019-10-31 15:44:27', '2019-10-31 15:44:27'),
(11, 'Activo', 'type_status', NULL, 'case_log', NULL, '2019-10-31 15:44:27', '2019-10-31 15:44:27'),
(12, 'Departamento', 'type_data_case', NULL, 'cases', NULL, '2019-10-31 15:44:27', '2019-10-31 15:44:27'),
(13, 'Municipio', 'type_data_case', NULL, 'cases', NULL, '2019-10-31 15:44:27', '2019-10-31 15:44:27'),
(14, 'Hechos', 'type_data_case', NULL, 'cases', NULL, '2019-10-31 15:44:27', '2019-10-31 15:44:27'),
(15, 'En papelera', 'type_status', 'all', 'all', NULL, '2019-10-31 15:44:27', '2019-10-31 15:44:27'),
(16, 'Sin confirmar cuenta', 'type_status', 'null', 'users', NULL, '2019-10-31 15:44:27', '2019-10-31 15:44:27'),
(17, 'juzgado', 'type_data_case', 'cases', 'case_data', NULL, '2019-10-31 15:44:27', '2019-10-31 15:44:27'),
(18, 'Actuación', 'type_log', NULL, 'case_log', NULL, '2019-10-31 15:44:27', '2019-10-31 15:44:27'),
(19, 'Novedad', 'type_log', NULL, 'case_log', NULL, '2019-10-31 15:44:27', '2019-10-31 15:44:27'),
(20, 'Anexo', 'type_log', NULL, 'case_log', NULL, '2019-10-31 15:44:27', '2019-10-31 15:44:27'),
(21, 'Demandado', 'type_user_case', NULL, 'user_cases', NULL, '2019-10-31 15:44:27', '2019-10-31 15:44:27'),
(22, 'Documento', 'type_log', NULL, 'case_log', NULL, '2019-10-31 15:44:27', '2019-10-31 15:44:27'),
(23, 'Notificación\r\n', 'type_log', NULL, 'case_log', NULL, '2019-10-31 15:44:27', '2019-10-31 15:44:27'),
(24, 'novedades', 'type_data_case', NULL, 'case_data', NULL, '2019-10-31 15:44:27', '2019-10-31 15:44:27'),
(25, 'Interventor', 'type_user_case', NULL, 'user_cases', NULL, '2020-04-20 16:56:14', '2020-04-20 16:56:14'),
(26, 'texto', 'type_aditional_data', NULL, 'aditional_data', NULL, '2020-04-20 16:57:16', '2020-04-20 16:57:16'),
(27, 'Acta', 'category_id', 'library', 'library', NULL, '2020-04-22 01:00:00', '2020-04-22 01:00:00'),
(28, 'Jurisprudencia', 'category_id', 'library', 'library', NULL, '2020-04-22 01:00:00', '2020-04-22 01:00:00'),
(29, 'Plantilla', 'category_id', 'library', 'library', NULL, '2020-04-22 01:00:00', '2020-04-22 01:00:00'),
(30, 'Resolución', 'category_id', 'library', 'library', NULL, '2020-04-22 01:00:00', '2020-04-22 01:00:00'),
(31, 'Ley', 'category_id', 'library', 'library', NULL, '2020-04-22 01:00:00', '2020-04-22 01:00:00'),
(32, 'Decreto', 'category_id', 'library', 'library', NULL, '2020-04-22 01:00:00', '2020-04-22 01:00:00'),
(33, 'De apoyo', 'type_log', 'case_log', 'case_log', NULL, '2019-10-31 15:44:27', '2019-10-31 15:44:27'),
(34, 'Notificación', 'type_default_log', 'case_log', 'case_log', NULL, '2019-10-31 15:44:27', '2019-10-31 15:44:27'),
(35, 'Documentos', 'type_category_default_log', 'case_log', 'case_log', NULL, '2019-10-31 15:44:27', '2019-10-31 08:21:20'),
(36, 'Invitado', 'type_user_case', NULL, 'user_cases', NULL, '2019-10-31 15:44:27', '2019-10-31 15:44:27'),
(37, 'Consulta - Asesoría', 'type_category_pay', 'base', 'payments', NULL, '2020-04-20 16:56:14', '2020-04-20 16:56:14'),
(38, 'Honorarios', 'type_category_pay', 'base', 'payments', NULL, '2020-04-20 16:56:14', '2020-04-20 16:56:14'),
(39, 'Contado', 'type_payment', 'base', 'payments', NULL, '2020-04-20 16:56:14', '2020-04-20 16:56:14'),
(40, 'Crédito', 'type_payment', 'base', 'payments', NULL, '2020-04-20 16:56:14', '2020-04-20 16:56:14'),
(41, 'Diario', 'type_periodpay', 'base', 'payments', NULL, '2020-04-20 16:56:14', '2020-04-20 16:56:14'),
(42, 'Semanal', 'type_periodpay', 'base', 'payments', NULL, '2020-04-20 16:56:14', '2020-04-20 16:56:14'),
(43, 'Quincenal', 'type_periodpay', 'base', 'payments', NULL, '2020-04-20 16:56:14', '2020-04-20 16:56:14'),
(44, 'Mensual', 'type_periodpay', 'base', 'payments', NULL, '2020-04-20 16:56:14', '2020-04-20 16:56:14'),
(45, 'Bimestral', 'type_periodpay', 'base', 'payments', NULL, '2020-04-20 16:56:14', '2020-04-20 16:56:14'),
(46, 'Trimestral', 'type_periodpay', 'base', 'payments', NULL, '2020-04-20 16:56:14', '2020-04-20 16:56:14'),
(47, 'Semestral', 'type_periodpay', 'base', 'payments', NULL, '2020-04-20 16:56:14', '2020-04-20 16:56:14'),
(48, 'DIA', 'type_periodpay_default', 'base', 'payments', NULL, '2020-04-20 16:56:14', '2020-04-20 16:56:14'),
(49, 'En proceso de estudio', 'type_status', NULL, 'cases', 'warning', '2020-04-20 16:56:14', '2020-04-20 16:56:14'),
(50, 'En proceso de remisión', 'type_status', NULL, 'cases', 'warning', '2020-04-20 16:56:14', '2020-04-20 16:56:14'),
(51, 'Remitido', 'type_status', NULL, 'cases', 'success', '2020-04-20 16:56:14', '2020-04-20 16:56:14'),
(52, 'En proceso de seguimiento', 'type_status', NULL, 'cases', 'warning', '2020-04-20 16:56:14', '2020-04-20 16:56:14'),
(53, 'Pago confirmado', 'type_status', 'base', 'payments', NULL, '2020-04-20 16:56:14', '2020-04-20 16:56:14'),
(54, 'Evidencia pago', 'type_support_file', NULL, 'payments', NULL, '2019-10-31 15:44:27', '2019-10-31 15:44:27'),
(55, 'Factura de cobro', 'type_support_file', NULL, 'payments', NULL, '2019-10-31 15:44:27', '2019-10-31 15:44:27'),
(56, 'Factura pagada', 'type_support_file', NULL, 'payments', NULL, '2019-10-31 15:44:27', '2019-10-31 15:44:27'),
(57, 'Por confirmar cobro', 'type_status', 'base', 'payments', NULL, '2020-04-20 16:56:14', '2020-04-20 16:56:14'),
(58, 'Selección múltiple única respuesta', 'type_aditional_data', NULL, 'aditional_data', NULL, '2020-05-23 13:05:22', '2020-05-23 13:05:22'),
(59, 'Laboral', 'type_branch_law', NULL, 'cases', NULL, '2019-10-31 15:44:27', '2019-10-31 15:44:27'),
(60, 'Penal', 'type_branch_law', NULL, 'cases', NULL, '2019-10-31 15:44:27', '2019-10-31 15:44:27'),
(61, 'Transito', 'type_branch_law', NULL, 'cases', NULL, '2019-10-31 15:44:27', '2019-10-31 15:44:27'),
(62, 'Constitucional', 'type_branch_law', NULL, 'cases', NULL, '2019-10-31 15:44:27', '2019-10-31 15:44:27'),
(63, 'Violencia Intrafamiliar', 'type_branch_law', NULL, 'cases', NULL, '2019-10-31 15:44:27', '2019-10-31 15:44:27'),
(64, 'Adolecentes Infractores', 'type_branch_law', NULL, 'cases', NULL, '2019-10-31 15:44:27', '2019-10-31 15:44:27'),
(65, 'Sede Administrativa', 'type_branch_law', NULL, 'cases', NULL, '2019-10-31 15:44:27', '2019-10-31 15:44:27'),
(66, 'Contencioso Administrativo', 'type_branch_law', NULL, 'cases', NULL, '2019-10-31 15:44:27', '2019-10-31 15:44:27'),
(67, 'Tributario', 'type_branch_law', NULL, 'cases', NULL, '2019-10-31 15:44:27', '2019-10-31 15:44:27'),
(68, 'Ambiental', 'type_branch_law', NULL, 'cases', NULL, '2019-10-31 15:44:27', '2019-10-31 15:44:27'),
(69, 'Proceso archivado', 'type_status', NULL, 'cases', 'success', '2019-10-31 15:44:27', '2019-10-31 15:44:27'),
(70, 'Por Citar', 'type_status', NULL, 'cases', 'danger', '2019-10-31 15:44:27', '2019-10-31 15:44:27'),
(71, 'Citado', 'type_status', NULL, 'cases', 'success', '2019-10-31 15:44:27', '2019-10-31 15:44:27'),
(72, 'Por Notificar', 'type_status', NULL, 'cases', 'warning', '2019-10-31 15:44:27', '2019-10-31 15:44:27'),
(73, 'Notificado', 'type_status', NULL, 'cases', 'success', '2019-10-31 15:44:27', '2019-10-31 15:44:27'),
(74, 'Por Realizar demanda', 'type_status', NULL, 'cases', 'danger', '2019-10-31 15:44:27', '2019-10-31 15:44:27'),
(75, 'Demanda Realizada', 'type_status', NULL, 'cases', 'success', '2019-10-31 15:44:27', '2019-10-31 15:44:27'),
(76, 'Por completar demanda', 'type_status', NULL, 'cases', 'warning', '2019-10-31 15:44:27', '2019-10-31 15:44:27'),
(77, 'Por realizar contestación', 'type_status', NULL, 'cases', 'danger', '2019-10-31 15:44:27', '2019-10-31 15:44:27'),
(78, 'Contestación Realizada', 'type_status', NULL, 'cases', 'success', '2019-10-31 15:44:27', '2019-10-31 15:44:27'),
(79, 'Por completar contestación', 'type_status', NULL, 'cases', 'warning', '2019-10-31 15:44:27', '2019-10-31 15:44:27'),
(80, 'Comparecencia al juzgado', 'type_status', NULL, 'cases', 'danger', '2019-10-31 15:44:27', '2019-10-31 15:44:27'),
(81, 'Por realizar recursos horizontales', 'type_status', NULL, 'cases', 'warning', '2019-10-31 15:44:27', '2019-10-31 15:44:27'),
(82, 'Por realizar recursos verticales', 'type_status', NULL, 'cases', 'warning', '2019-10-31 15:44:27', '2019-10-31 15:44:27'),
(83, 'Por realizar recursos extraordinarios', 'type_status', NULL, 'cases', 'warning', '2019-10-31 15:44:27', '2019-10-31 15:44:27'),
(84, 'A la espera de un documento', 'type_status', NULL, 'cases', 'warning', '2019-10-31 15:44:27', '2019-10-31 15:44:27'),
(85, 'Por entregar un documento', 'type_status', NULL, 'cases', 'danger', '2019-10-31 15:44:27', '2019-10-31 15:44:27'),
(86, 'Por fijar audiencia', 'type_status', NULL, 'cases', 'warning', '2019-10-31 15:44:27', '2019-10-31 15:44:27'),
(87, 'Con fecha de audiencia', 'type_status', NULL, 'cases', 'success', '2019-10-31 15:44:27', '2019-10-31 15:44:27'),
(88, 'Con sentencia', 'type_status', NULL, 'cases', 'success', '2019-10-31 15:44:27', '2019-10-31 15:44:27'),
(89, 'Con sentencia y no admite recursos', 'type_status', NULL, 'cases', 'danger', '2019-10-31 15:44:27', '2019-10-31 15:44:27'),
(90, 'Por realizar reconvención', 'type_status', NULL, 'cases', 'danger', '2019-10-31 15:44:27', '2019-10-31 15:44:27'),
(91, 'Reconvención presentada', 'type_status', NULL, 'cases', 'success', '2019-10-31 15:44:27', '2019-10-31 15:44:27'),
(92, 'Genera nulidad absoluta', 'type_status', NULL, 'cases', 'danger', '2019-10-31 15:44:27', '2019-10-31 15:44:27'),
(93, 'Genera nulidad relativa', 'type_status', NULL, 'cases', 'warning', '2019-10-31 15:44:27', '2019-10-31 15:44:27'),
(94, 'Diligencias', 'type_status', NULL, 'cases', 'warning', '2019-10-31 15:44:27', '2019-10-31 15:44:27'),
(95, 'En Abandono del proceso', 'type_status', NULL, 'cases', 'success', '2019-10-31 15:44:27', '2019-10-31 15:44:27'),
(96, 'Consulta de reacción inmediata', 'type_case', NULL, 'cases', NULL, '2019-10-31 15:44:27', '2019-10-31 15:44:27'),
(97, 'Civil', 'type_branch_law_library', NULL, 'library', NULL, '2019-10-31 15:44:27', '2019-10-31 15:44:27'),
(98, 'Familia', 'type_branch_law_library', NULL, 'library', NULL, '2019-10-31 15:44:27', '2019-10-31 15:44:27'),
(99, 'Laboral', 'type_branch_law_library', NULL, 'library', NULL, '2019-10-31 15:44:27', '2019-10-31 15:44:27'),
(100, 'Penal', 'type_branch_law_library', NULL, 'library', NULL, '2019-10-31 15:44:27', '2019-10-31 15:44:27'),
(101, 'Constitucional', 'type_branch_law_library', NULL, 'library', NULL, '2019-10-31 15:44:27', '2019-10-31 15:44:27'),
(102, 'Administrativo', 'type_branch_law_library', NULL, 'library', NULL, '2019-10-31 15:44:27', '2019-10-31 15:44:27'),
(103, 'Gastos procesales', 'type_category_pay', 'base', 'payments', NULL, '2020-04-20 16:56:14', '2020-04-20 16:56:14'),
(104, 'Viáticos', 'type_category_pay', 'base', 'payments', NULL, '2020-04-20 16:56:14', '2020-04-20 16:56:14'),
(105, 'Notificación demandado\r\n', 'type_log', NULL, 'case_log', NULL, '2019-10-31 15:44:27', '2019-10-31 15:44:27'),
(110, 'Pagado', 'type_status', 'base', 'payment_credits', NULL, '2020-04-20 16:56:14', '2020-04-20 16:56:14'),
(111, 'Por pagar', 'type_status', 'base', 'payment_credits', NULL, '2020-04-20 16:56:14', '2020-04-20 16:56:14'),
(112, 'Vencido', 'type_status', 'base', 'payment_credits', NULL, '2020-04-20 16:56:14', '2020-04-20 16:56:14'),
(113, 'Efectivo', 'type_payment_method', 'base', 'payment_credits', NULL, '2020-04-20 16:56:14', '2020-04-20 16:56:14'),
(114, 'Transferencia bancaria', 'type_payment_method', 'base', 'payment_credits', NULL, '2020-04-20 16:56:14', '2020-04-20 16:56:14'),
(115, 'Pago virtual', 'type_payment_method', 'base', 'payment_credits', NULL, '2020-04-20 16:56:14', '2020-04-20 16:56:14'),
(116, 'Por confirmar pago', 'type_status', 'base', 'payment_credits', 'NULL', '2020-04-20 16:56:14', '2020-04-20 16:56:14'),
(117, 'Se constituyó un delito', 'type_data_case', NULL, 'cases', NULL, '2019-10-31 15:44:27', '2019-10-31 15:44:27'),
(118, 'Daños causados', 'type_data_case', NULL, 'cases', NULL, '2019-10-31 15:44:27', '2019-10-31 15:44:27'),
(119, 'Tipo de riesgo', 'type_data_case', NULL, 'cases', NULL, '2019-10-31 15:44:27', '2019-10-31 15:44:27'),
(120, 'Características del riesgo', 'type_data_case', NULL, 'cases', NULL, '2019-10-31 15:44:27', '2019-10-31 15:44:27'),
(121, 'Ocurrencia', 'type_data_case', NULL, 'cases', NULL, '2019-10-31 15:44:27', '2019-10-31 15:44:27'),
(122, 'Análisis del contexto del caso', 'type_data_case', NULL, 'cases', NULL, '2019-10-31 15:44:27', '2019-10-31 15:44:27'),
(123, 'Qué ruta debe seguir', 'type_data_case', NULL, 'cases', NULL, '2019-10-31 15:44:27', '2019-10-31 15:44:27'),
(124, 'Nombre completo de la persona afectada', 'type_data_case', NULL, 'cases', NULL, '2019-10-31 15:44:27', '2019-10-31 15:44:27'),
(125, 'Cédula persona afectada.', 'type_data_case', NULL, 'cases', NULL, '2019-10-31 15:44:27', '2019-10-31 15:44:27'),
(126, 'Número de celular de la persona afectada', 'type_data_case', NULL, 'cases', NULL, '2019-10-31 15:44:27', '2019-10-31 15:44:27'),
(127, 'Correo electrónico de la persona afectada', 'type_data_case', NULL, 'cases', NULL, '2019-10-31 15:44:27', '2019-10-31 15:44:27'),
(128, 'Corregimiento/vereda/barrio', 'type_data_case', NULL, 'cases', NULL, '2019-10-31 15:44:27', '2019-10-31 15:44:27'),
(129, 'Lugar de los hechos', 'type_data_case', NULL, 'cases', NULL, '2019-10-31 15:44:27', '2019-10-31 15:44:27'),
(130, 'Fecha de los hechos', 'type_data_case', NULL, 'cases', NULL, '2019-10-31 15:44:27', '2019-10-31 15:44:27'),
(131, 'Número de personas afectadas', 'type_data_case', NULL, 'cases', NULL, '2019-10-31 15:44:27', '2019-10-31 15:44:27'),
(132, 'Personas/organizaciones afectadas', 'type_data_case', NULL, 'cases', NULL, '2019-10-31 15:44:27', '2019-10-31 15:44:27'),
(133, 'Presuntos agresores', 'type_data_case', NULL, 'cases', NULL, '2019-10-31 15:44:27', '2019-10-31 15:44:27'),
(134, 'El medio por el que se realizó la agresión', 'type_data_case', NULL, 'cases', NULL, '2019-10-31 15:44:27', '2019-10-31 15:44:27'),
(135, 'Evidencias', 'type_data_case', NULL, 'cases', NULL, '2019-10-31 15:44:27', '2019-10-31 15:44:27'),
(136, 'Selección múltiple varias respuestas', 'type_aditional_data', NULL, 'aditional_data', NULL, '2020-05-23 13:05:22', '2020-05-23 13:05:22'),
(137, 'Enviado', 'type_status', NULL, 'panic_alerts', NULL, '2019-10-31 15:44:27', '2019-10-31 15:44:27'),
(138, 'Recibido', 'type_status', NULL, 'panic_alerts', NULL, '2021-02-02 16:16:26', '2020-12-29 17:11:22'),
(139, 'Sin responder', 'type_status', NULL, 'panic_alerts', NULL, '2021-02-02 16:16:26', '2020-12-29 17:11:22'),
(140, 'Fecha de evento', 'type_data_case', NULL, 'cases', NULL, '2019-10-31 20:44:27', '2019-10-31 20:44:27'),
(141, 'Activo', 'type_status', 'null', 'users', NULL, '2019-10-31 20:44:27', '2019-10-31 20:44:27'),
(142, 'En recepción', 'type_status', NULL, 'receptions', NULL, '2019-10-31 20:44:27', '2019-10-31 20:44:27'),
(143, 'Aceptada desde caso', 'type_status', NULL, 'receptions', NULL, '2019-10-31 20:44:27', '2019-10-31 20:44:27'),
(144, 'Aceptada desde recepción', 'type_status', NULL, 'receptions', NULL, '2019-10-31 20:44:27', '2019-10-31 20:44:27'),
(145, 'Informe de contexto', 'type_case', NULL, 'cases', NULL, '2019-10-31 15:44:27', '2019-10-31 15:44:27');

-- --------------------------------------------------------

--
-- Estructura de tabla para la tabla `roles`
--

CREATE TABLE `roles` (
  `id` bigint(20) UNSIGNED NOT NULL,
  `name` varchar(125) NOT NULL,
  `guard_name` varchar(125) NOT NULL,
  `created_at` timestamp NULL DEFAULT NULL,
  `updated_at` timestamp NULL DEFAULT NULL
) ENGINE=MyISAM DEFAULT CHARSET=utf8mb4 COLLATE=utf8mb4_unicode_ci;

--
-- Volcado de datos para la tabla `roles`
--

INSERT INTO `roles` (`id`, `name`, `guard_name`, `created_at`, `updated_at`) VALUES
(4, 'Supervisor', 'web', '2020-04-18 21:22:00', '2020-04-18 23:05:00'),
(3, 'Profesional', 'web', '2020-04-18 21:22:00', '2020-04-18 23:05:00'),
(2, 'Administrador', 'web', '2020-04-18 21:19:00', '2020-04-18 23:04:00'),
(1, 'Root', 'web', '2019-11-26 14:12:00', '2020-04-18 23:05:00'),
(5, 'Solicitante', 'web', '2020-04-18 21:23:00', '2020-04-18 23:05:00');

-- --------------------------------------------------------

--
-- Estructura de tabla para la tabla `roles_old`
--

CREATE TABLE `roles_old` (
  `id` int(10) UNSIGNED NOT NULL,
  `name` varchar(255) NOT NULL,
  `display_name` varchar(255) DEFAULT NULL,
  `description` varchar(255) DEFAULT NULL,
  `created_at` timestamp NULL DEFAULT NULL,
  `updated_at` timestamp NULL DEFAULT NULL
) ENGINE=InnoDB DEFAULT CHARSET=utf8mb4 COLLATE=utf8mb4_unicode_ci;

--
-- Volcado de datos para la tabla `roles_old`
--

INSERT INTO `roles_old` (`id`, `name`, `display_name`, `description`, `created_at`, `updated_at`) VALUES
(1, 'root', 'Root', 'roles', '2019-11-26 09:12:07', '2020-04-18 18:05:54'),
(2, 'administrador', 'Administrador', 'administrador', '2020-04-18 16:19:41', '2020-04-18 18:04:06'),
(3, 'profesionales', 'Profesional', 'profesionales', '2020-04-18 16:22:09', '2020-04-18 18:05:41'),
(4, 'supervisor', 'Supervisor', 'las mismas opciones del profesional pero no puede editar', '2020-04-18 16:22:39', '2020-04-18 18:05:26'),
(5, 'cliente', 'Solicitante', 'cliente opciones propias de cliente', '2020-04-18 16:23:04', '2020-04-18 18:05:16');

-- --------------------------------------------------------

--
-- Estructura de tabla para la tabla `role_has_permissions`
--

CREATE TABLE `role_has_permissions` (
  `permission_id` bigint(20) UNSIGNED NOT NULL,
  `role_id` bigint(20) UNSIGNED NOT NULL
) ENGINE=MyISAM DEFAULT CHARSET=utf8mb4 COLLATE=utf8mb4_unicode_ci;

--
-- Volcado de datos para la tabla `role_has_permissions`
--

INSERT INTO `role_has_permissions` (`permission_id`, `role_id`) VALUES
(1, 1),
(1, 2),
(2, 1),
(2, 2),
(3, 1),
(3, 2),
(4, 1),
(5, 1),
(5, 2),
(6, 1),
(6, 2),
(7, 1),
(7, 2),
(8, 1),
(8, 2),
(9, 1),
(9, 2),
(10, 1),
(10, 2),
(11, 1),
(11, 2),
(12, 1),
(12, 2),
(13, 1),
(13, 2),
(14, 5),
(15, 1),
(15, 2),
(15, 3),
(15, 4),
(16, 1),
(16, 2),
(16, 3),
(16, 4),
(16, 5),
(17, 2),
(17, 3),
(18, 1),
(18, 2),
(18, 3),
(19, 1),
(19, 2),
(19, 3),
(20, 1),
(20, 2),
(21, 1),
(21, 2),
(22, 1),
(22, 2),
(22, 3),
(23, 1),
(23, 2),
(24, 1),
(24, 2),
(25, 1),
(25, 2),
(25, 3),
(26, 1),
(26, 2),
(27, 1),
(27, 2),
(28, 3),
(29, 1),
(29, 2),
(30, 1),
(30, 2),
(31, 1),
(31, 2),
(31, 3),
(32, 1),
(32, 2),
(33, 1),
(33, 2),
(33, 3),
(33, 4),
(34, 1),
(34, 2),
(35, 1),
(35, 2),
(36, 2),
(37, 2),
(38, 1),
(38, 2),
(39, 1),
(39, 2),
(40, 1),
(40, 2);

-- --------------------------------------------------------

--
-- Estructura de tabla para la tabla `role_user_old`
--

CREATE TABLE `role_user_old` (
  `user_id` bigint(20) UNSIGNED NOT NULL,
  `role_id` int(10) UNSIGNED NOT NULL
) ENGINE=InnoDB DEFAULT CHARSET=utf8mb4 COLLATE=utf8mb4_unicode_ci;

--
-- Volcado de datos para la tabla `role_user_old`
--

INSERT INTO `role_user_old` (`user_id`, `role_id`) VALUES
(1, 1),
(2, 1),
(53, 2),
(54, 2),
(64, 5),
(65, 5),
(66, 5),
(69, 5),
(79, 5),
(80, 5),
(81, 5),
(82, 5),
(83, 5),
(84, 5),
(85, 5),
(86, 5),
(87, 5),
(88, 5),
(89, 5),
(90, 5),
(91, 5),
(92, 5),
(93, 5),
(94, 5),
(95, 5),
(96, 5),
(97, 5),
(98, 5),
(99, 5),
(100, 5),
(101, 5),
(102, 5),
(103, 5),
(104, 5),
(105, 5),
(106, 5),
(107, 5),
(108, 5),
(109, 5),
(110, 5),
(111, 5),
(112, 5),
(113, 5),
(114, 5),
(115, 5),
(116, 5),
(117, 5),
(118, 5),
(119, 5),
(120, 5),
(121, 5),
(122, 5),
(123, 5),
(124, 5),
(125, 5),
(126, 5),
(127, 5),
(128, 5),
(129, 5),
(130, 5),
(131, 5),
(132, 5),
(133, 5),
(134, 5),
(135, 5),
(136, 5),
(137, 5),
(138, 5),
(139, 5),
(140, 5),
(141, 5),
(142, 5),
(143, 5),
(144, 5),
(145, 5),
(146, 5),
(147, 5),
(148, 5),
(149, 5),
(150, 5),
(151, 5),
(152, 5),
(153, 5),
(154, 3),
(155, 5),
(156, 5),
(157, 5),
(158, 5),
(159, 5),
(160, 5),
(161, 5),
(162, 5),
(163, 5),
(164, 5),
(165, 5),
(166, 5),
(167, 5),
(168, 5),
(169, 5),
(170, 5),
(171, 5),
(172, 5),
(173, 5),
(174, 5),
(175, 5),
(176, 5),
(177, 5),
(178, 5),
(179, 5),
(180, 5),
(181, 5),
(182, 5),
(183, 3),
(184, 5),
(185, 5),
(186, 5),
(187, 5),
(188, 5),
(189, 5),
(190, 5),
(191, 5),
(192, 5),
(193, 5),
(194, 5),
(195, 5),
(196, 5),
(197, 5),
(198, 5),
(199, 5),
(200, 5),
(201, 5),
(202, 5),
(203, 5),
(204, 5),
(205, 5),
(206, 5),
(207, 5),
(208, 5),
(209, 5),
(210, 5),
(211, 5),
(212, 5),
(213, 5),
(214, 5),
(215, 5),
(216, 5),
(217, 5),
(218, 5),
(219, 5),
(220, 5),
(221, 5),
(222, 5),
(223, 5),
(224, 5),
(225, 5),
(226, 5),
(227, 5),
(228, 5),
(229, 5),
(230, 5),
(231, 5),
(232, 5),
(233, 5),
(234, 5),
(235, 5),
(236, 5),
(237, 5),
(238, 5),
(239, 5),
(240, 5),
(241, 5),
(242, 5),
(243, 5),
(244, 5),
(245, 5),
(246, 5),
(247, 5),
(248, 5),
(249, 5),
(250, 5),
(251, 5),
(252, 5),
(253, 5),
(254, 5),
(255, 5),
(256, 5),
(257, 5),
(258, 5),
(259, 5),
(260, 5),
(261, 5),
(262, 5),
(263, 5),
(264, 5),
(265, 5),
(266, 5),
(267, 5),
(268, 5),
(269, 5),
(270, 5),
(271, 5),
(272, 5),
(273, 5),
(274, 5),
(275, 5),
(276, 5),
(277, 5),
(278, 5),
(279, 5),
(280, 5),
(281, 5),
(282, 5),
(283, 5),
(284, 5),
(285, 5),
(286, 5),
(287, 2),
(288, 5),
(289, 5),
(290, 5),
(291, 5),
(292, 5),
(293, 5),
(294, 5);

-- --------------------------------------------------------

--
-- Estructura de tabla para la tabla `users`
--

CREATE TABLE `users` (
  `id` bigint(20) UNSIGNED NOT NULL,
  `name` varchar(255) NOT NULL,
  `identification_number` varchar(255) DEFAULT NULL,
  `phone_number` varchar(255) DEFAULT NULL,
  `status` tinyint(1) NOT NULL DEFAULT 1,
  `email` varchar(255) NOT NULL,
  `image` varchar(255) DEFAULT NULL,
  `address` varchar(255) DEFAULT NULL,
  `town` varchar(100) DEFAULT NULL,
  `email_verified_at` timestamp NULL DEFAULT NULL,
  `password` varchar(255) NOT NULL,
  `type_identification_id` bigint(20) UNSIGNED NOT NULL,
  `type_status_id` int(12) UNSIGNED NOT NULL,
  `remember_token` varchar(100) DEFAULT NULL,
  `created_at` timestamp NULL DEFAULT NULL,
  `updated_at` timestamp NULL DEFAULT NULL
) ENGINE=InnoDB DEFAULT CHARSET=utf8mb4 COLLATE=utf8mb4_unicode_ci;

--
-- Volcado de datos para la tabla `users`
--

INSERT INTO `users` (`id`, `name`, `identification_number`, `phone_number`, `status`, `email`, `image`, `address`, `town`, `email_verified_at`, `password`, `type_identification_id`, `type_status_id`, `remember_token`, `created_at`, `updated_at`) VALUES
(1, 'Luis Carlos', '0001', '333333', 1, 'luiscarcm@gmail.com', 'app/profile_files/1618927177_ffd991d38a4ef73d51774a8e2246fcae.jpeg', 'Villa aurora', NULL, NULL, '$2y$10$4NHXE.Hij2hXEQ0ccuIyFu96eoPelngkUjS9AFw4Jp5z4pWj4a9PW', 6, 16, '$2y$10$59FfvsUgXIQeRuj97RDlKeBNibTOBYKcwiQodxKpeXza5gXDUTNI2', '2020-04-03 05:12:27', '2023-04-11 16:48:13'),
(2, 'Dario Favier Nárvaez', '0002', '310603806', 1, 'darioj99@gmail.com', 'app/profile_files/1597275588_5b6d2f594e13b32a0508a9f940a66ba4.png', 'Obonucs', NULL, NULL, '$2y$10$H/8PIWTVrdSCzDhEXUDdEe3z0dcWwC0ZcvPqbaITcGNJW1DLhszvm', 6, 16, '$2y$10$wjc9KYm0h1hx9Upx4stMJerp8YKTct.2Ly05PdVrtMsldVc5tny', '2020-04-03 05:12:27', '2024-02-21 21:24:17'),
(53, 'Maria Jose Bermudez Bernal', '1233193136', '3107321638', 1, 'majo2ber@gmail.com', 'dist/img/user-default-min.jpg', NULL, NULL, NULL, '$2y$10$LmH6qeZbguYMiFZh2Xex7O3vxRQAlomI3B2KMnQgbA2UmwaIb8PHS', 6, 16, '', '2020-11-12 22:00:08', '2023-06-20 16:01:26'),
(54, 'Juliana Parreno', '1085319539', '3207707020', 1, 'julianapv95@gmail.com', 'dist/img/user-default-min.jpg', NULL, NULL, NULL, '$2y$10$6g0N/jmeLd/1JK2t0yGrQ.X/78zmef46y.rF2X6Tm261r8OEDr4.m', 6, 16, '$2y$10$icknq7igwY1CDMI1fYzEuedTt10goBf.Jew0kuE.f1Bqf3.wnEdi', '2020-11-12 22:01:58', '2022-02-15 15:12:42'),
(64, 'Martha del Socorro Ortiz Realpe', '27403100', '3152210715', 1, 'ortizmartha8819@gmail.com', 'dist/img/user-default-min.jpg', NULL, 'Ricaurte', NULL, '$2y$10$vjcab8sjTGZdvmZm/hQ9MOPcNt..IxPu0318z2CfA0jhzVXa6coJ2', 6, 141, '', '2020-12-10 16:05:06', '2022-10-24 15:06:36'),
(65, 'Carol Estefania Ponce Hernandez', '1085946682', '3175969505', 1, 'carole.ponceh@uqvirtual.edu.co', 'dist/img/user-default-min.jpg', 'Mistares 1 etapa casa 80 Ipiales, Nariño', NULL, NULL, '$2y$10$CW0NRfyK087ZnltaRLVhRufW7Kh8cf6fsjBlEbKSqTe7ILoY3MYQm', 6, 141, '$2y$10$B6SAqrgCNolNdoWeGo6fy.ZQR3uGIQDKBCwlIbdqxEam2EPfkr99S', '2021-01-12 22:02:54', '2021-03-02 17:26:42'),
(66, 'Phenix (James Yesid Solis Hurtado)', '1087197927', '3206525811', 1, 'raymondwinds@gmail.com', 'app/profile_files/1611013404_00c7742d1887d30e9771a50580c644a4.jpeg', 'cr 14 E#1468 BARRIO EL ROSARIO', NULL, NULL, '$2y$10$NsmYO1Qt09RBuAsA/j4kTuqzRPQyP0GMD5fHgfWFf7LcIyelvKQZi', 6, 141, '$2y$10$pUrvPYZw2GAKsQ1pnNwsYOin.aERy3EqJjLRnAP3O.3737YHTVwi', '2021-01-18 23:10:39', '2021-03-02 17:26:39'),
(69, 'Miguel Bolaños', '98339007', '3154008780', 1, 'miguelbola426@gmail.com', 'dist/img/user-default-min.jpg', 'cra2#23-43 carlos lleras la union nariño', NULL, NULL, '$2y$10$VvHRIfTtDBX.ZJWsgdy48uc2oJniZ2ZrOFh.0u1gYmNF2LDSae5gW', 6, 141, '$2y$10$siYidErjzeSkzD8ri03kHOWoTC.YwIlEMAYyK60jmZoOL0pi0RUCS', '2021-02-01 23:14:34', '2021-03-02 17:26:35'),
(79, 'Anyela Constanza Gomez Morales', '1085272213', '3206654472', 1, 'acgomezmo@gmail.com', 'dist/img/user-default-min.jpg', 'Villa Moreno', 'Pasto', NULL, '$2y$10$LOE4GRRB3lKZbjBUOCcfOeBOkdnwc1H/iQv.WTwgYSC.E6xWQGL6y', 6, 141, '$2y$10$1TIZAWKYLgomBAC2jTUQK.8mgbT9uUCrTGnPeGJlX798S6hGguZfi', '2021-03-11 21:28:46', '2021-03-11 22:23:22'),
(80, 'Silvia Barrera', '27549655', NULL, 1, 'barrerasilvia385@gmail.com', 'dist/img/user-default-min.jpg', NULL, NULL, NULL, '$2y$10$HMGQA5b7Oq9a4uIe74RIduWWQ9qFDaPHYUVyIJge5cyBBMEdDCmsW', 6, 141, '', '2021-03-13 16:46:04', '2021-03-13 16:49:00'),
(81, 'Marcela Jojoa', '1010079363', '3125089974', 1, 'marcejojoa754@gmail.com', 'app/profile_files/1616000900_ddf76db2fd074d924c5c05099f2a50a1.jpeg', 'Urb/el manzano Mz3 casa 159', 'Yacuanquer', NULL, '$2y$10$MK4/Bb8NFBtweNHZX23wDe1JMip0MXzMKIJDBjBETgGd6d6QpsI2C', 6, 141, '$2y$10$nKRopR7KA9FXqg2JktWCnuuJXoLDhJ9Ude..Eo.bQb.GhMBdOV6W6', '2021-03-13 16:51:46', '2021-03-17 17:08:24'),
(82, 'NIDIA QUENGUAN', '100467677932', NULL, 1, 'NIDIAQUENGUAN26@GMAIL.COM', 'dist/img/user-default-min.jpg', NULL, NULL, NULL, '$2y$10$ML2ulJpKhl7IcokhaJl43OkuNB9tDPsKvgmhDKYSqnSBbnjDYDJzW', 6, 141, '', '2021-03-13 17:15:47', '2021-10-19 15:48:50'),
(83, 'Tania Margarita Pascuaza Barrera', '1087960829', NULL, 1, 'taniab19.09@gmail.com', 'dist/img/user-default-min.jpg', NULL, NULL, NULL, '$2y$10$N09TvDJfXKpruN.d3iRFauiJYrDJSXsFhDIWN22wA.kD9czqdljLS', 6, 141, '', '2021-03-13 17:26:02', '2021-03-13 17:27:57'),
(84, 'Piedad Socorro Benavides Jojoa', '27547744', NULL, 1, 'piedadbenavides1@gmail.com', 'dist/img/user-default-min.jpg', NULL, NULL, NULL, '$2y$10$EVzDmb6VtDiIg4mZ4/5O.e//B.3I63lfdb.yMPnE8dGWEmAEL.A5u', 6, 141, '', '2021-03-13 17:30:49', '2021-03-13 17:33:51'),
(85, 'Claudia Omaira Ponce Villota', '27549490', NULL, 1, 'claudiaomairaponcevillota@gmail.com', 'dist/img/user-default-min.jpg', NULL, 'Yacuanquer', NULL, '$2y$10$k2vhPI21K3TKjShi8XZLGuKeMAcHuIhBmTOmvjlddDpHNmHU.RgrO', 6, 141, '', '2021-03-13 17:46:00', '2021-07-22 17:36:27'),
(86, 'Melva Lorena Córdoba Ramos', '37084569', NULL, 1, 'cordobaramosmelvalorena@gmail.com', 'dist/img/user-default-min.jpg', NULL, 'Yacuanquer', NULL, '$2y$10$1ZjezUvKmBpEL5hG1NFKwOltByP/5XnSJ.l.v8Tdbuz2fToWAQkWS', 6, 141, '', '2021-03-13 18:04:38', '2021-10-19 15:36:28'),
(87, 'nayive anarceli insuasty', '27549726', NULL, 1, 'nayiveinsuasty3@gmail.com', 'dist/img/user-default-min.jpg', NULL, 'Yacuanquer', NULL, '$2y$10$HOU/XzeBES85Cta3zW1gVuwb8SgUx9XaVS6ETEpNYJADxQsxH1jiG', 6, 141, '', '2021-03-13 19:10:17', '2021-10-19 15:45:29'),
(88, 'Ilia De Jesus Obando Barbosa', '27548589', NULL, 1, 'iliadejesusobando@gmail.com', 'dist/img/user-default-min.jpg', NULL, NULL, NULL, '$2y$10$Ecu4pP0ISuTsfgYTdOKaYeLUoqJHY8se6OFxNPqzCHpZ4r4KG9.gS', 6, 141, '', '2021-03-13 19:32:06', '2021-03-13 19:46:21'),
(89, 'Nuvia Claudia Mora Chapal', '36950465', NULL, 1, 'nuviaclaudiam@gmail.com', 'dist/img/user-default-min.jpg', NULL, 'Yacuanquer', NULL, '$2y$10$Z8YcINHwGfYzZRisjN9kweoHPNl80oX6hiaVsB8qt4GAhwkxq4wfa', 6, 141, '', '2021-03-13 19:50:40', '2021-10-19 15:46:29'),
(90, 'Zandra Rocio Mora', '27081669', NULL, 1, 'zandra.morach@gmail.com', 'dist/img/user-default-min.jpg', NULL, NULL, NULL, '$2y$10$EAtkwuXq4PByVXpa38uWp.KWdncdA6BNctAtnts1/Hsccrz02kiI2', 6, 141, '', '2021-03-13 20:07:54', '2021-10-19 15:44:40'),
(91, 'Aura Nancy Insuasti Lopez', '27548370', '311778804', 1, 'auranancyinsuasti@gmail.com', 'dist/img/user-default-min.jpg', NULL, 'Yacuanquer', NULL, '$2y$10$o6kD7IBwhFDLAbIsy7M7nu.agycF9yGqH5mf9waDO.n./zAKiQPSK', 6, 141, '', '2021-03-13 20:08:33', '2021-10-19 15:41:09'),
(92, 'umelia amparo rosero guerrero', '27548705', NULL, 1, 'roseroamparo049@gmail.com', 'dist/img/user-default-min.jpg', NULL, 'Yacuanquer', NULL, '$2y$10$72UZJFPtsaqDYHHR9Odf8eXpcFCANJyuZiUumN0ChpQBFHiHBp6/S', 6, 141, '', '2021-03-13 20:26:59', '2021-10-19 15:39:36'),
(93, 'María Elizabeth Florez', '36754076', NULL, 1, 'elizabethflorez1974@gmail.com', 'dist/img/user-default-min.jpg', NULL, 'Yacuanquer', NULL, '$2y$10$vsDmJdP8zh77Vf39ofpEau3MOIRSGmviDF3JVXZkhmB8f0ze6EC6K', 6, 141, '', '2021-03-13 20:30:51', '2021-07-22 17:41:46'),
(94, 'María Transito del Rosario Gómez Insuasty', '27548697', NULL, 1, 'mariagomezinsuasty@gmail.com', 'dist/img/user-default-min.jpg', NULL, 'Yacuanquer', NULL, '$2y$10$IY4HLYS9j17vPqTfH1t0HeSad1KqeMcmSAUcszEbH8lcAp2JOwdou', 6, 141, '', '2021-03-13 20:32:25', '2021-07-22 17:42:33'),
(95, 'Bety Leonor Insuasty Portillo', '27548777', NULL, 1, 'betyleonorinsuasty@gmail.com', 'dist/img/user-default-min.jpg', NULL, 'Yacuanquer', NULL, '$2y$10$MVdtCrTFVIti4zm2hGhkguNQgFPIAbBWB3u4AumYTnBNA3htIY5Wq', 6, 141, '', '2021-03-13 20:46:57', '2021-07-22 17:43:16'),
(96, 'maria alejandra moncayo cuayal', '1077092353', NULL, 1, 'mariaalejandramoncayo@gmail.com', 'dist/img/user-default-min.jpg', NULL, 'Yacuanquer', NULL, '$2y$10$.HCiUfcWRiAnfy3CPa01Wu32YWlokvEuvX.PvVQaIWBtJmd13jom.', 6, 141, '', '2021-03-13 20:48:16', '2021-07-22 17:50:18'),
(97, 'Odila Graciela Villota Moreno', '27548530', NULL, 1, 'odilagraciela@gmail.com', 'dist/img/user-default-min.jpg', NULL, 'Yacuanquer', NULL, '$2y$10$H4Ycby0GWC/Jhc8Yo9L/NOS73Cl1E0O5bHRNDXfReV/jdPXkqyUxe', 6, 141, '', '2021-03-13 21:02:08', '2021-07-22 17:50:51'),
(98, 'Angela Mercedes Pastaz Escobar', '1007292664', '1007292664', 1, 'apastaze@gmail.com', 'dist/img/user-default-min.jpg', NULL, NULL, NULL, '$2y$10$Kg8Qkk/iJv8FevY.Fg.l3.PuxsWkjQbYzTtqj0nqxDgdFVH8zfaom', 6, 141, '', '2021-03-18 15:55:24', '2021-03-18 15:58:03'),
(99, 'Diana Patricia Puenguenan Taimal', '1088597876', '3103914869', 1, 'tapdiana97@gmail.com', 'dist/img/user-default-min.jpg', NULL, NULL, NULL, '$2y$10$SHqDpBogtaACjlffP0eywOFfzBhmXi.a.d6ema9CzwyORM5PiOdwy', 6, 141, '', '2021-03-18 16:03:50', '2021-03-18 16:18:36'),
(100, 'Leidy Yesenia Guancha Fuelantala', '1088591426', '3136524598', 1, 'leidyesenia@hotmail.com', 'dist/img/user-default-min.jpg', NULL, NULL, NULL, '$2y$10$uvBqzPvicGA94dRL436ijulL/HS50mWLXYeYoLbK6Z46/Cs.XfMZW', 6, 141, '', '2021-03-18 16:28:42', '2021-03-18 16:31:43'),
(101, 'Lidia Isabel Cumbal Cuesta', '59585895', '3122550391', 1, '304isabel@gmail.com', 'dist/img/user-default-min.jpg', NULL, NULL, NULL, '$2y$10$jzJ27Oh1IHiuaa0c3VSLqeEQZX3PmHjeZ5F3VSHH5Zm9Gw.S9t8lK', 6, 141, '', '2021-03-18 16:59:13', '2021-10-12 16:15:17'),
(102, 'zoila flor valenzuela cuaical', '27177542', '3233917907', 1, 'zoilaflorvalenzue@gmail.com', 'dist/img/user-default-min.jpg', 'vereda cuetial sector san jose', 'cumbal', NULL, '$2y$10$JMw5EE4.peTid7ua2s1yKedaKx53Iw9sA94gnR2.qUUJ/LD4uprAa', 6, 141, '', '2021-03-18 17:24:26', '2021-10-12 16:09:14'),
(103, 'Arelly Alexandra Puenayan Taques', '1088592685', '3122717886', 1, 'alexandra9118@live.com.ar', 'dist/img/user-default-min.jpg', NULL, NULL, NULL, '$2y$10$p6wVZ/WFGS.CRRbddwo7tOD6OHwfikXACBqlls/2BDo7Pda6Q1.vW', 6, 141, '', '2021-03-18 17:35:49', '2021-10-12 16:12:30'),
(104, 'María Helena Rosero Estrada', '27173970', '3158487228', 1, 'mariaelenaroseroestrada@gmail.com', 'dist/img/user-default-min.jpg', 'Carrera 11 número 20-24 barrio Bolívar', 'Cumbal', NULL, '$2y$10$nhfXBujkrLPL5XSFNcQvGe8Of9MYLiqNZEr7TwNPs5uv0XpyrNSIG', 6, 141, '', '2021-03-18 17:46:06', '2021-10-12 14:06:24'),
(105, 'Rosa Prado', '59585558', '3153902008', 1, 'rosaprado123@gmail.com', 'dist/img/user-default-min.jpg', NULL, NULL, NULL, '$2y$10$xmLVpJSYwmzGyyC947x/ve4Sf2QYX5ejMHa7ya.S/EbTupGN3Cwr6', 6, 141, '', '2021-03-18 17:59:34', '2021-03-18 18:02:44'),
(106, 'María Fernanda Cuspud Játiva', '1088588069', '3226809637', 1, 'mariafernandacuaspudjativac@gmail.com', 'dist/img/user-default-min.jpg', NULL, NULL, NULL, '$2y$10$.x9nScMn0amCIoOnPuGR9.IbgpOcJXct4PiHxRVX0jyfULjXMkfKS', 6, 141, '', '2021-03-18 18:04:11', '2021-03-18 18:06:29'),
(107, 'Betty Mary Insuasty Agreda', '27549344', '3162756603', 1, 'sebasinsuasty59@gmail.com', 'dist/img/user-default-min.jpg', NULL, NULL, NULL, '$2y$10$FodGQaLeMdsd3HyEcCayput5nz0tdR3APBKClccmYL3NyTMZhehTG', 6, 16, '', '2021-03-18 19:17:17', '2021-03-18 19:17:22'),
(108, 'Luzgarda Elisaberh Jativa', '59178848', '3136543784', 1, 'lissjativa.77@gmail.com', 'dist/img/user-default-min.jpg', 'Chiles vereda la Calera', 'CUMBAL', NULL, '$2y$10$nHmKB.0GG/UA1v2F2obdcu5zA1DFpIqqs0oFYs8iRqdQYj.PusWQi', 6, 141, '', '2021-03-18 19:22:34', '2021-03-18 19:27:11'),
(109, 'Mayra Carmenza Malte Perez', '27250001', '3136691442', 1, 'mayracarmenza@gmail.com', 'dist/img/user-default-min.jpg', 'Chiles, Cristorey', 'Cumbal', NULL, '$2y$10$3LDetRgesaCTTSORxitefeakCV03mU2no8KYF0buIRoR1jcRlKiHe', 6, 141, '', '2021-03-18 19:31:09', '2021-10-12 16:18:17'),
(110, 'Maria Victoria Bolaños Juaspuezan', '59585742', '3127764147', 1, 'mariavictoriabolanos@gmail.com', 'dist/img/user-default-min.jpg', 'Resguardo de Panan, verda puscuelan', 'CUMBAL', NULL, '$2y$10$SkewdfGWucUFoveJjaBL9.5RlIy7thX/bEaMzuhtZtN23mEhanzOa', 6, 141, '', '2021-03-18 19:42:03', '2021-03-18 19:48:27'),
(111, 'Maria Rubiela Puerres Chalparizan', '27175507', '3182027473', 1, 'mariarubiela2007@gmail.com', 'dist/img/user-default-min.jpg', 'Vereda Cuaspud, sector cuaspud chiquito', 'CUMBAL', NULL, '$2y$10$KOTUlIFHEVGCO3JGgfBI4uUXA4XRrM./Sgk2as0TVbpGqZtBz3DUq', 6, 141, '', '2021-03-18 19:56:24', '2021-10-12 14:56:09'),
(112, 'Leidy Jimena Tarapuez Muñoz', '1088590249', '3217876851', 1, 'jimenita1305@hotmail.com', 'dist/img/user-default-min.jpg', 'resguardo indígena de panan', 'CUMBAL', NULL, '$2y$10$l4NvNCaM/fFXvdP5Gh44qeGlVIPVrQ.OX5n2Rp6tW9GzaM7/hMxJy', 6, 141, '', '2021-03-18 20:28:33', '2021-03-18 20:34:16'),
(113, 'Maria Elena Puenayan Cuesta', '36770192', '3225820750', 1, 'mariaelenapuenayan@gmail.com', 'dist/img/user-default-min.jpg', 'Resguardo indígena de Panam', 'Cumbal', NULL, '$2y$10$rw/1LqSOQvuNbASk0JKEre3CjqbXNBpTXSGmzaRxwZTFgPmFlVvjW', 6, 141, '', '2021-03-18 20:40:12', '2021-03-18 20:44:40'),
(114, 'Nancy Lucia Piarpuezan', '59586389', '32258207503117974346', 1, 'nancypiarpuezan@hotmail.com', 'dist/img/user-default-min.jpg', 'Resguardo Indígena de Panam, vereda placer bajo', 'CUMBAL', NULL, '$2y$10$FTgl6rkBCIJ8C6zNPBO7RO5L.aaBMkbt1Quet1UP9Qx/2QIm8kVAS', 6, 141, '', '2021-03-18 20:49:23', '2021-10-12 16:16:30'),
(115, 'Gloria Patricia Alpala', '59178711', '3122184231', 1, 'gloriaalpala1978@gmail.com', 'dist/img/user-default-min.jpg', NULL, 'CUMBAL', NULL, '$2y$10$QAB4QcnmXj6OSZ7IOTYscuTuPO8Sc09YbOhGiKr547ktVLCbp.EzG', 6, 141, '', '2021-03-18 21:11:35', '2021-11-04 17:03:32'),
(116, 'Luz Yolanda Muñoz Ortega', '27282069', '3122428666', 1, 'luzyolandamunoz@sanpablo.com', 'dist/img/user-default-min.jpg', 'Centro San Pablo', 'San Pablo', NULL, '$2y$10$4Lw33eHoV3q6GVY9ni37LunX7Eue3EqDhvNVdWO.35x7aq/lA7USe', 6, 141, '', '2021-03-19 17:30:19', '2021-03-19 17:37:25'),
(117, 'Yenifer Yuliet Realpe Bravo', '37060271', '3164034757', 1, 'jhennjhu@hotmail.com', 'dist/img/user-default-min.jpg', 'Cra 4 # 3 - 57', 'San Pablo', NULL, '$2y$10$IhDsbWEAHzjc/1.4zJhGx.by8Kfxvv4yOme3BNwsHItJ8oOxkP.dG', 6, 141, '$2y$10$S6whXiW5YT4Yl9aHRoKbVerbw4EloZWdstUCj8Scd4E0BzU1051vC', '2021-03-19 18:13:59', '2021-10-13 15:50:15'),
(118, 'Marly Rocio Muñoz Diaz', '27451213', '3185493606', 1, 'marlyrociomunoz@gmail.com', 'dist/img/user-default-min.jpg', 'Vereda los Robles, finca los geranios', 'San Pablo', NULL, '$2y$10$786bjC.5CFpyCZbF5ox1Qe5N/fPZw1pjTvPUFk/E1be1b/o7ekEEe', 6, 141, '$2y$10$ptyptFSPRJVanGfoVoxUP.IZz7Bz81wTjjDd27fWRMsbl2oO1Ztli', '2021-03-19 19:41:25', '2021-03-19 20:21:57'),
(119, 'viky johana fuentes ortiz', '1130643551', '3206457277', 1, 'vikyjo1989@gmail.com', 'dist/img/user-default-min.jpg', NULL, 'San Pablo Nariño', NULL, '$2y$10$E2OwGNkceuS71CManTFtB.HrQ92kYePFvKAJUzWjfvYmR9lcN1d0m', 6, 141, '', '2021-03-19 20:12:09', '2022-04-06 15:47:10'),
(120, 'Maribel Solarte Castillo', '1089480345', '3114141957', 1, 'solartem38@gmail.com', 'dist/img/user-default-min.jpg', NULL, 'La Unión', NULL, '$2y$10$ViPW/QTq2igkJKKtfSo3e.uJJo9dB.6Sli7BJLSP.Hf1weo6d.bG2', 6, 141, '', '2021-03-26 17:00:17', '2021-08-23 19:45:44'),
(121, 'NATALY ALEXANDRA SOLARTE MENESES', '1089478141', '3233457491', 1, 'natalymeneses2802@gmail.com', 'dist/img/user-default-min.jpg', 'vereda Villa Maria', 'LA UNIÓN', NULL, '$2y$10$/axt4FIX8qGECwEjrNd.meUpRmPjh2QNmgJTbNLTSHjDnwLGM99O2', 6, 141, '', '2021-03-26 18:45:10', '2021-03-26 18:51:23'),
(122, 'MILARI YARICXA GUERRERO MENESES', '1088156824', '3122470115', 1, 'milariguerrero@gmail.com', 'dist/img/user-default-min.jpg', NULL, NULL, NULL, '$2y$10$dUbzjtARVwBqvIFEPPxKRuGZ0GX80p2dl2oWUUoMHWy6aJ.WZRa6m', 6, 141, '', '2021-03-26 19:18:35', '2021-03-26 19:22:12'),
(123, 'Liny Andrea Armero Cordoba', '1004472026', '3188529068', 1, 'andy.armero50@gmail.com', 'dist/img/user-default-min.jpg', NULL, NULL, NULL, '$2y$10$ytobOYyb1gECIkjFC.Uk6eVq6ZU4H182NbOnxN3Re6GH28G4I1SgK', 6, 141, '', '2021-03-26 19:28:45', '2021-03-26 19:33:37'),
(124, 'Martha Aurora Cordoba', '27115516', '3128991065', 1, 'marthaauroracordoba@gmail.com', 'dist/img/user-default-min.jpg', NULL, NULL, NULL, '$2y$10$oDn5gTGi33Sx39VviBZWT.NzLfmTMRM3z3coepz3Elcf8Xw.vhuhO', 6, 141, '', '2021-03-26 19:45:59', '2021-03-26 19:50:09'),
(125, 'Doraliz Erazo Delgado', '59705465', '3137479416', 1, 'doraliserazodelgado19@gmail.com', 'dist/img/user-default-min.jpg', NULL, NULL, NULL, '$2y$10$HAgQdt5e7soJWlf7Zj0fBu6IoQ6S4fLIxZ6LMIPfKJB279f.rnZCe', 6, 141, '', '2021-03-26 20:33:22', '2021-10-13 21:13:12'),
(126, 'Briyid Mayerli Diaz Chves', '1004439090', '3118160308', 1, 'mayediiaz.2016@gmail.com', 'dist/img/user-default-min.jpg', NULL, NULL, NULL, '$2y$10$s7pQkx91wUoM3DId90kvpuCcGWJ3R0cFXsac1nbL7cV2ridyQFVO2', 6, 141, '', '2021-03-27 16:00:08', '2021-10-16 21:18:22'),
(127, 'ELIDA URBANO ARMERO', '27144629', '3136453780', 1, '1978e.u.a@gmail.com', 'dist/img/user-default-min.jpg', 'las cochitas', 'buesaco', NULL, '$2y$10$r4Exi7BXORlEfyId9a3BBuE5xO1BhZenQ7.H2sPY4xfNTZ8a2V94e', 6, 141, '', '2021-03-27 16:12:40', '2021-03-27 16:20:25'),
(128, 'Maria Concepción Quiñonez Perez', '27123523', '3136223504', 1, 'conchis191@hotmail.com', 'dist/img/user-default-min.jpg', 'Vereda la esperanza, Corregimiento de Villa Moreno (En el momento se encuentra en Pasto)', 'Buesaco', NULL, '$2y$10$h.UMLJ0.yvJMnF38KFsFE.u.wzDk/2.PsAgr0gkxzyWc/MAFidM7K', 6, 141, '', '2021-03-27 17:16:02', '2021-03-27 17:23:55'),
(129, 'MAGALY JANETH PAZ LOPEZ', '1084226387', '3122957214', 1, 'magalipaz91@gmail.com', 'dist/img/user-default-min.jpg', 'MEDINA OREJUELA', 'BUESACO', NULL, '$2y$10$/hi0v0FJBeVitZdQ.VLIxerit9E5h1NPGpQN.RKFR8s/1xLMTOnm6', 6, 141, '', '2021-03-27 17:29:42', '2021-10-16 21:21:11'),
(130, 'Sandra Patricia Lopez', '1084220770', '3122336973', 1, 'sandraburbano212@gmail.com', 'dist/img/user-default-min.jpg', 'Bermejal', 'Buesacio', NULL, '$2y$10$yDhDd5Lni71TtFuFvxxfPO48ST2k0EOXeyOxFiefzft8vrxbDMOEW', 6, 141, '', '2021-03-27 17:40:24', '2021-03-27 17:43:27'),
(131, 'Omaira Victoria Herrera Ortega', '30736508', '3118562504', 1, 'omariavictoriaherrerao@gmail.com', 'dist/img/user-default-min.jpg', 'Predio Campo Verde, casa No. 5', 'Buesaco', NULL, '$2y$10$vMa5L27kv5Mu823XkzVtQe4yffgfM3o8moB1fqBIe9JSKUF.TsKDy', 6, 141, '', '2021-03-27 17:47:50', '2021-10-16 21:24:15'),
(132, 'Rosa Amparo Mainguez de Pantoja', '27533609', '3158495264', 1, 'rosamainguez@gmail.com', 'dist/img/user-default-min.jpg', 'San José de Guapitas', 'Buesaco', NULL, '$2y$10$o6eOx/.qMYUAfgluFKHCROTdaFmn2XUzEranbVz/RssXuYi3Hijaq', 6, 141, '', '2021-03-27 18:07:27', '2021-03-27 18:11:12'),
(133, 'Olga Mireya Casanova Cabrera', '59805395', '3146008828', 1, 'mirecasa2272@hotmail.com', 'dist/img/user-default-min.jpg', 'Vereda la Toldada', 'POLICARPA', NULL, '$2y$10$x/13eFxe7uDSmSo4m5nqUeAFfIiywMSgsKlhnwAQHHw3HaljLClU6', 6, 141, '', '2021-03-29 16:12:45', '2021-03-29 16:18:00'),
(134, 'Isabela Enríquez Casanova', 'T.I. 1087749083', '3216490452', 1, 'isabelaenriquez14@gmail.com', 'dist/img/user-default-min.jpg', 'POLICARPA', 'POLICARPA', NULL, '$2y$10$hFBIcbTqG3.XHB19hvuWyesppdWhW9RSw9zn83.8GcvQlK2D8Weeq', 6, 141, '', '2021-03-29 16:19:41', '2021-03-29 16:25:19'),
(135, 'Lidia Cabrera Gilon', '27082325', '3157237554', 1, 'cabreralidia188@hotmail.com', 'dist/img/user-default-min.jpg', 'Vereda la florida', 'POLICARPA', NULL, '$2y$10$dCZbnSyBR/3IYcIoALhgwuZKp/1AEa9.6U.6Lr3/I1Ydfpvi7AUJq', 6, 141, '', '2021-03-29 17:18:35', '2021-03-29 17:22:29'),
(136, 'DIANA LORENA RAMOS PORTILLO', '1004635747', '3187133158', 1, 'ramporanerol@hotmail.com', 'dist/img/user-default-min.jpg', 'CORREGIIENTO DE EL EJIDO', 'POLICARPA', NULL, '$2y$10$G17.Ft849yJMJrWrKgkB4u1XPNbjhlPhEnzHvcpJfn1sf4vByUISO', 6, 141, '', '2021-03-29 17:25:49', '2021-03-29 17:29:49'),
(137, 'GLADIS ONEYDA PORTILLO INSUASTY', '59805682', '3168559145', 1, 'gladis-oneida@hotmail.com', 'dist/img/user-default-min.jpg', 'CORREGIMIENTO DE EL EJIDO', 'POLICARPA', NULL, '$2y$10$yZ7rAhdBlM23Bu2qcBIncOMw5JYIZiMXW8JjHygU2UILpWvQBy6JS', 6, 141, '', '2021-03-29 17:30:50', '2021-03-29 17:35:10'),
(138, 'ADRIANA CHAVEZ GONZALEZ', '29106111', '3146082139', 1, 'pesabios2018@gmail.com', 'dist/img/user-default-min.jpg', 'Barrio la Urbanización', 'POLICARPA', NULL, '$2y$10$cEtq6kXfwVTut5lRsrQ/mu1/uHpTLGkKLSv/mxtb5PjSqwhMEpnIK', 6, 141, '', '2021-03-29 18:51:07', '2021-03-29 18:56:44'),
(139, 'Jakeline Benavidez Caicedo', '1087749460', '3203993988', 1, 'jakelinebenavidezcaicedo@gmail.com', 'dist/img/user-default-min.jpg', 'Barrio Miraflores', 'POLICARPA', NULL, '$2y$10$39ARxXRrhr4y5eZiqGm6COf28jPeiUG92l1g4AGToe2qGQ./QHXf.', 6, 141, '', '2021-03-29 19:00:26', '2021-10-26 16:20:21'),
(140, 'Ana Etelvina Cabrera Tarazona', '59806032', '3176231210', 1, 'anacabretara82@gmail.com', 'dist/img/user-default-min.jpg', NULL, NULL, NULL, '$2y$10$kILGjdiTdKNuPX0exALsbOiOMudawpjz/7MV3lym4Vb7DXgJ/yMSC', 6, 141, '', '2021-03-29 19:18:19', '2021-03-29 19:21:18'),
(141, 'Beatriz Obando Cordoba', '27186718', '3125245541', 1, 'betyobandoc@gmail.com', 'dist/img/user-default-min.jpg', 'Barrio San Francisco, ASOPOL (Asociación Policarpa en Acción)', 'Polcarpa', NULL, '$2y$10$3pYkV3g759cMLN4ySiqzoulSm6cC0VZBjKAC4uhz82w4RR5hlFj8u', 6, 141, '', '2021-03-29 19:40:37', '2021-10-26 16:22:10'),
(142, 'Maria Victoria Bonilla Ruano', '37122168', '3168202436', 1, 'victoriabonilla168@gmail.com', 'dist/img/user-default-min.jpg', 'Colina verde manzana K casa 12', 'Ipiales', NULL, '$2y$10$U9L1dNR0GikqpXALKBroReAL6.dkqpG3OwU614b8B7jGJsqGHCIwW', 6, 141, '', '2021-03-30 17:32:17', '2021-10-12 21:15:53'),
(143, 'Maria del Mar Rosero Calderòn', '1085902919', '3186139537', 1, 'purpura1410@hotmail.com', 'dist/img/user-default-min.jpg', NULL, NULL, NULL, '$2y$10$MzI03I35ho5dQPi85MFkFeW5fvLz/aaq24GWWl/YkGfhuS9bpxeYG', 6, 141, '', '2021-03-30 17:40:46', '2021-03-30 17:44:28'),
(144, 'maria andrea tobar naced', '27250222', '3174643434', 1, 'puntocreativosa9@outlook.es', 'dist/img/user-default-min.jpg', NULL, NULL, NULL, '$2y$10$7qzb/sHdZSoI7NqXtEYJ7O/nJqw91BqMKqS/1B6CqtIwM7ZRIYbGO', 6, 141, '', '2021-03-30 17:51:57', '2021-03-30 17:57:48'),
(145, 'Guadalupe del Carmen Benavides Benavides', '27254911', '3155366198', 1, 'wadalupe99@gmail.com', 'dist/img/user-default-min.jpg', 'Cra 5 norte No. 11 a 55', 'Ipiales', NULL, '$2y$10$Dm.kCzzw/WHLb9bJjXVXKeHM8SrFZanVu.ZeZ.5cv3r7XdRUhc7HK', 6, 141, '', '2021-03-30 20:02:45', '2021-03-30 20:07:41'),
(146, 'Gloria Amparo Lopez Pinchao', '37009986', '3155536617', 1, 'glopezpinchao@gmail.com', 'dist/img/user-default-min.jpg', 'cra. 4 N.2b-111 Barrio Sagrado Corazon de Jesus', 'Ipiales', NULL, '$2y$10$Tz4z22u5hGOOGHTN2UMpX.05xIogn5dmox8Oa4yoqtWd0eYxUuLdK', 6, 141, '', '2021-03-30 20:16:27', '2021-10-12 21:46:12'),
(147, 'YUSBLEIDY CASTILLO ORTIZ', '1088946768', '3164104155', 1, 'yusbleidycastillo@hotmail.com', 'dist/img/user-default-min.jpg', NULL, NULL, NULL, '$2y$10$Uae8CPCdqtqFpANTRogTye1mRamLT/VFuraaVOgM7c3DqdsPPBzcO', 6, 141, '', '2021-03-31 15:59:52', '2021-03-31 16:05:31'),
(148, 'NOGUI ESPERANZA MELO LEYTON', '27180936', '3165044177', 1, 'esperanzamelo77@gmail.com', 'dist/img/user-default-min.jpg', 'barrio los muros', 'EL ROSARIO', NULL, '$2y$10$sZPgOpZtzBEgmMxg274TJe3fPNmtx17B0TR29Ig7YtY3Bo/dt9nyy', 6, 141, '', '2021-03-31 16:18:38', '2021-03-31 16:28:23'),
(149, 'ADIELA BASTIDAS CORDOBA', '1088945561', '3122652209', 1, 'bastidasadiela@gmail.com', 'dist/img/user-default-min.jpg', 'corregimiento de Esmeraldas', 'ROSARIO', NULL, '$2y$10$KmiZOitPJo74GREtnsOjquIspsVf3URF/HQawP42y47V3O.fux0Ki', 6, 141, '', '2021-03-31 17:21:25', '2021-03-31 17:31:57'),
(150, 'ESDEYRI MONTILLA GONZALEZ', '1088946628', '3168035860', 1, 'esdeyrimontilla@gmail.com', 'dist/img/user-default-min.jpg', 'corregimiento de la sierra', 'el Rosario', NULL, '$2y$10$w1GzL3vv7dND7hibNswaNuVbzOENQ4Os1JrAtgyZ17ZwmIZ0B4cfa', 6, 141, '', '2021-03-31 19:31:20', '2021-03-31 19:37:53'),
(151, 'SURY DAYANA MONTILLA DIAZ', '1004709541', '3153570353', 1, 'hedinzon069@gmail.com', 'dist/img/user-default-min.jpg', 'vereda el suspiro', 'el rosario', NULL, '$2y$10$lGU925clMC4Oeg90xYKt.OfvH9drnJ91HrVOKFtDhRvUtWfRoYVoi', 6, 141, '', '2021-03-31 19:54:42', '2021-03-31 20:02:25'),
(152, 'MARIA CECILIA RODRIGUEZ LOPEZ', '27180963', '3117803641 3122879068', 1, 'ceciliaortegarl@gmail.com', 'dist/img/user-default-min.jpg', 'Vereda Mataredonda', 'El Rosario', NULL, '$2y$10$Z02M7OC5C/FPAN1jf4qAPeLPrnGT1xb6rux60hCk3YAlLwKWCC0de', 6, 141, '', '2021-03-31 20:15:59', '2021-03-31 20:22:00'),
(153, 'Elsy Seneida Erazo Narvaez', '1087750006', '3103479532', 1, 'elsy8352@gmail.com', 'dist/img/user-default-min.jpg', 'Vereda Valle de Cumbitara', 'El Eosario', NULL, '$2y$10$aeLTFLD1ZkIbXnFPPWtWbeR8Xelw1iG6VGG4vgBTMafVT3TI8rHKK', 6, 141, '', '2021-03-31 20:39:19', '2021-03-31 20:48:42'),
(154, 'Laura Valentina Velasco Rodriguez', '1085334503', '3163439809', 1, 'lvvr97@gmail.com', 'dist/img/user-default-min.jpg', NULL, NULL, NULL, '$2y$10$8dMc/7Mbk6My5WOC8HZpsuu4tXdh8oiCir207T38qiRuc8cDB7hmq', 6, 141, '$2y$10$kgIzY1itIKQ6oFnlgxNlI.hrQbRCzlSA2kOzdpRKQRoOo01IKxdq', '2021-04-06 20:16:09', '2021-12-17 02:37:27'),
(155, 'Lucia Mutis Gomez', '27444148', '3206212116', 1, 'mutisgomez.lucia@gmail.com', 'dist/img/user-default-min.jpg', 'El Carmen, San Lorenzo', 'San Lorenzo', NULL, '$2y$10$mdRM/is.Lq9CQoDdyKupx.gZL49gNl5m/RCu6QUYnCoVwOUzXYNAW', 6, 141, '', '2021-04-09 17:11:31', '2022-01-28 16:16:48'),
(156, 'Edith Fernandez Velasques', '27443450', '3136231156', 1, 'edithfernandezvasques@gmail.com', 'dist/img/user-default-min.jpg', 'Vereda la Cabaña, San Lorenzo', 'SAN LORENZO', NULL, '$2y$10$O2ra1He67quA0NtXN6rwjecECgBUd4JRihbvkjg1dTgvZ6wV0/wuW', 6, 141, '', '2021-04-09 17:54:12', '2021-04-09 17:58:25'),
(157, 'Nilsa Armero Gamboa', '27442760', '3113447901', 1, 'nilsarmerogamboa@gmail.com', 'dist/img/user-default-min.jpg', 'Vereda Armenia', 'San Lorenzo', NULL, '$2y$10$Wml.nOyngyZO2MOiP3b84.yeNexJdvbiEZlIFP/fJ4FCAEkf7fzTC', 6, 141, '', '2021-04-09 18:39:38', '2021-04-09 18:44:00'),
(158, 'Lidia Emilia Espada Acosta', '1086920369', '3233814818', 1, 'espadaacostalidiaemilia@gmail.com', 'dist/img/user-default-min.jpg', NULL, NULL, NULL, '$2y$10$ncV1V5nLsl8mIItKn.x0GebL7asGm0lDzthZCdIiSfqw9LWZkrUJ6', 6, 141, '', '2021-04-09 18:42:14', '2021-04-09 18:44:08'),
(159, 'Lucy Esperanza Bolaños', '59705859', '3108315487', 1, 'lucybolanos1977@gmail.com', 'dist/img/user-default-min.jpg', NULL, NULL, NULL, '$2y$10$cXHgFdyRtSXGsfVlMAwcy./5WN31.DBG27iaNcA0Yfb8mdCVdT3RK', 6, 141, '', '2021-04-09 18:48:06', '2021-04-09 18:50:12'),
(160, 'Maria de Amaris Florez Gomez', '27442175', '3207249846', 1, 'mariadeamarisflorez@gmail.com', 'dist/img/user-default-min.jpg', NULL, NULL, NULL, '$2y$10$rkxeGFPYHMqwLp1qh379QO8OMMrYbov/9rJYxHnB3tBBWS5iZPKpy', 6, 141, '', '2021-04-09 19:00:18', '2021-04-09 19:04:45'),
(161, 'LUZ MARINA GUERRERO', '30744940', '3175818518', 1, 'luzmarinaguerrerop@gmail.com', 'dist/img/user-default-min.jpg', 'Balcones de la Carolina, torre 3 apartamento 402', 'Pasto', NULL, '$2y$10$dPi9xLtlaF5O2XVpVFNhAu5sOh393F589iFfHya1dsaHDCFTcONJe', 6, 141, '', '2021-04-15 16:11:42', '2021-08-05 21:51:48'),
(162, 'Raquel Riascos Nichoy', '1085247415', '3156431102', 1, 'raquel.nichoy@gmail.com', 'dist/img/user-default-min.jpg', 'Crr 32 No. 16-41 Maridiaz', 'Pasto', NULL, '$2y$10$598qY13iDJ31idvFDBm6tOGYMgr7QeaDob.gYvpQB01GmXlQcbfTS', 6, 141, '', '2021-04-15 16:23:55', '2021-04-15 16:32:23'),
(163, 'Sofia Santacruz Zambrano', '1085256142', '3223460989', 1, 'sofisanchi@gmail.com', 'dist/img/user-default-min.jpg', 'cra 41 No 220-44 Edificio Rosal del Monte', 'Pasto', NULL, '$2y$10$jKQJp9pLBzh0rx/cSCZvQ.meNc7C1RJVPS6Sw/GsfsrHUTIcs5CvK', 6, 141, '', '2021-04-15 16:34:46', '2021-04-15 18:51:34'),
(164, 'Carmen Ilia Guaquez', '27474676', '3138133074', 1, 'beliza15@hotmail.com', 'dist/img/user-default-min.jpg', 'Mz 1 casa 5 las Brisas', 'Pasto', NULL, '$2y$10$l5QSObZAVCeCqeN9q4rtReIZ2FCUmOTpTb99vz/mDKss0Ndhq2rIu', 6, 141, '', '2021-04-15 16:49:30', '2021-04-15 17:14:49'),
(165, 'laura vallejo', '36752398', '3163582850', 1, 'lauravallejo77@hotmail.com', 'dist/img/user-default-min.jpg', 'sector sanfrancisco corregimiemto de obonuco', 'pasto', NULL, '$2y$10$zdWkLeb3lzcp7/tN7avIKuSiX/4hZpp6na6qzyOZNX6g/MzDY/9oy', 6, 141, '', '2021-04-15 19:08:13', '2021-04-15 19:26:07'),
(166, 'Rocio De Fatima Granja Moncayo', '30736108', '3147858012', 1, 'asociacionadiv@gmail.com', 'dist/img/user-default-min.jpg', 'Crra 22 D No. 9 - 15 Barrio Obrero', 'Pasto', NULL, '$2y$10$eEjhXObx9D1AtVS4biBWwe4p1phvO9hkI8LKD5WcLL1YO1M3VO1KC', 6, 141, '', '2021-04-15 19:33:15', '2021-04-15 19:39:49'),
(167, 'Giovanna Patricia Criollo Delgado', '59314940', '3113784812', 1, 'quillagc@gmail.com', 'dist/img/user-default-min.jpg', 'Calle 24 # 1E - 90 Barrio La Carolina', 'San Juan  de Pasto', NULL, '$2y$10$EurEHmiwGFBJo6URUylGxuGDaeUU6vdwkK6yZZb/Oi.xsYOipGZ/6', 6, 141, '', '2021-04-15 19:43:45', '2021-04-15 19:53:57'),
(168, 'maritza alarcon mina', '34614745', '3166450342', 1, 'asociacionamudh@gmail.com', 'dist/img/user-default-min.jpg', 'Manzana g1 casa 10 nueva aranda', 'Pasto', NULL, '$2y$10$Remw1twWumtqUsPmQifthu3QcvbW.JMoYuSICfw3ISD206meAliTO', 6, 141, '', '2021-04-15 20:03:12', '2021-04-15 20:06:55'),
(169, 'carmenza santacruz', '59816205', '3137419724', 1, 'lisbethhh123@gmail.com', 'dist/img/user-default-min.jpg', 'balcones de carolina torre 2 apartamento  302', 'pasto', NULL, '$2y$10$zpSVpnB8.IoOYL.WGsgb5eRAL7XO5azf4CwlOEdcFSiXbje1XYIgu', 6, 141, '', '2021-04-15 20:11:00', '2021-04-15 20:16:17'),
(170, 'Yinna Camila Galeano Palacios', '1085334542', '3158559306', 1, 'yinnagaleano@gmail.com', 'dist/img/user-default-min.jpg', 'Manzana B casa 3 Barrio Quito lopez 1', 'Pasto', NULL, '$2y$10$r14dUY6Vnf/BBhO2GZZLuuCl4r.gS1ax5Y/EgT3WG2BJDZadu6RXS', 6, 141, '$2y$10$TZ2DiuzQApsiWhS4GolNuuCdkw0SchX5VDXl6v2hphD6QrgeWAwhW', '2021-04-15 21:28:06', '2021-10-11 23:39:16'),
(171, 'Maria Camila Rojas Alarcon', '1085336176', '3014628738', 1, 'camilarojasa8@gmail.com', 'dist/img/user-default-min.jpg', 'Manzana F casa 16 Barrio Miraflores', 'Pasto', NULL, '$2y$10$V8Cxem8jEkLapqk8tZ51cO8A/JMYRLc8.lpBOudirpkzUplcZnBQO', 6, 141, '', '2021-04-15 21:28:24', '2021-10-19 22:03:21'),
(172, 'Nathaly Hernandez Botina', '1085280968', '3012739995', 1, 'natherbot@gmail.com', 'dist/img/user-default-min.jpg', 'Mz B C 27 Villa Campestre', 'Pasto', NULL, '$2y$10$.pMRMlAldbyVhmHegQv9rekrVcXlTcjCQ2NWv9/0t29CclwnGU2G.', 6, 141, '', '2021-04-15 21:35:42', '2021-04-15 21:43:51'),
(173, 'XIMENA ALEJANDRA RODRIGUEZ CORDOBA', '1085264344', '3014264640', 1, 'ximenita.83@hotmail.com', 'dist/img/user-default-min.jpg', 'Manzana 14 casa 9 Barrio Esmeralda', 'Pasto', NULL, '$2y$10$V4mxoGzc7l7g0mKq3D0Bg.Bl7q68dMZyH7L8XkXAeWQThlRHo0hzK', 6, 141, '', '2021-04-15 21:37:25', '2021-04-15 21:50:12'),
(174, 'Flor de María Finlay Ocaña', '41726572', '3108841927', 1, 'finlayflordeltrabajo@gmail.com', 'dist/img/user-default-min.jpg', NULL, NULL, NULL, '$2y$10$fHepfsP8DOj7GDekEoVur.f0nsf3wpo/f66DXuNXucsIgs9EfLDXK', 6, 141, '', '2021-04-15 21:50:50', '2021-10-19 22:17:02'),
(175, 'Maricela Estefanía Rodríguez Calderón', '1085296672', '3108330319', 1, 'venusfest92@gmail.com', 'dist/img/user-default-min.jpg', NULL, NULL, NULL, '$2y$10$Sd24i5B8pwDJ.1RRvPZPf.n77XXHzGJLFO75KUGG8y8I69M.iZu.i', 6, 141, '', '2021-04-15 21:57:39', '2021-04-15 22:03:59'),
(176, 'Martha Lucia Ceballos Vega', '37123752', '3225924853', 1, 'marthikacebas@yahoo.com', 'dist/img/user-default-min.jpg', 'carrera 24 No 22a-49', 'Pasto', NULL, '$2y$10$8BaCK.YvFDVAgiMxldqMSuAzVcCCiSdwoUw6CPNlhgsomeOt8R0ru', 6, 141, '', '2021-04-15 22:13:07', '2021-04-15 22:23:45'),
(177, 'Sara Sofía Chavez Adarme', '1004214388', '3145347293', 1, 'sarachavez2001@gmail.com', 'dist/img/user-default-min.jpg', 'carrera 21 13A - 73', 'Pasto', NULL, '$2y$10$yQQlQTflUI4Ht89vh4Yp4e5JahxgUSYUnZxvNZYhf.PZ44M28ZjYy', 6, 141, '$2y$10$n66X2as4UoLGgmWSgt1W8eIi9t4HoT.cRNe7WC3Fd1SUsyUeJJvby', '2021-04-20 00:21:10', '2021-04-20 19:12:31'),
(178, 'Luz Angelica Tarapues Cuaical.', '59178522', '313 6555 761', 1, 'oimacwarmy@gmail.com', 'dist/img/user-default-min.jpg', NULL, NULL, NULL, '$2y$10$Ku88VsHbz6kzmXLF0AIAbOK213L9UWDfthLcnoEiQ1MyYlMhxEqee', 6, 141, '', '2021-04-21 20:48:21', '2021-04-21 21:05:33'),
(179, 'Luz Angelica Tarapues Cuaical', '59178522', '3136555761', 1, 'amanecer@gmail.com', 'dist/img/user-default-min.jpg', NULL, NULL, NULL, '$2y$10$o7Gpm59erKZvpOMBjz90ieyaJvWnl3bSUcdA.HrGOeDHEhmPBxJ2u', 6, 141, '', '2021-04-21 21:29:11', '2021-04-22 00:25:55'),
(180, 'Omaira Victoria Herrera Ortega', '30736508', '3118562504', 1, 'omairavictoriaherrerao@gmail.con', 'dist/img/user-default-min.jpg', NULL, NULL, NULL, '$2y$10$cdA5ED6mTMJKWthQCJXDmeIBG2vNZBo0WOu8muPZl0Y38bqWMC8FW', 6, 141, '', '2021-04-22 00:34:25', '2021-04-22 20:49:54'),
(181, 'María', '27400643', '3503558682', 1, 'marcyguanga19@gmail.com', 'dist/img/user-default-min.jpg', NULL, NULL, NULL, '$2y$10$wszCXZdBLmEvVYDzXKSgzusaKqwV8TZPd/C9EYkwvQFrSg05F0weK', 6, 141, '$2y$10$oOa01icUPcixO22IVJFCzuOwG3N8eDKBr6cuZd15VwnYi8XdhYNBi', '2021-05-03 13:59:17', '2021-05-03 14:09:45'),
(182, 'Luisa Fernanda Villarreal Perez', '1085335505', '3112605603', 1, 'luisavillarreal2231@gmail.com', 'app/profile_files/1621542732_a517b293f985e50928e146b542ac6e56.jpeg', 'Manzana 27 Casa 14 Barrio: Nuevo Sol', 'San Juan de Pasto', NULL, '$2y$10$1g7Ba4JXFp5kP8xwHKgIZe.VMrhQ4iagZK8aYBlJLAne.XBmordRW', 6, 141, '', '2021-05-19 19:46:06', '2021-05-20 20:35:01'),
(183, 'Jenny Adriana Valencia Solarte a', '59311366', '3186712066', 1, 'avalens1520@gmail.com', 'dist/img/user-default-min.jpg', NULL, NULL, NULL, '$2y$10$XKbfLoOPdVKHlYpJyVLjseW9PvnbweazUsqjYSlvmEKHSl2S8z95O', 6, 141, '$2y$10$DbMXh2YIWbuqLMyrrMZhUustdiIJ4havdVK3KNQ.xM2jIZJkYbVSK', '2021-05-19 21:40:33', '2021-05-19 22:19:56'),
(184, 'Consultas Simples', '1234567890', '3000000000', 1, 'consultasimples@gmail.com', 'dist/img/user-default-min.jpg', NULL, NULL, NULL, '$2y$10$Z87MhFZFrBIpo8jvu6/0Du8cRboDQgsMwQ690hnRZ0PW1m5Bc.k6m', 6, 141, '$2y$10$6NgOmKSUj.hWKd4tTRu7z0.awVhm7ON3dZ8ro0my.s7nYudHnS', '2021-07-08 20:33:46', '2021-07-08 20:34:26'),
(185, 'Lourdes del Socorro Goyes Cuasquer', '30741263', '3137599995', 1, '30741263@defaultmail.com', 'dist/img/user-default-min.jpg', 'goyesliurdes@gmail.com', NULL, NULL, '$2y$10$eStZCiWAK1nl6smsn6DWwe9BMBsfDzE0ruz64pHFmNTosQziBPHKu', 6, 141, NULL, '2021-07-08 20:37:58', '2021-07-14 14:09:58'),
(186, 'María Cristina Fajardo Muñoz', '1087418848', '3175438496', 1, '1087418848@defaultmail.com', 'dist/img/user-default-min.jpg', 'Cra 40 N 16A 25 barrio Santa Ana edificio Arrallanes apto 202', NULL, NULL, '$2y$10$V6ObaCs8aQAFXjz1tQd5y.ulRyCbT6qMhH/SFuKy/zrcXeJbWvkUy', 6, 141, NULL, '2021-07-14 14:07:43', '2021-07-14 14:10:01'),
(187, 'Vilma Figueroa Lucero', '27302049', '3128432622', 1, 'vilmafigueroalu@gmail.com', 'dist/img/user-default-min.jpg', 'Calle 11A No.39-39', 'Pasto', NULL, '$2y$10$UNW9plqY30EDE46eiZTjf.9/pKB9A6y8oP5zUDZd4.ZBlhlhUVmCO', 6, 141, '$2y$10$TAFRUBtcBpbss0ky0rbzYOcim7WsKuwB68o0FckjsqD2CWEtGAM6', '2021-07-23 21:25:58', '2021-07-23 21:29:14'),
(188, 'Nydia Magola Villota', '27549562', '3204433699', 1, 'mayivillota@gmail.com', 'dist/img/user-default-min.jpg', NULL, 'Yacuanquer', NULL, '$2y$10$4ZyoOZnieWLSIi/SKvUC0.yC0m8ysn5wOfTuaMawIa.LXGt6xVXH6', 6, 141, '$2y$10$ID5Zjr6QY0.712771GNZpOr5QVw1H.eEMdgL.VaZV923bR4o.1xr.', '2021-07-23 21:50:33', '2021-07-26 16:18:10'),
(189, 'Leidy Ximena Idrobo Obando', '37087601', '3204216114', 1, 'ximeidrobo@gmail.com', 'app/profile_files/1628355518_8a46b2c4591eacaded526fa8ecf17b62.jpeg', NULL, 'Pasto', NULL, '$2y$10$V.k7AiBSb44OFQINXNm0heH2HvrTYlhws3TX5tUTRdRAtHFNXbfPK', 6, 141, '', '2021-07-23 23:10:08', '2021-08-07 16:59:04'),
(190, 'NELLY JOHANNA SALAS ZAMBRANO', '1015994564', '3223115838', 1, 'njsalas564@gmail.com', 'dist/img/user-default-min.jpg', NULL, 'Pasto', NULL, '$2y$10$YH2GVn4RA5VD6elVj.R5DertDVwXwz.6VSnjbtw.OgvmKI3d7V4MK', 6, 141, '', '2021-07-24 01:27:36', '2021-07-26 16:16:35'),
(191, 'Doris del carmen yela  yela', '36.996.946', '3182246297', 1, 'delcy999@hotmail.com', 'dist/img/user-default-min.jpg', NULL, 'Ipiales', NULL, '$2y$10$Yz93jn838cNirQx1x1bZo.UVpPYCLedgePlpEitG9gqwMrKPIVJcC', 6, 141, '$2y$10$zFdPf54FbbnEX.NI44IWieFWlx8y7dANPCeOuskpyf3YWLP3WeW', '2021-07-27 01:14:24', '2021-07-28 16:11:23'),
(192, 'Magaly Mendoza', '37010958', '3168103094', 1, 'maggaliif348@gmail.com', 'dist/img/user-default-min.jpg', NULL, 'Ipiales', NULL, '$2y$10$TSjLD6pMwu81HZlBfFr8Xejo0vw/EqdzcJhB5/SY4/aUlyC81BBxO', 6, 141, '', '2021-07-27 02:48:17', '2021-07-28 16:12:47'),
(193, 'Hilary Agreda Ibarra', '1085265631', '3014919431', 1, 'agredaibarrahilary@gmail.com', 'dist/img/user-default-min.jpg', NULL, NULL, NULL, '$2y$10$yfvnwv/6ynY.MlEXk1TT1e0.RJSLHVABNriM90G6QwC9tXT/kKDj.', 6, 141, '', '2021-07-30 15:39:48', '2021-07-30 15:41:14'),
(194, 'Diana Albornoz', '36759242', '3054529469', 1, 'dianafer99@gmail.com', 'dist/img/user-default-min.jpg', NULL, NULL, NULL, '$2y$10$wklZBxjgRfQKoVirlg0XWuxYGqNMklSKYU/Q51vxjn5ZklftTbtR2', 6, 141, '$2y$10$Fx6yvD9yLFZl93iF7XAve1wTw3hV4zT3EwxY5K5ziqxy1UYewfK2', '2021-07-30 16:59:34', '2021-07-30 17:49:03'),
(195, 'Olga Pastas', '111111111111', '3127428666', 1, '111111111111@defaultmail.com', 'dist/img/user-default-min.jpg', 'Aaaaa', NULL, NULL, '$2y$10$e2TP5QL.iFJE6ygyfFEGA.pJKbgz.7ImEPYZtO6Cph4HXk1kNK.7u', 6, 141, NULL, '2021-08-03 19:29:34', '2021-08-03 19:58:12'),
(196, 'Maria Yanira Meneses', '22222222222', '3147012968', 1, '22222222222@defaultmail.com', 'dist/img/user-default-min.jpg', 'Aaaaa', NULL, NULL, '$2y$10$sezPf6Cy15pAnn4LpnCdReJuLdIqw.x6OlPzHxG/kOz2rIQsjAUFS', 6, 141, NULL, '2021-08-03 19:30:41', '2021-08-03 19:58:08'),
(197, 'Maria correa', '1098670598', '3132419778', 1, 'sacha7777777777@hotmail.com', 'dist/img/user-default-min.jpg', NULL, 'Ipiales', NULL, '$2y$10$VTnhXqgi4Q4ayMDOocKn7upK2z2P5UL/sK9tA4A2/6XQby.eX7BLG', 6, 141, '$2y$10$Ykvfz75KmS.0m1v1VJBPeOragJX5OVCGoG9Jm2rDf9C5WFkf3bL6G', '2021-08-04 00:47:55', '2021-08-09 14:35:19'),
(198, 'Carmen Olivia Aguilar', '30728319', '3175121069', 1, 'patriaviva@hotmail.com', 'dist/img/user-default-min.jpg', NULL, 'Ipiales', NULL, '$2y$10$WdiJgZ6DMtU7jBCx2y4fnuJZR5hpkd.b8.tIi07fXD6seF5dZW/Ym', 6, 141, '', '2021-08-05 21:15:13', '2021-08-09 14:37:16'),
(199, 'Sandra Patricia Nieto', '39567658', '3117071710', 1, 'yagelomejor@gmail.com', 'dist/img/user-default-min.jpg', NULL, 'Ipiales', NULL, '$2y$10$JPp7/0ZIqDmxps/ajQcFwupmDvuUHRfgw47g/WXJXYwd8OR3eHBfm', 6, 141, '', '2021-08-05 22:18:33', '2021-08-09 14:38:52'),
(200, 'Luz Marina  Rodríguez Ortega', '37003571', '3177886337', 1, 'luckycorreo@gmail.com', 'dist/img/user-default-min.jpg', NULL, 'Ipiales', NULL, '$2y$10$X8GRYn./HkEWPc2lsiWjNOsgypjIQpKt6uzBDJmeuxKwYIIS32gz2', 6, 141, '', '2021-08-06 02:40:00', '2021-08-07 03:03:48'),
(201, 'Rubi Elena Garcia Benavides', '35520246', '3177258197', 1, 'ybur4april@hotmail.com', 'dist/img/user-default-min.jpg', NULL, 'Pasto', NULL, '$2y$10$XEQrzjc1wqDDpwvwgCiRBOx8L4mYsjUqkaYWEoQZMG4zKwlO3hDVG', 6, 141, '', '2021-08-09 15:06:18', '2021-08-09 15:06:48'),
(202, 'Lenner Mendoza', '37006785', '3186076723', 1, 'lenner37@hotmail.com', 'dist/img/user-default-min.jpg', NULL, NULL, NULL, '$2y$10$vZad/2d2UqGYBLs3KpjiUeQuQ3/fxsnlZZft2lhhBwVYp7UeKivMq', 6, 141, '', '2021-08-13 02:43:23', '2021-08-23 14:08:12'),
(203, 'María del Carmen Toro', '59.794.408', '3168190662', 1, 'mariatoro0662@gmail.com', 'dist/img/user-default-min.jpg', NULL, 'Samaniego', NULL, '$2y$10$NJMGOh4JIOTXglEYNZX5XuU5Mz1vYxqSECCPADGEue.mkkEYTzyPS', 6, 141, '$2y$10$hD05yHmPNU.x5WTWpAjR1..QLZH1PaMih1pUpgheTIC689eAIPp0e', '2021-08-23 20:38:13', '2022-12-30 15:52:23'),
(204, 'Lyyxmaribel Aguirre santana', '19406203', 'lyyxmaribela@gmail.com', 1, 'lyyxmaribela@gmail.com', 'dist/img/user-default-min.jpg', NULL, NULL, NULL, '$2y$10$ju1mv7fqgxAGFeYHNr.4reBr6R8OxpCx/xpVQnzyIOXz86EEY3Gem', 6, 141, '', '2021-09-02 18:47:22', '2021-09-06 16:44:23'),
(205, 'Nubia Lina Sanchez', '59825347', '3235849275', 1, 'nurylisanchez@gmail.com', 'dist/img/user-default-min.jpg', NULL, NULL, NULL, '$2y$10$O2jSocXLPGMXC4I5vzsuDuD7PatYKZ7U5P6EvWf2FmUtszQzuNCiu', 6, 141, '', '2021-09-16 22:11:27', '2021-09-16 22:12:06'),
(206, 'Maria del Carmen', '12345678', '3177813456', 1, 'mariadc@gmail.com', 'dist/img/user-default-min.jpg', 'Zhdbd', 'Djdhd', NULL, '$2y$10$vF1T/hl2gk.j6MdXaUqmTeuIJZX.gLNb7NRjeta5Oe874JBFC67z.', 6, 141, '$2y$10$ptyptFSPRJVanGfoVoxUP.IZz7Bz81wTjjDd27fWRMsbl2oO1Ztli', '2021-09-22 21:36:17', '2021-10-21 02:47:48'),
(207, 'LIGIA LUPE VALENZUELA COLIMBA', '59178990', '3147602597', 1, 'allipakari@gmail.com', 'dist/img/user-default-min.jpg', 'RESGUARDO INDIGENA DE CUMBAL, VEREDA QUILISMAL, SECTOR PLAN', 'CUMBAL', NULL, '$2y$10$ZexUXim2HHXyIQm5Q8kVhuZiKwsSAo/FTbzoN1fqXeW9z1XQ5uLh2', 6, 141, '', '2021-10-12 13:58:03', '2021-10-12 14:02:32'),
(208, 'Alba Nelly Escobar Meneses', '27227631', '3206484669', 1, 'escobaralba5051@gmail.com', 'dist/img/user-default-min.jpg', 'Vereda Cuetial', 'Cumbal', NULL, '$2y$10$.R9kgvdkT11daEPvCqA.bu76.mSTny0PPP.Zb1ZQUG15/GnLiP4E6', 6, 141, '', '2021-10-12 14:09:02', '2021-10-12 14:11:36'),
(209, 'Jensy Elizabeth Tarapues', '1004533073', '3153530105', 1, 'etarapues96@gmail.com', 'dist/img/user-default-min.jpg', 'Urbanización nueva estrella', 'Cumbal', NULL, '$2y$10$2ZGpQNiRA0Yxab39.ROxTep824/aWH9GogJHWfmpQwWY/SKZi.DcO', 6, 141, '', '2021-10-12 14:17:43', '2021-10-12 14:22:23'),
(210, 'Elvia Elisa Tarapues', '27174366', '3113446075', 1, 'elviatarapuescanacuan@gmail.com', 'dist/img/user-default-min.jpg', 'Vereda Cuetial', 'Cumbal', NULL, '$2y$10$KwPR/mlY1zoMwalMD7ImHO6W3/GwEEXMzDS5aZg9GkN.dT4heK10u', 6, 141, '', '2021-10-12 14:33:24', '2021-10-12 16:46:25'),
(211, 'Alba Lucia Risueño Erazo', '30712104', '3117769920', 1, 'albalucia2104@yahoo.es', 'dist/img/user-default-min.jpg', 'Calle 16 N° 1200 barrio San Antonio', 'Cumbal', NULL, '$2y$10$WmufunQYv3gE8dFJFqH84ezac4KWbxMh9aFDFac.2VSJfsBZ3oOLa', 6, 141, '', '2021-10-12 14:48:09', '2021-10-12 14:51:32'),
(212, 'Ruth Jimena Ortega Palma', '1088588564', '3207596264', 1, 'paulisxime2010@hotmail.com', 'dist/img/user-default-min.jpg', 'Vereda planquilismal', NULL, NULL, '$2y$10$q6pVmW/EQ4emuC28JvF4VuNGm77JgfgRigHuH5mGAwv6nHSVzeBMi', 6, 141, '', '2021-10-12 15:00:59', '2021-10-12 15:03:24'),
(213, 'Leidy Jimena Tarapues Muñoz', '1088590249', 'bancodeproyectos.1@gmail.com', 1, 'bancodeproyectos.1@gmail.com', 'dist/img/user-default-min.jpg', NULL, NULL, NULL, '$2y$10$8cffugKwnms.FMOjpmGWYOQ3dzAsvQvex/kBsjJPuEPW4MqDT.ZCK', 6, 141, '', '2021-10-12 16:06:17', '2021-10-12 16:07:06'),
(214, 'Nancy Valenzuela', '59585610', '3116179163', 1, 'nafava@hotmail.com', 'dist/img/user-default-min.jpg', NULL, NULL, NULL, '$2y$10$0oLQ3ENPCn3n4sPvbYGTHeEqenm.8s2GuRN47GaKuxIYh.nyLba1a', 6, 141, '$2y$10$qmPsjA6f6FkKCmK0B6hUOx3o1r3IacfjhEaYdiZGQrfuOGfD8ev2', '2021-10-12 16:06:42', '2021-10-12 16:07:39'),
(215, 'Edith Imelda Colimba Chiran', '27174975', '3145755642', 1, 'edithimeldacolimbachiran@gmail.com', 'dist/img/user-default-min.jpg', NULL, NULL, NULL, '$2y$10$i06fgcVEFKavEYD5TZnQCuAc4lpX7TpYD5YxrWAC47ZffP0AHJMFm', 6, 141, '', '2021-10-12 16:07:25', '2021-10-12 16:09:28'),
(216, 'Leidy Rosario', '1053840280', '3206057475', 1, 'lcolimba92@gmail.com', 'dist/img/user-default-min.jpg', NULL, NULL, NULL, '$2y$10$hE08xniy7C7VYSTqdC/iZu75zKRNEpH1t3UZm6NXsmsubtlfxOyAu', 6, 141, '$2y$10$feCsaGd7f.AzMmmTTRA.ctJnclsYL2GXpxVOazCdMPHjMDNrPm', '2021-10-12 16:15:19', '2021-10-12 16:19:03'),
(217, 'María Jesús Juaspuezan', '36998052', '3216468706', 1, 'marijuas20@gmail.com', 'dist/img/user-default-min.jpg', NULL, NULL, NULL, '$2y$10$F8hZtbO1GSLZUKeadBgV4ORfyUXhRFJOY7WcsIt9OOFz4N1YoAGvG', 6, 141, '', '2021-10-12 16:24:01', '2021-10-12 16:34:30'),
(218, 'María Jesús Juaspuezan', '36998052', '3216468706', 1, 'mariajuas20@gmail.com', 'dist/img/user-default-min.jpg', NULL, NULL, NULL, '$2y$10$g3o2plpu3h9G864Ak.6Vwem4aQv2UNQf3HFyZQ26Vxtnim5cgxPA.', 6, 141, '', '2021-10-12 16:40:40', '2021-10-12 20:06:39'),
(219, 'María cristina Revelo', '37012682', '3002052929', 1, 'cristinarevelo44@gmail.com', 'dist/img/user-default-min.jpg', NULL, NULL, NULL, '$2y$10$ykiC0XHxns3aSQAq20GRrOIRgzbMvJJe30EhvppOJ1EcVtT7WHm7O', 6, 141, '', '2021-10-12 21:13:15', '2021-10-12 21:14:55'),
(220, 'Karina lopez', '1004550417', '328516659', 1, 'kl682626@gmail.com', 'dist/img/user-default-min.jpg', NULL, NULL, NULL, '$2y$10$sPZVLKBPnBSYUJV0iNNsK.iDkQLAwcoHNEZdXp0tmZQSzagmCCfH.', 6, 141, '', '2021-10-12 21:14:24', '2021-10-12 21:14:53'),
(221, 'Adriana', '35199006', '31243037', 1, 'adr.i2709@hotmail.com', 'dist/img/user-default-min.jpg', NULL, NULL, NULL, '$2y$10$aQoltnX25vwRApFyFZ7SWOFJJjuI6.zfMGBIkzSiHfWWpaQOumUmC', 6, 141, '', '2021-10-12 21:14:54', '2021-12-23 20:35:42'),
(222, 'Leidy Yañez', '29681968', '3153215653', 1, 'lady.gatyta11@gmail.com', 'dist/img/user-default-min.jpg', NULL, NULL, NULL, '$2y$10$CMb6PaO0GNLI1yCEX0lsB.P8yyO0mEMIe3k8FnpWYiE4DvqM.p8/.', 6, 141, '', '2021-10-12 21:48:23', '2021-10-12 22:10:02'),
(223, 'Janeth Maria Eugenia Bustos Bustos', '37009799', '3166692328', 1, 'Bustosjaneth023@gmail.com', 'dist/img/user-default-min.jpg', NULL, NULL, NULL, '$2y$10$5os/1QzWHeb3FQey/iX4i.m/ZE56wc686Gx86ys/rY1uTyDfAR.9W', 6, 141, '', '2021-10-12 21:49:59', '2021-10-12 21:50:11'),
(224, 'Anyeli Muñoz', '1085663357', '3152260825', 1, 'anyelimunoz3@gmail.com', 'app/profile_files/1634138908_11c467c623173907d82fb3fcb1585f63.jpeg', 'Vereda los robles', 'San Pablo Nariño', NULL, '$2y$10$SehhhVmHglMgwx.ROB69kOL7Ilk5nK7H7wbdJFBm6UbvPdihlCcmm', 6, 141, '$2y$10$nBobwAFW9H3BB8MzigK8EOCEj3EIUs5M82ntirxsQ4YtnEsYraD6', '2021-10-13 15:14:05', '2021-10-13 15:28:33'),
(225, 'Leidy Yoana Diaz Muñoz', '1085662234', '3165871426', 1, 'diazleidy035@hotmail.com', 'dist/img/user-default-min.jpg', 'Robles', 'San Pablo', NULL, '$2y$10$V9THXuymAuAaMsQY8ErEWeLvmzJD9a5rLW37Sc9wqsfwzyxKmUpFu', 6, 141, '', '2021-10-13 15:16:40', '2021-10-13 16:12:03'),
(226, 'Daniela Fernanda Ortiz', '0000000000', '3182707152', 1, 'daniela.x2509@gmail.com', 'dist/img/user-default-min.jpg', 'Robles', 'San Pablo', NULL, '$2y$10$MdLL9UEXCb075LUvnB2ZYuzPD6V7VOaGnTtbpezqxHlOyM2ACRWTi', 6, 141, '', '2021-10-13 15:19:49', '2021-10-13 20:34:09'),
(227, 'María Nidia Muñoz', '34317506', '3177868305', 1, 'marmunoz2910@gmail.com', 'dist/img/user-default-min.jpg', 'Vereda los Robles', 'San Pablo', NULL, '$2y$10$K3s.9nqQhqU..bEkAcb/ROnAZMK4OtLjA50FznWbOhyJ27taoaOlq', 6, 141, '$2y$10$6lp13PkhVoBBsJInzh63.hWaYhNUqmhAdwaMTGMoPPk6s.5PYjxm', '2021-10-13 15:21:21', '2021-10-13 15:29:11'),
(228, 'Meidy Andrea Díaz pabon', '1085663140', '3154101099', 1, 'meidyandreadiaz@gmail.com', 'dist/img/user-default-min.jpg', 'Robles', 'San pablo', NULL, '$2y$10$zVEZ3O6fgSh0T8FXGwKkDOhXKV2lmjk9ratVSg/CHNa0nSxMJTeUa', 6, 141, '', '2021-10-13 15:24:23', '2021-10-13 15:50:46'),
(229, 'Escilda Ruiz', '34559775', '3212730473', 1, 'escildaruiz@gmail.com', 'dist/img/user-default-min.jpg', NULL, NULL, NULL, '$2y$10$xs5QXNDeRTOVBqniA0GboejQ57L7tMUjU.AiUx7kjFAGmn0DI5Djm', 6, 141, '$2y$10$1A0HBd7IfGOoa1eisnb6OZy2CJFNJy6NeKy9dZ2gX.t0vdmDx20S', '2021-10-13 15:26:40', '2021-10-13 15:44:09'),
(230, 'Maria Felina Ordoñez Ceron', '59430024', '3217568330', 1, 'mariafelinaordonez@gmail.com', 'dist/img/user-default-min.jpg', NULL, NULL, NULL, '$2y$10$vOpXxERnhcN.fSK1o3a1d.Yq5hP3wweQEW7z4mgr5.cN.GaQdf2om', 6, 141, '', '2021-10-13 15:36:31', '2021-10-13 15:36:50'),
(231, 'Maria Zuleme Pabon', '27451881', '3183993030', 1, 'mariazulemepabon@gmail.com', 'dist/img/user-default-min.jpg', NULL, NULL, NULL, '$2y$10$Oj2mkjFdN565sE46sVPbNOynGIYai5IJa2keGRiemNHZKoQ8rUPcq', 6, 141, '', '2021-10-13 15:43:46', '2021-10-13 15:43:57'),
(232, 'Geovanna Delgado Castillo', '59706001', '3117992453', 1, 'jhobannad@gmail.com', 'dist/img/user-default-min.jpg', NULL, NULL, NULL, '$2y$10$8Pp7DLUGSodm0Tk6272i6O1b9ocHSbzpgmagH4b7wdvBd2h9JvY/G', 6, 141, '$2y$10$8Ybm7Rmru3kC6wcSxZuCoxEgKB3oVouquUWIf0ZwY8fz8iFEHu', '2021-10-13 20:49:13', '2021-10-13 20:54:43'),
(233, 'ximena alexandra bolaños bravo', '1089483232', '3128595591', 1, 'ximenita9203@gmail.com', 'dist/img/user-default-min.jpg', NULL, NULL, NULL, '$2y$10$wwVc8nnDMUukE.jyswOfJOYCgyeKp.5sQtPfdgqVAH90CQl3lGgOG', 6, 141, '', '2021-10-13 20:53:39', '2021-10-13 20:56:29'),
(234, 'Valentina Riascos Moncayo', '1089488470', '3137966400', 1, 'varimo269@gmail.com', 'dist/img/user-default-min.jpg', 'La inmaculada', 'La unión', NULL, '$2y$10$DRpdCAkvcdAkKQ3USagQo.JgERm8qhIrr/1pceasf2xBAjkGrfUW6', 6, 141, '$2y$10$Ujs9OowVB0haaLPZh3c6.827kiOO.aZE5wN2W6p5ndbZSq904Ra', '2021-10-13 20:56:31', '2021-10-13 21:04:18'),
(235, 'Carmen Elisa Martínez', '59705486', '4132348021', 1, 'emilse71@hotmail.es', 'dist/img/user-default-min.jpg', NULL, NULL, NULL, '$2y$10$fsWjCwnVk8xNe74DDKuCl.UD3dEq7srvXqOctneDItB44jSCA0c9K', 6, 141, '', '2021-10-13 21:00:08', '2021-10-13 21:09:06'),
(236, 'Deyanira Ordoñez Muñoz', '1089478090', '3207093587', 1, 'deyaniraor075@gmail.com', 'dist/img/user-default-min.jpg', NULL, NULL, NULL, '$2y$10$k5m0SUZHK0wV8hEWgVT5jefsuaUx6i3tBtEdmwP17B5JKRwNweH7m', 6, 141, '', '2021-10-13 21:08:19', '2021-10-13 21:09:37'),
(237, 'LINA SULEIMY SANTACRUZ SOLARTE', '59708691', '3219498192', 1, 'suleimysantacruz1985@gmail.com', 'dist/img/user-default-min.jpg', NULL, NULL, NULL, '$2y$10$1j3m9R0fN1a9QtTblISaDuX2ebDmlHglobr8TTuneIMSUYiWowdAm', 6, 141, '', '2021-10-13 21:21:27', '2021-10-14 22:13:30'),
(238, 'Diana Alejandra Ortiz', '1001117360', '3107273294', 1, 'dianaalejaarmero@gmail.com', 'dist/img/user-default-min.jpg', NULL, NULL, NULL, '$2y$10$PdbiZBMSM97nW0o8m2QyJOPfma028rFFIPi1LSlAk.PQ9z03UpzIa', 6, 141, '', '2021-10-16 21:12:23', '2021-10-16 21:13:02'),
(239, 'Beybi Yaqueline Portilla Egas', '27109214', '3225319393', 1, 'bype1978@gmail.com', 'dist/img/user-default-min.jpg', NULL, NULL, NULL, '$2y$10$sP91PZrz3JijkwBxvuCCH.v/nE1ItLoo/mVshgvtmQGX5wyuBVOsi', 6, 141, '', '2021-10-16 21:13:10', '2021-10-16 21:16:59'),
(240, 'patricia Diaz Armero', '27146533', '3106751621', 1, 'patydi1983@gmail.com', 'dist/img/user-default-min.jpg', NULL, NULL, NULL, '$2y$10$G8dStHzgeov8T6x06heKAuoFO5TyU7dnQQJreH476whBRD/b2bw1m', 6, 141, '$2y$10$3gsbWsVtP3UAtRsJAVKQOh7kQMZrBtFG2JNZerbmNZIA.LnyFMKu', '2021-10-16 21:15:56', '2021-10-16 21:18:35'),
(241, 'Oliva moreno', '27142286', '3158479218', 1, 'om0980609@gmail.com', 'dist/img/user-default-min.jpg', NULL, NULL, NULL, '$2y$10$ZvUefCovaOQjXGkTJFx2CegllMi6QqRLAJyj0zR5b44emLqPhMclS', 6, 141, '', '2021-10-16 21:17:42', '2021-10-16 21:18:43');
INSERT INTO `users` (`id`, `name`, `identification_number`, `phone_number`, `status`, `email`, `image`, `address`, `town`, `email_verified_at`, `password`, `type_identification_id`, `type_status_id`, `remember_token`, `created_at`, `updated_at`) VALUES
(242, 'Rosa Mainguez', '27533609', '3158495264', 1, 'mainguezrosa@gmail.com', 'dist/img/user-default-min.jpg', NULL, NULL, NULL, '$2y$10$bUnQNJ44UCOROp7YDjccdumpRHOZwGZTrGvpM3kAh0lbQ/YASHzmO', 6, 141, '', '2021-10-16 21:19:06', '2021-10-16 21:19:34'),
(243, 'Paola Alexandra Bravo Gómez', '27090402', '3146838557', 1, 'pabravo723@gmail.com', 'dist/img/user-default-min.jpg', NULL, NULL, NULL, '$2y$10$C6MMzvHRBgBuLyMj4zHFxet7Ttp7HwqpvoMYVqMtbDqb1RruXmtJa', 6, 141, '', '2021-10-16 21:21:48', '2021-10-16 21:22:09'),
(244, 'Omaira Herrera', '3o736508', 'omairavictoriaherrerao@gmail.com', 1, 'omairavictoriaherrerao@gmail.com', 'dist/img/user-default-min.jpg', NULL, NULL, NULL, '$2y$10$fA6Jf8sPNq.mHNOXEhQL3OBWVmmtxlfYfVOGIWoNfh/Q4O.uVQakG', 6, 141, '', '2021-10-16 21:35:44', '2021-10-16 21:59:39'),
(245, 'Mary Insuasty', '27549905', '3135887728', 1, 'insuastyportillomarypatricia@gmail.com', 'dist/img/user-default-min.jpg', NULL, NULL, NULL, '$2y$10$fbCgCSUl2KUnhozcf0Y1x.aAXldGQ7t0SKVCCPRQbNhRLrf.wy6jq', 6, 141, '', '2021-10-19 15:36:37', '2021-10-19 15:45:00'),
(246, 'Jenny Ramos', '1087960348', '3186277193', 1, 'jeniferramos95@hotmail.com', 'dist/img/user-default-min.jpg', NULL, NULL, NULL, '$2y$10$g1KcNbGhHXAehkyk1kXz8ObnkUZSnauL40WjDeO1UsuiG/buzRMce', 6, 141, '', '2021-10-19 15:36:59', '2021-10-19 15:44:56'),
(247, 'Silvia Barreras', '27549655', '3162916036', 1, 'silviabarrera385@qmail.com', 'dist/img/user-default-min.jpg', NULL, NULL, NULL, '$2y$10$vMfGbir7cfnMZzydAxMhyOngaw9sUdbcC9TgcOF25I9rmhemAUx/y', 6, 141, '$2y$10$dj.mHmSEiAbz9IL1zzFy6eyle72ipi8Zl9fiWp4ZSkVjZ0BBS.C', '2021-10-19 15:45:59', '2021-10-19 15:59:09'),
(248, 'MARGOTH', '59821946', '3185094789', 1, 'margothbotina1973@gmail.com', 'dist/img/user-default-min.jpg', NULL, NULL, NULL, '$2y$10$KLKPq8WPFYCM9YKs3rbi4.HFvqXrPm0Yfz1VnGHbMxQsHwFAOzPVq', 6, 141, '', '2021-10-19 22:03:47', '2021-10-19 22:06:40'),
(249, 'Laura Vallejo Flórez', '36752398', '3163582850', 1, 'lauravallejo761@gmail.com', 'dist/img/user-default-min.jpg', NULL, NULL, NULL, '$2y$10$ChKVisoa4ArIUPKnUq5vZOBnf/6lcvzgoIQZSWASmHIKJ4c7Bk7/O', 6, 141, '', '2021-10-19 22:06:32', '2021-10-19 22:07:50'),
(250, 'Fanny obando chapuel', '59835530', '3104077782', 1, 'Fanylu0918@gmail.com', 'dist/img/user-default-min.jpg', NULL, NULL, NULL, '$2y$10$e8qDdzNZRVh1iLQFfPwhC.JYama.BIavDfHKk0aRnstKBvWVaU8ee', 6, 141, '', '2021-10-19 22:08:59', '2021-10-19 22:09:43'),
(251, 'Doly Paola Riofrio', '52198347', '3116264979', 1, 'polariofrio48@hotmail.com', 'dist/img/user-default-min.jpg', NULL, NULL, NULL, '$2y$10$01Bnwz1873tBr3o/8IheXeMqLPjhh1s0wGrqtlBJEbhsih5F.zhgO', 6, 141, '', '2021-10-19 22:09:51', '2021-10-19 22:10:16'),
(252, 'Gloria Narvaez', '27489 704', '3175313546', 1, 'delacruzjean645@gmail.com', 'dist/img/user-default-min.jpg', NULL, NULL, NULL, '$2y$10$OmwE35ZdNBcloXOEAhFTnuB3/NY3BUy2/lFqXotiCki.l/e4mMX4i', 6, 141, '', '2021-10-19 22:22:55', '2021-10-19 22:37:37'),
(253, 'Nayive Anarcely insuasty Obando', '27549726', '3174662658', 1, 'nayiveinsuasty47@gmail.com', 'dist/img/user-default-min.jpg', NULL, NULL, NULL, '$2y$10$AdElmr0NHrlo1K/MmqzZ..6Hi.nHphTRPhwJwbF1e09/ak1etTXgO', 6, 141, '', '2021-10-20 12:29:41', '2021-10-26 14:35:31'),
(254, 'Claudia', '1107083995', '3104057559', 1, 'claudiapalaciosnazate93@gmail.com', 'dist/img/user-default-min.jpg', NULL, NULL, NULL, '$2y$10$9y3ei63b//klX.XsYKRtz.TN9RKK8K9vAw3KqFQBqxQmen5s4Govi', 6, 141, '', '2021-10-20 23:20:56', '2021-10-26 16:10:39'),
(255, 'Jeimy Paola Dorado Erazo', '1004594095', '3175795489', 1, 'jeimydorado7@gmail.com', 'dist/img/user-default-min.jpg', NULL, NULL, NULL, '$2y$10$5BC6WKLaLhS8UTHz.5B.S.QRsDtFHmqltw1ikR83pTkRIozVgSvY2', 6, 141, '', '2021-10-26 16:07:22', '2021-10-26 16:10:32'),
(256, 'Yuly Gabriela Apraez Ordoñez', '1087750494', '3226659368', 1, 'gaby1915@hotmail.com', 'dist/img/user-default-min.jpg', NULL, NULL, NULL, '$2y$10$//6Chfj7bRnnsfFe8ixCTOqDpDtY7KMW47ppQMTMqGhW33q3jalHy', 6, 141, '', '2021-10-26 16:08:57', '2021-10-26 16:10:23'),
(257, 'Maria Teresa Quintero Figueroa', '1087748697', '3226250199', 1, 'mariateresaquintero247@gmail.com', 'dist/img/user-default-min.jpg', NULL, NULL, NULL, '$2y$10$Zjm64/A5oO.zlPEqQygaYOuG7u278RD338EQf/XctO7yaUzVGy9Qy', 6, 141, '', '2021-10-26 16:17:35', '2021-10-26 16:20:59'),
(258, 'Adriana Marcela Campaña Calderón', '1004635118', '3508902021', 1, 'calderonmarcela48@gmail.com', 'dist/img/user-default-min.jpg', NULL, NULL, NULL, '$2y$10$6pwbt9uDQZxws9iD8sAgSuGtzuetnnC4FmRlIMc.wlBQRAmmCl6F2', 6, 141, '', '2021-10-26 16:18:54', '2021-10-26 16:20:35'),
(259, 'Virginia Cabrera', '27322830', '3174554745', 1, 'virginiacabreramata72@gmail.com', 'dist/img/user-default-min.jpg', NULL, NULL, NULL, '$2y$10$NE39OUfeBzDDuKH52vXWW.Wx0CZvS6D2yfYq15WaG0a.LatxBUBom', 6, 141, '', '2021-10-26 16:25:02', '2021-10-26 16:25:30'),
(260, 'Carmen Amanda Salguero', '27187134', '3105063971', 1, 'amandasalguero03@gmail.com', 'dist/img/user-default-min.jpg', NULL, NULL, NULL, '$2y$10$205Zn1zJ3ZR4InHqp23kbeu0siAp15A05oFzOY6VKQFUTdVGLnddO', 6, 141, '', '2021-10-26 16:37:41', '2021-10-26 16:41:50'),
(261, 'Yaneth Melendez', '1061684817', '3116464794', 1, 'yaneth0585@hotmail.com', 'dist/img/user-default-min.jpg', NULL, NULL, NULL, '$2y$10$8zoYvOR7czgV4ELthquHnuuGv52/tq.JabyixRd6v01TgXFl0O9Wa', 6, 141, '', '2021-10-26 16:40:12', '2021-10-26 16:42:47'),
(262, 'María Magdalena Mancilla Montaño', '59806396', '3108457444', 1, 'mariamancilla448@gmal.com', 'dist/img/user-default-min.jpg', NULL, NULL, NULL, '$2y$10$deEdpaoLlaCxo01.ya/mmeDrRTOH59/hZryfzltCK/BArV8E35q56', 6, 141, '', '2021-10-26 16:42:36', '2021-10-26 16:43:02'),
(263, 'Denis', '59805568', '3202875219', 1, 'erazodenis65@gmail.com', 'dist/img/user-default-min.jpg', NULL, NULL, NULL, '$2y$10$JaoYtAIvpYGEUDeGxkRWPuNpei7ypqXf70S9YMxkczHvTaskJ7ztu', 6, 141, '', '2021-10-26 20:35:00', '2021-10-27 04:37:11'),
(264, 'Elizabeth Moreno castro', '1004709643', '3209667917', 1, '1004mayelizamoreno@gmail.com', 'dist/img/user-default-min.jpg', NULL, NULL, NULL, '$2y$10$x2cD6QE9GwlPvSz7Flhm9OMkpBdlEClX.YyPLcTGe1JKEna3FdQEK', 6, 141, '', '2021-10-30 16:05:48', '2021-10-30 16:07:36'),
(265, 'yeraldin liseth daza', '1088946061', '3172361174', 1, 'yeraldin.2192@gmail.com', 'dist/img/user-default-min.jpg', NULL, NULL, NULL, '$2y$10$q3VQsKSj/MZQ..rNidctNOdIx9yu19GrjQlXRenwuwwp7HLAqJHEu', 6, 141, '', '2021-10-30 16:05:52', '2021-10-30 16:07:48'),
(266, 'Yali Esperanza Sánchez CH.', '1061690371', '3155318309', 1, 'yalyes86@hotmail.com', 'dist/img/user-default-min.jpg', NULL, NULL, NULL, '$2y$10$CNgBR3uj188GHS.AKwhw.eopFCmwu.C5NS9n/m10KzxNbBSyXXefi', 6, 141, '', '2021-10-30 16:06:30', '2021-10-30 16:07:54'),
(267, 'Monica del carmen Leon', '66844689', '3148753640', 1, 'monica0217leon@gmail.com', 'dist/img/user-default-min.jpg', NULL, NULL, NULL, '$2y$10$RfFMj/Dx4XGldyhXilNm7.X2Byd7GBTh3SIflPzxuJ.TRdNxOnw92', 6, 141, '$2y$10$khohFFtcZg1DowTerXxqetNn25OhXmQh44Fvx5XewbFfcFk5nxu', '2021-10-30 16:07:00', '2021-10-30 16:09:09'),
(268, 'Piedad', '52208842', '3148023842', 1, 'piedadadrada@gmail.com', 'dist/img/user-default-min.jpg', NULL, NULL, NULL, '$2y$10$eULtWmvkZ9awgl.3099gNOI0q8UNVmS9DqxG/P4G9wMHeQS4Hzv8C', 6, 141, '', '2021-10-30 16:08:00', '2021-10-30 16:09:30'),
(269, 'Blanca Silvia Solarte Bolaños', '30039395', '3203130468', 1, 'blancasilviasolartebolanos@gmail.com', 'dist/img/user-default-min.jpg', NULL, NULL, NULL, '$2y$10$npT2pmvUOwZE.xTophP/oOsv.cKvTm8Rr2UhV2I6peaGMBHycm.KO', 6, 141, '', '2021-10-30 16:11:35', '2021-10-30 16:11:57'),
(270, 'Maria Zoila Urbano Adrada', '30741238', '3122123291', 1, 'mariazoilaurbano@gmail.com', 'dist/img/user-default-min.jpg', NULL, 'El Rosario', NULL, '$2y$10$LhK88ruDmxznkTLSv.LXB.cPanjcjn.hZTQ1IaPdYhCwOXCAF6lz6', 6, 141, '', '2021-10-30 17:12:49', '2021-11-02 16:46:15'),
(271, 'Lorena Narvaez', '36860527', '3104107483', 1, 'lorenan5135@gmail.com', 'dist/img/user-default-min.jpg', NULL, NULL, NULL, '$2y$10$b6cwAX42OjrnRKTOAsZLCOMNgcX.gEF4lN1luJ.03GimfhuWBMkVK', 6, 141, '', '2021-11-06 00:27:36', '2021-11-16 20:01:00'),
(272, 'Gloria patricia Alpala', '59178711', '3122184231', 1, 'paty2021@gmail.com', 'dist/img/user-default-min.jpg', NULL, NULL, NULL, '$2y$10$dtgh/Sa6POj5E4nuWgzdH.w8cwtO4g5YhpWfDowdEtTdkIUKXEA3G', 6, 141, '', '2021-11-06 01:28:58', '2021-11-16 20:01:01'),
(273, 'Milena Hoyos', '27090073', '3103645858', 1, 'deysymad02@hotmail.com', 'dist/img/user-default-min.jpg', NULL, NULL, NULL, '$2y$10$.B.juH4uGffXz3/geHYUD.xipe5iSX92/WdZe3v7gtwE/Yshu217.', 6, 141, '', '2021-11-29 18:22:48', '2021-12-03 17:57:23'),
(274, 'Luz Angélica Ocaña Rosero', '1085246052', '3202101532', 1, 'laplazache@yahoo.es', 'dist/img/user-default-min.jpg', NULL, NULL, NULL, '$2y$10$JWD.F/UK8nUZUl/OYbxXr.3kNaf6tChskK5uPgNAOxgewJf6EAfwK', 6, 141, '', '2021-12-01 20:36:40', '2021-12-03 17:57:41'),
(275, 'Luz Angélica Ocaña Rosero', '1085246052', '3202101532', 1, 'angelicaocana44@gmail.com', 'dist/img/user-default-min.jpg', NULL, NULL, NULL, '$2y$10$lB17LpyLbkF/b7xAT6CZFOI0MUnHe8QILK6svhCdrwAEsPHnFYtLW', 6, 16, '', '2021-12-01 20:38:55', '2021-12-01 20:39:35'),
(276, 'Narly Yulieth Rojano Serna', '1003498175', '000000000', 1, '1003498175@defaultmail.com', 'dist/img/user-default-min.jpg', 'Dirección exacta carrera 5ta E número 17_72', NULL, NULL, '$2y$10$gFCH6fGjbHh.9hfmy/SAFeRpgB6s522KoWwdpeN9DO25mbfsUd7uC', 6, 141, NULL, '2021-12-30 15:58:30', '2021-12-30 16:07:57'),
(277, 'Maribel solarte', '1089480345', '3229699602', 1, 'solartem38@hotmail', 'dist/img/user-default-min.jpg', NULL, NULL, NULL, '$2y$10$ajfIuU2/Y05a8nPKUNIp2eKOjNLatSyTuaOzLUeZ5OHdH1pFyd2H6', 6, 141, '', '2022-01-05 12:38:10', '2022-03-18 21:59:08'),
(278, 'Yadi Ceron', '1088947157', '3218156109', 1, 'ceronpaz08@gmail.com', 'dist/img/user-default-min.jpg', 'Pandiaco cra 44 N 19B 24', 'Pasto', NULL, '$2y$10$SpGTzr/RPMo9Mbx1lzsgVeqKD1eOOGOp62Dts4Svqi8jUhToMZbNe', 6, 141, '$2y$10$8A.vfmgZUN45fjvubBk1v.TalCJ8aNvaJI3JKvYZocmVwNhxzqzKO', '2022-01-20 02:22:23', '2022-03-22 22:47:38'),
(279, 'Sandra Ortega', '59834788', '3173238517', 1, 'anpazaor@gmail.com', 'dist/img/user-default-min.jpg', NULL, NULL, NULL, '$2y$10$.DzXwXky17FMQQHnsCByLeBPva1JaPF5EWLgzLBEgfJebxVOhg8Pi', 6, 141, '', '2022-01-20 12:53:24', '2022-01-20 15:36:49'),
(280, 'CHABELY MERCEDES GÓMEZ', '1086924810', '3165844872', 1, 'chabely-gomez@outlook.es', 'dist/img/user-default-min.jpg', NULL, NULL, NULL, '$2y$10$5hI6fCy1jL4caU0fcl.Uw.q0vU.pPjSSDFU1oTQEDX.iBG14fAMfq', 6, 141, '', '2022-01-28 16:07:35', '2022-01-28 16:13:10'),
(281, 'Elsa Edilma', '27442310', '3113115008', 1, 'elsa.19602307@gmail.com', 'dist/img/user-default-min.jpg', NULL, NULL, NULL, '$2y$10$DAtVggQ8kUfcVHYdpMt.ju0x.4KPd440buldJxdeZU9jg817j9QI6', 6, 141, '', '2022-01-28 16:10:54', '2022-01-28 16:13:06'),
(282, 'Merly Danixa Ortiz Espada', '1086921536', '3122634217', 1, 'merlydanixaortizespada@gmail.com', 'dist/img/user-default-min.jpg', NULL, NULL, NULL, '$2y$10$0K9gobvoiwQsEpMUR6N2gOFq56kJHIJKL06F8ACbFZYggpgtYAEFi', 6, 141, '', '2022-01-28 16:12:10', '2022-01-28 16:13:00'),
(283, 'patricia Guzman', '27443471', '3233689715', 1, 'patoguz7856@gmail.com', 'dist/img/user-default-min.jpg', NULL, NULL, NULL, '$2y$10$bKBUzY41V0l83H.P5r8vjelbTFPEAPtFH2NeqGi0NoeU06JPnYijS', 6, 141, '', '2022-01-28 16:12:31', '2022-01-28 16:12:56'),
(284, 'Maria Almeida', 'mariiaa1965almeida@gmail.com', '3225965352', 1, 'mariiaa1965almeida@gmail.com', 'dist/img/user-default-min.jpg', NULL, NULL, NULL, '$2y$10$NmUaEZnSsIFWe58WgUYPTetbcaPBykYu.T5h7P1DXYeEPL4t/J3lO', 6, 141, '', '2022-01-28 16:27:31', '2022-01-28 16:28:48'),
(285, 'Merly Danixa Ortiz Espada', '1086921536', '3122634217', 1, 'lidiaespada242@gmail.com', 'dist/img/user-default-min.jpg', 'vereda El piñal', 'San Lorenzo Nariño', NULL, '$2y$10$p99rTlL4mOAK.b8fcMVTBOZxLUPNyXKWT/I49CVPTeZHJESHzPlgi', 6, 141, '$2y$10$lSb5MBKdnBY0aiUQ9ROeuBJnezKZdZFnug2UupWMDFxYlSddsBC', '2022-02-03 22:34:50', '2022-03-22 17:53:16'),
(286, 'Informe de contexto - Ricaurte, Nariño', '12345678', '3000000000', 1, 'anonimo@gmail.com', 'dist/img/user-default-min.jpg', 'Ricaurte, Nariño', 'Ricaurte, Nariño', NULL, '$2y$10$MXicdL0NdotmHeSJxTjF8OtM98ntZxF.LcEdw6WVo5.YwGJE3jBGS', 6, 141, '$2y$10$x2aQ7XXBWvEkp4YsWOqtSOT9aKsoxneT8Q6V2R8Hxets8mflZhhyC', '2022-02-25 16:19:52', '2022-07-14 14:49:09'),
(287, 'María Fernanda Moran Benavides', '1233194347', '3162858205', 1, 'mmayis31@gmail.com', 'dist/img/user-default-min.jpg', NULL, NULL, NULL, '$2y$10$vCPMRo3CxpGGpkNx1f..6u7X57KhEQBlaGr60XA8ORK2MlKASO7W.', 6, 141, '$2y$10$Va4IzjP8jJggFaQqR.xbou2LtaG4Spa3cGaP5GY6n0KpnJdxfvC6', '2022-03-02 21:50:52', '2022-03-02 21:52:37'),
(288, 'Rocio Portilla', '000000000', '3160446584', 1, '000000000@defaultmail.com', 'dist/img/user-default-min.jpg', 'Desconocida', NULL, NULL, '$2y$10$Xtiy6n7exxKhi47HAsgWWOMNbdZcf1FGmgKKagM1dTaGu7fs/6IWu', 6, 141, NULL, '2022-03-10 22:52:02', '2022-03-10 22:52:39'),
(289, 'Ana Gustín', '222222222', '3245801694', 1, '222222222@defaultmail.com', 'dist/img/user-default-min.jpg', 'Ninguna', NULL, NULL, '$2y$10$95hHrbeRIQ7f4uLh9pQVd.5gc2gC7bXfE6MwUNYU30BXL2b8DUb.2', 6, 141, NULL, '2022-03-28 14:58:46', '2022-03-29 21:07:58'),
(290, 'María José Tovar Riascos', '3333333333333', '3245801694', 1, '3333333333333@defaultmail.com', 'dist/img/user-default-min.jpg', 'Ninguna', NULL, NULL, '$2y$10$5yApi7.FzCji/d.HCYk2jeYiDt3HPFqsIAL12/fwDp4jCgYIViMRi', 6, 141, NULL, '2022-03-28 15:00:02', '2022-03-29 21:07:53'),
(291, 'Dilia Del Rosario Cuchala', '4444444', '3164625159', 1, '4444444@defaultmail.com', 'dist/img/user-default-min.jpg', 'Ninguna', NULL, NULL, '$2y$10$mGIueTT2X6B2kwv/2jYHSuUA.vkEc62ThWcuhY59ggBFsCESg18wG', 6, 141, NULL, '2022-03-28 15:01:05', '2022-03-29 21:06:08'),
(292, 'DANNA VANESA GERMAN BAZANTE', '1085291293', '3136309019', 1, 'DVGERMAN@MISENA.EDU.CO', 'dist/img/user-default-min.jpg', NULL, NULL, NULL, '$2y$10$/riS5Y0u7XPtKw6tObRq/eEdwIjLrWwUNWM9RHqeRdc7S3mGPHPby', 6, 141, '', '2022-03-30 12:38:47', '2022-04-01 16:01:19'),
(293, 'johana alejandra ortiz bazante', '1085344011', '3163690721', 1, 'ortizjohana149@gmail.com', 'dist/img/user-default-min.jpg', NULL, NULL, NULL, '$2y$10$0I3S9YLfSn.n0Z5DJeTOT.hQ8v6z4m6ESJJXnSKAtaMjpXKino.Gm', 6, 141, '', '2022-03-30 13:09:40', '2022-04-01 16:05:09'),
(294, 'Informes de contexto - Policarpa', '12121212', '0000000', 1, 'Policarpa@defaultmail.com', 'dist/img/user-default-min.jpg', 'Policarpa', NULL, NULL, '$2y$10$l9YB1cWzOVmXtUElyfGBh.sqqiB0oXy8NYQLNGTB5BqPru6VR/u/y', 6, 16, NULL, '2022-04-07 20:28:21', '2022-04-07 20:28:21'),
(295, 'Cristina Zamora', '59831018', '31514874083', 1, 'Cristyzamin7@gmail.com', 'dist/img/user-default-min.jpg', 'mz 17 casa numero 1 Los Laureles', NULL, NULL, '$2y$10$5DJDrqnpqwEveFvIuiO9euFnCws27D7IXZ9dyUP3plPrJSyy4zS7y', 6, 141, NULL, '2022-05-03 23:09:01', '2022-05-03 23:10:30'),
(296, 'Sahara Noemí Chuquizan', '1088527297', '3166070285', 1, '1088527297@defaultmail.com', 'dist/img/user-default-min.jpg', 'Resguardo de Chiles Municipio de Cumbal.', 'Cumbal', NULL, '$2y$10$LOROOaPpaCl5PQ1Sxh3g8eDVKav/3AFKOnrmrh5dDVeVd8WG0WrrK', 6, 141, NULL, '2022-06-29 16:28:37', '2022-06-29 16:32:11'),
(297, 'Prueba', '10000', '300', 1, 'prueba@correo.xn--c-vga', 'dist/img/user-default-min.jpg', 'Sin direccion', NULL, NULL, '$2y$10$zNJfxLIZdtrRRkeSOE6lq.o0hwGU87KVY3SHuoQueprMSM7VTQoI.', 6, 141, '', '2022-07-01 23:04:59', '2023-01-13 16:57:40'),
(298, 'Diana Camila Bolaños Obando', '1085337809', '3104350984', 1, 'catokita483@gmail.com', 'dist/img/user-default-min.jpg', 'Sin direccion', NULL, NULL, '$2y$10$IUiD5P7guXrhQp9Tymd0cuk5occAIbNMXYkRqLukVXQCbPxhOD.vC', 6, 141, '', '2022-07-01 23:58:41', '2022-07-12 15:21:07'),
(299, 'Lucia del Socorro Basante', '30712481', '3176352265', 1, 'luciabasante@gmail.com', 'dist/img/user-default-min.jpg', 'Carrera 40 14 25, Las Margaritas, Comuna 8, Pasto, Nariño, COL,LAS MARGARITAS', NULL, NULL, '$2y$10$PS1j5/yib5cyswnsCgtpE.7qIFWoIv7VGdmT3vnRu6WK2q0Td/EUy', 6, 141, NULL, '2022-07-12 15:06:59', '2022-07-12 15:07:17'),
(300, 'Informe de contexto - El Rosario', '10101010', '0000000', 1, '10101010@defaultmail.com', 'dist/img/user-default-min.jpg', 'El Rosario, Nariño', 'El Rosario,  Nariño', NULL, '$2y$10$r8blDvYNS9hleuQ/W0LHA.pcmqquur20PNZyx8V6XzhjzBRKnLSEG', 6, 141, NULL, '2022-07-12 15:12:42', '2022-07-14 15:16:17'),
(301, 'Luz Angela', '2222222', '2222222', 1, '2222222@defaultmail.com', 'dist/img/user-default-min.jpg', '2222', NULL, NULL, '$2y$10$Ci6UCxTLDWE7ZXyOSEcobes1pPHFUpra.U3qNJ.iADFowZAvjLq4W', 6, 141, '$2y$10$QG4GquagzAd8TBfeokXDKe6VGguwpoOQ3OyRAslgzd2Ff2cxrx9m', '2022-07-12 15:15:39', '2022-10-17 17:29:13'),
(302, 'Daniela Vivas', '1002927291', '3105174701', 1, 'dvivas717@gmail.com', 'dist/img/user-default-min.jpg', 'Sin direccion', NULL, NULL, '$2y$10$q.DuSJwtgaLhftmDBZRe1eaFtwPCR20JbhZ2IVAGrgk8ckzYBzraW', 6, 141, '', '2022-07-14 18:22:02', '2022-07-14 20:49:10'),
(303, 'Sandra Nadime Florez Ascuntar', '59829859', '3182121387', 1, 'snflorez.a@gmail.com', 'dist/img/user-default-min.jpg', 'Pasto, Nariño', NULL, NULL, '$2y$10$zz5jHD75aHWvus7PWZ4D9ugW9o7ARHVVzcQirm4bGq/CY/nt.fW52', 6, 141, NULL, '2022-07-25 20:48:01', '2022-07-25 21:00:25'),
(304, 'Isabell Catalina Vizuethe Erazo', '1004233833', '3154926707', 1, 'catavz202@gmail.com', 'dist/img/user-default-min.jpg', 'Sin direccion', NULL, NULL, '$2y$10$2RfV6ElIAcwotiY.rfMF7e2Iln3i2wqtWupwFQWVDIN5kgZXVSa1C', 6, 141, '$2y$10$ro8m.2dqyK2995ogLsAYObpizfHblJ04y4frwnDjBLJmqYieGX5e', '2022-08-02 21:45:16', '2022-08-29 18:53:39'),
(305, 'Mercedes Elvira Bravo meneses', '59705403', '3154472626', 1, 'mercy59bravo@gmail.com', 'dist/img/user-default-min.jpg', 'Vereda la Castilla', 'La Unión, Nariño', NULL, '$2y$10$/lA35FT2g3T4rTid9p2XcOK4QuovrUntXw8COHg.m43UJINKIoMp.', 6, 141, '', '2022-08-21 01:26:52', '2022-08-24 20:42:16'),
(306, 'Angie estefania soto Jimenez', '1233189235', '3154649143', 1, 'tefa.1397@hotmail.com', 'dist/img/user-default-min.jpg', 'Sin direccion', NULL, NULL, '$2y$10$l52qYsHzk7r5c9gM/7x7j.cGS7qnbAJs3GK9y0rsS93DBxljKEDuK', 6, 141, '', '2022-08-26 15:39:44', '2022-08-30 06:21:33'),
(307, 'Jimena Ortega', '1088588564', '3207596264', 1, 'paulisxime2010@gmail.com', 'dist/img/user-default-min.jpg', 'Sin direccion', NULL, NULL, '$2y$10$9dsIBV.KCYIcpUS7ePagJu0mWnwx8X6.W2td3cbynRinpt62WLusS', 6, 16, '', '2022-10-04 02:28:48', '2022-10-04 02:29:27'),
(309, 'Nuevo usuario', '3123132', '32132', 1, 'dariojavier99@hotmail.com', 'dist/img/user-default-min.jpg', 'Sin direccion', NULL, NULL, '$2y$10$DvOdbdfltns6tcWNPUHC7eN.87gVhcJ8H8yNAH5j88Goj01I5tWva', 6, 141, '$2y$10$IvNOw3WA1x9f4hVorsOfJuo3r.zFArbtCUrIxRzKxLoqOjSCWKoj.', '2022-10-31 22:30:54', '2023-01-16 23:17:50'),
(310, 'Jaime Oswaldo Beltran', '98632786', '315896741', 1, 'jaimeobeltran@gmail.com', 'dist/img/user-default-min.jpg', 'Sin direccion', NULL, NULL, '$2y$10$wBlHGp3UAG/My48.qEr/wOb3y9jZ/oAjLxisImi6vu5uE6zV19aja', 6, 16, '', '2022-11-04 18:51:49', '2022-11-04 18:51:53'),
(311, 'Nataly Meneses', '1089478141', '3233457491', 1, 'solartealexandra900@gmail.com', 'dist/img/user-default-min.jpg', 'Sin direccion', NULL, NULL, '$2y$10$kAoLmqwUxwHQYT5Z9AJYIuLJU.TeuQmqGCPhwAt.T.ImVrgjpimHC', 6, 141, '', '2022-11-10 18:26:29', '2022-11-15 15:43:37'),
(312, 'Diana Marcela Cordoba Burbano', '1085315675', '3126813411', 1, '1085315675@defaultmail.com', 'dist/img/user-default-min.jpg', 'Pasto', NULL, NULL, '$2y$10$A2Nlehvuhv0yLgOIfgwHaupKxNL2egKaxieKlXcTdktKWVgI93p0K', 6, 141, NULL, '2022-12-30 15:34:11', '2022-12-30 15:34:42'),
(313, 'Elizabeth Alava', '59661982', '3187658289', 1, 'Elizabethalava@gmail.com', 'dist/img/user-default-min.jpg', 'El Poblado campestre kilómetro cinco camino a Candelaria, Cali, Valle del Cauca.', NULL, NULL, '$2y$10$L7YUk2WUWB/FRZ/TiMPcGeUrKfPqB0I1N6wMS.D5Au5Jg89ND65pu', 6, 141, NULL, '2022-12-30 15:43:07', '2022-12-30 15:43:24'),
(314, 'Evelyn Salazar', '1085339549', '3158802000', 1, '1085339549@defaultmail.com', 'dist/img/user-default-min.jpg', 'Pasto', NULL, NULL, '$2y$10$zS8.HWU5ymNZhVSs6/BBaemr2IfFcwt2kR1B5MncmlYzzt/bDGqzG', 6, 141, NULL, '2022-12-30 15:45:00', '2022-12-30 15:45:12'),
(315, 'Nayla Ortiz', '23082022', '3233955006', 1, '23082022@defaultmail.com', 'dist/img/user-default-min.jpg', 'Pasto', NULL, NULL, '$2y$10$af1uAmkkpwGoFsgU9KRhB.mj1nwf8ptxllspndqZsjRq2NkhEh1lK', 6, 141, NULL, '2022-12-30 15:49:44', '2022-12-30 15:49:57'),
(316, 'María del Carmen Toro', '59794408', '3168190662', 1, 'mariatoro0662@defaultgmail.com', 'dist/img/user-default-min.jpg', 'Pasto', NULL, NULL, '$2y$10$av5zohhShDPScp6suYnER.lhrbcc4JTRyc6Cj51OSTb8FNgQHkZ16', 6, 141, NULL, '2022-12-30 16:22:18', '2022-12-30 16:22:30'),
(317, 'Yeraldin Cuero', '1087132836', '3157350121', 1, 'geraldincuero22@gmail.com', 'dist/img/user-default-min.jpg', 'Barrio San Felipe entrada al Motel Puertas del Sol', NULL, NULL, '$2y$10$Hfsyi9/YYBWJu0MB0Hxefeq5uncyaoSB1Pq/xX7p3zWO7L1zwxJxe', 6, 141, NULL, '2022-12-30 16:25:14', '2022-12-30 16:26:01'),
(318, 'Xiomara Yeraldin Herrera Benavides', '1004690076', '3103987781', 1, '1004690076@defaultmail.com', 'dist/img/user-default-min.jpg', 'Calle 2C Numero 95B-37 Melendez, Cali, Valle del Caluca', NULL, NULL, '$2y$10$hLKMaSF4ZrEPQuhN8U46WefG0OsOKkKoUKtvmzW7w6eYJSOJRyb8S', 6, 141, NULL, '2023-01-10 20:11:44', '2023-01-10 20:11:57'),
(319, 'Marisel Estacio', '36835424', '3162132948', 1, '36835424@defaultmail.com', 'dist/img/user-default-min.jpg', 'Salahonda, Francisco Pizarro', NULL, NULL, '$2y$10$3LMF6G2aqpv6hue0ZaCNE.NHh8g76u02hw5A.fUFqxLFmuxrH3Iee', 6, 141, NULL, '2023-01-10 20:17:27', '2023-01-10 20:17:50'),
(320, 'Informe de contexto - Francisco Pizarro', '22222222', '222222222', 1, 'franciscopizarro@defaultmail.com', 'dist/img/user-default-min.jpg', 'Francisco Pizarro, Pacifico Sur, Nariño', NULL, NULL, '$2y$10$vbe6wlqeMIILXNViS0SoJuXCkpyRCjItGmUTUOA4nHKA3hyAmuFJC', 6, 141, NULL, '2023-01-10 20:21:35', '2023-01-10 20:21:56'),
(321, 'Flor de María Barreiro Pérez', '59672760', '3113004986', 1, 'barreiroperezflormaria@gmail.com', 'dist/img/user-default-min.jpg', 'Cali, Valle del Cauca', NULL, NULL, '$2y$10$plPFyDOwrFkih4SbkMdRbuIwnWFZLbGo/7vFnqbWWUv.swY0yZuTS', 6, 141, NULL, '2023-01-10 20:38:30', '2023-01-10 20:38:44'),
(322, 'Omaira Taicus', '36861113', '3104384482', 1, '36861113@defaultmail.com', 'dist/img/user-default-min.jpg', 'Altaquer', NULL, NULL, '$2y$10$o4TZhO0aGtxv3Qkejjb.3OkDqAjApKmuBOf0Y8cXHcPpGRHVgAmQO', 6, 141, NULL, '2023-01-10 20:42:00', '2023-01-10 20:45:30'),
(323, 'Prueba2', '12345678', '3107321638', 1, 'prueba2@gmail.com', 'dist/img/user-default-min.jpg', 'Sin direccion', NULL, NULL, '$2y$10$ias55e6D3rc57U7CCAebV.gXko68X9saT9CtI83oGAJa/81ta9Iu2', 6, 141, '', '2023-01-13 16:58:14', '2023-01-13 16:58:52'),
(324, 'prueba 3', '90807060', '3107321638', 1, 'prueba3@gmail.com', 'dist/img/user-default-min.jpg', 'Sin direccion', NULL, NULL, '$2y$10$6mKNFySDlqho.akxueOQuuY9L3pbelwBpoFacmsTYo0eJ5q6ufcmq', 6, 141, '$2y$10$zCmB1IBiKkwGw6.cg7Pl.ODdGCQA7JwK9yusx7wxeNWsn2ibIhGW', '2023-01-13 17:02:29', '2023-01-13 17:03:27');

-- --------------------------------------------------------

--
-- Estructura de tabla para la tabla `users_mail_notification`
--

CREATE TABLE `users_mail_notification` (
  `id` bigint(20) UNSIGNED NOT NULL,
  `show_notification_date` date DEFAULT NULL,
  `token` varchar(255) DEFAULT NULL,
  `access_address` longtext DEFAULT NULL,
  `user_id` bigint(20) UNSIGNED NOT NULL,
  `caselog_id` int(12) NOT NULL,
  `created_at` timestamp NULL DEFAULT NULL,
  `updated_at` timestamp NULL DEFAULT NULL
) ENGINE=InnoDB DEFAULT CHARSET=utf8mb4 COLLATE=utf8mb4_unicode_ci;

-- --------------------------------------------------------

--
-- Estructura de tabla para la tabla `user_access`
--

CREATE TABLE `user_access` (
  `id` bigint(20) UNSIGNED NOT NULL,
  `access_address` varchar(255) NOT NULL,
  `token_pc` varchar(255) NOT NULL,
  `entry_date` datetime NOT NULL,
  `out_date` datetime DEFAULT NULL,
  `user_id` bigint(20) UNSIGNED NOT NULL,
  `confirm` tinyint(1) NOT NULL DEFAULT 0,
  `token_confirm` varchar(255) DEFAULT NULL,
  `locked` tinyint(1) NOT NULL DEFAULT 0,
  `logout` tinyint(1) NOT NULL DEFAULT 0,
  `created_at` timestamp NULL DEFAULT NULL,
  `updated_at` timestamp NULL DEFAULT NULL
) ENGINE=InnoDB DEFAULT CHARSET=utf8mb4 COLLATE=utf8mb4_unicode_ci;

--
-- Volcado de datos para la tabla `user_access`
--

INSERT INTO `user_access` (`id`, `access_address`, `token_pc`, `entry_date`, `out_date`, `user_id`, `confirm`, `token_confirm`, `locked`, `logout`, `created_at`, `updated_at`) VALUES
(610, '{\"ip\":\"190.67.191.95\",\"country\":\"Colombia\",\"city\":\"Monter\\u00eda\",\"os\":\"Windows 10\",\"browser\":\"Chrome\",\"time\":\"2020-11-27 11:27:59\"}', '$2y$10$umAIcjxSj29uJYPUJi80.nCt89e1sNBHKMoCdRMkY0uFZhMM.2', '2020-11-27 11:27:59', '2020-11-27 11:40:50', 1, 0, '$2y$10$ytTjEG35cUghvY.eNQoMOn6AYXDH2r.M85xgxWWgeYLaYeZ3JN7W', 0, 0, '2020-11-27 16:27:59', '2020-11-27 16:40:50'),
(611, '{\"ip\":\"190.67.191.95\",\"country\":\"Colombia\",\"city\":\"Monter\\u00eda\",\"os\":\"Windows 10\",\"browser\":\"Chrome\",\"time\":\"2020-11-27 12:03:02\"}', '$2y$10$umAIcjxSj29uJYPUJi80.nCt89e1sNBHKMoCdRMkY0uFZhMM.2', '2020-11-27 12:03:02', '2020-11-27 12:10:44', 1, 0, '$2y$10$MrAeH.1gAKOmXdzb8KUNfOdolXbQJlDh8q2MaBgFj2zTlUqjyHRy', 0, 0, '2020-11-27 17:03:02', '2020-11-27 17:10:44'),
(619, '{\"ip\":\"190.67.191.95\",\"country\":\"Colombia\",\"city\":\"Monter\\u00eda\",\"os\":\"Windows 10\",\"browser\":\"Chrome\",\"time\":\"2020-11-27 12:32:32\"}', '$2y$10$umAIcjxSj29uJYPUJi80.nCt89e1sNBHKMoCdRMkY0uFZhMM.2', '2020-11-27 12:32:31', '2020-11-27 12:39:21', 1, 0, '$2y$10$7TMurGxXImPetpbWB6xJpe003lfbsR9l8QdLWkgjGpTC5TinWbY6', 0, 0, '2020-11-27 17:32:32', '2020-11-27 17:39:21'),
(622, '{\"ip\":\"170.247.0.209\",\"country\":\"Colombia\",\"city\":\"Pasto\",\"os\":\"Windows 10\",\"browser\":\"Chrome\",\"time\":\"2020-11-27 16:24:15\"}', '$2y$10$u3vzSXWRLY24DmpMdhUN6uSf3uGKsVTDV8gwlaP1ttXGc15bDAKdK', '2020-11-27 16:24:14', NULL, 1, 0, '$2y$10$lLixn8NGOzOpR1xSV1biv.mJ549Bx.YCKs1Ve11rbjwZbw8RbG4Ka', 0, 0, '2020-11-27 21:24:15', '2020-11-27 21:24:15'),
(624, '{\"ip\":\"170.247.0.209\",\"country\":\"Colombia\",\"city\":\"Pasto\",\"os\":\"Windows 10\",\"browser\":\"Chrome\",\"time\":\"2020-11-27 16:25:58\"}', '$2y$10$c4KR1wqV2s4zjpqzdhzQuuR3JAvenTHQjIzY0mTt73rGiiMFQ.S', '2020-11-27 16:25:58', NULL, 53, 0, '$2y$10$Bh9NBnzFQUP46KhtuWxX7u03.9MaCI7I0j1nKhlOchYrjGT5zvgxO', 0, 0, '2020-11-27 21:25:58', '2020-11-27 21:25:58'),
(628, '{\"ip\":\"191.106.189.170\",\"country\":\"Colombia\",\"city\":\"Santiago de Cali\",\"os\":\"Windows 10\",\"browser\":\"Chrome\",\"time\":\"2020-11-30 10:50:27\"}', '$2y$10$umAIcjxSj29uJYPUJi80.nCt89e1sNBHKMoCdRMkY0uFZhMM.2', '2020-11-30 10:50:27', NULL, 1, 0, '$2y$10$P8oROyrkmBvbRq5RLq96uMgTu7yroH5F14lIPkW5QppQJlt6En6', 0, 0, '2020-11-30 15:50:27', '2020-11-30 15:50:27'),
(629, '{\"ip\":\"191.106.129.102\",\"country\":\"Colombia\",\"city\":\"Santiago de Cali\",\"os\":\"Windows 10\",\"browser\":\"Chrome\",\"time\":\"2020-12-01 17:16:22\"}', '$2y$10$umAIcjxSj29uJYPUJi80.nCt89e1sNBHKMoCdRMkY0uFZhMM.2', '2020-12-01 17:16:21', '2020-12-01 17:23:08', 1, 0, '$2y$10$.kCCOS36bWwRKtrxSzZvm.kDc8G6K.D5.emi83R8dkkDWU7bbhY6', 0, 0, '2020-12-01 22:16:22', '2020-12-01 22:23:08'),
(631, '{\"ip\":\"190.121.158.235\",\"country\":\"Colombia\",\"city\":\"Pasto\",\"os\":\"Windows 10\",\"browser\":\"Chrome\",\"time\":\"2020-12-07 17:44:43\"}', '$2y$10$PZUhhAYlJIOHIbBycGcC.e4JtCyn4prDPL02GxQ9HMK2eBwZuMrC', '2020-12-07 17:44:43', NULL, 53, 0, '$2y$10$mPM8jUdCUYecYc9GKmdN9OASy9iLVjpBhmtiWDBSn7dqvvqO3msJq', 0, 0, '2020-12-07 22:44:43', '2020-12-07 22:44:43'),
(632, '{\"ip\":\"190.121.158.235\",\"country\":\"Colombia\",\"city\":\"Pasto\",\"os\":\"Windows 10\",\"browser\":\"Chrome\",\"time\":\"2020-12-09 09:34:53\"}', '$2y$10$c4KR1wqV2s4zjpqzdhzQuuR3JAvenTHQjIzY0mTt73rGiiMFQ.S', '2020-12-09 09:34:52', NULL, 53, 0, '$2y$10$jpm8OkGFfldY.wR2CVQPAOm2Zizswn5zyuOeDPIXca3mwGstROZW', 0, 0, '2020-12-09 14:34:53', '2020-12-09 14:34:53'),
(633, '{\"ip\":\"190.121.158.235\",\"country\":\"Colombia\",\"city\":\"Pasto\",\"os\":\"Windows 10\",\"browser\":\"Chrome\",\"time\":\"2020-12-10 10:57:01\"}', '$2y$10$c4KR1wqV2s4zjpqzdhzQuuR3JAvenTHQjIzY0mTt73rGiiMFQ.S', '2020-12-10 10:57:00', '2020-12-10 11:02:38', 53, 0, '$2y$10$oIloXQ9irenBPvcK6WDFCO2yGJepQnY6fmX4JJx0ExRjUNOghaEhS', 0, 0, '2020-12-10 15:57:01', '2020-12-10 16:02:38'),
(634, '{\"ip\":\"190.121.158.235\",\"country\":\"Colombia\",\"city\":\"Pasto\",\"os\":\"Windows 10\",\"browser\":\"Chrome\",\"time\":\"2020-12-10 11:02:44\"}', '$2y$10$c4KR1wqV2s4zjpqzdhzQuuR3JAvenTHQjIzY0mTt73rGiiMFQ.S', '2020-12-10 11:02:43', '2020-12-10 11:03:04', 53, 0, '$2y$10$Ty3n8vVe7Ua7SZ.DWNIinufWjy8A4MIm4K4PTZBQoeRVGw89DtjC', 0, 0, '2020-12-10 16:02:44', '2020-12-10 16:03:04'),
(635, '{\"ip\":\"190.121.158.235\",\"country\":\"Colombia\",\"city\":\"Pasto\",\"os\":\"Windows 10\",\"browser\":\"Chrome\",\"time\":\"2020-12-10 11:05:07\"}', '$2y$10$Q7gzerskJsXcn6oARIH1cetqMEERPNaDlPzMjWVxGN.Nxa22nbD6i', '2020-12-10 11:05:06', NULL, 64, 0, '$2y$10$a7OEB0IaXA1xy9x5CUYZJOqtNTUjT2dFf2FrDBdXF4EZtp85WSbtG', 0, 0, '2020-12-10 16:05:07', '2020-12-10 16:05:07'),
(636, '{\"ip\":\"190.121.158.235\",\"country\":\"Colombia\",\"city\":\"Pasto\",\"os\":\"Windows 10\",\"browser\":\"Chrome\",\"time\":\"2020-12-10 11:05:29\"}', '$2y$10$c4KR1wqV2s4zjpqzdhzQuuR3JAvenTHQjIzY0mTt73rGiiMFQ.S', '2020-12-10 11:05:29', NULL, 53, 0, '$2y$10$klMI8wVZP4aTCZyAxQ23ouXYHLAljKZy3DaBz3Wp30ktUc3EflA.W', 0, 0, '2020-12-10 16:05:29', '2020-12-10 16:05:29'),
(637, '{\"ip\":\"186.119.9.29\",\"country\":\"Colombia\",\"city\":\"Santiago de Cali\",\"os\":\"Windows 10\",\"browser\":\"Chrome\",\"time\":\"2020-12-10 14:47:51\"}', '$2y$10$umAIcjxSj29uJYPUJi80.nCt89e1sNBHKMoCdRMkY0uFZhMM.2', '2020-12-10 14:47:51', '2020-12-10 14:52:37', 1, 0, '$2y$10$PNC3DssA9c.QW84fjAkVTexXQuospTEtVDOyDxazl22sfKjtKvwUm', 0, 0, '2020-12-10 19:47:51', '2020-12-10 19:52:37'),
(638, '{\"ip\":\"186.119.9.29\",\"country\":\"Colombia\",\"city\":\"Santiago de Cali\",\"os\":\"Windows 10\",\"browser\":\"Chrome\",\"time\":\"2020-12-10 14:53:26\"}', '$2y$10$umAIcjxSj29uJYPUJi80.nCt89e1sNBHKMoCdRMkY0uFZhMM.2', '2020-12-10 14:53:26', '2020-12-10 14:54:12', 1, 0, '$2y$10$bi9wyec9.IPKes9BOd0Ibe9q0EowqBWcd28rftu0Mz14pMJ2DfbZW', 0, 0, '2020-12-10 19:53:26', '2020-12-10 19:54:12'),
(639, '{\"ip\":\"186.119.9.29\",\"country\":\"Colombia\",\"city\":\"Santiago de Cali\",\"os\":\"Windows 10\",\"browser\":\"Chrome\",\"time\":\"2020-12-10 14:57:31\"}', '$2y$10$umAIcjxSj29uJYPUJi80.nCt89e1sNBHKMoCdRMkY0uFZhMM.2', '2020-12-10 14:57:31', NULL, 1, 0, '$2y$10$X8pJDrTn4IUyQ.JlE9dA7uOmQjT3qW8IuYV97zRmhT7EcP5SAKOhW', 0, 0, '2020-12-10 19:57:31', '2020-12-10 19:57:31'),
(640, '{\"ip\":\"190.253.177.13\",\"country\":\"Colombia\",\"city\":\"Bogot\\u00e1\",\"os\":\"Windows 10\",\"browser\":\"Chrome\",\"time\":\"2020-12-11 09:57:18\"}', '$2y$10$c4KR1wqV2s4zjpqzdhzQuuR3JAvenTHQjIzY0mTt73rGiiMFQ.S', '2020-12-11 09:57:17', NULL, 53, 0, '$2y$10$rlbNwTgxx0x4h6Ql.1xMX.4G51nM4m.TW2W94Vtpz13GxZcU4lvG', 0, 0, '2020-12-11 14:57:18', '2020-12-11 14:57:18'),
(641, '{\"ip\":\"190.121.158.235\",\"country\":\"Colombia\",\"city\":\"Pasto\",\"os\":\"Windows 10\",\"browser\":\"Chrome\",\"time\":\"2020-12-14 08:53:06\"}', '$2y$10$c4KR1wqV2s4zjpqzdhzQuuR3JAvenTHQjIzY0mTt73rGiiMFQ.S', '2020-12-14 08:53:06', NULL, 53, 0, '$2y$10$RSNLfUgZf.WxLCzs7GLXF.yIE0MqvSFFEZC3suXFogjlu3TxuF6S', 0, 0, '2020-12-14 13:53:06', '2020-12-14 13:53:06'),
(650, '{\"ip\":\"190.121.158.235\",\"country\":\"Colombia\",\"city\":\"Pasto\",\"os\":\"Windows 10\",\"browser\":\"Chrome\",\"time\":\"2020-12-16 12:43:28\"}', '$2y$10$c4KR1wqV2s4zjpqzdhzQuuR3JAvenTHQjIzY0mTt73rGiiMFQ.S', '2020-12-16 12:43:28', NULL, 53, 0, '$2y$10$zAgrRwYodRh8QbWXcm12gOv2sMaQ8Awzb2B8X5mXDFtXBMs4.wkS', 0, 0, '2020-12-16 17:43:28', '2020-12-16 17:43:28'),
(651, '{\"ip\":\"190.121.158.235\",\"country\":\"Colombia\",\"city\":\"Pasto\",\"os\":\"Windows 10\",\"browser\":\"Chrome\",\"time\":\"2020-12-21 11:25:58\"}', '$2y$10$c4KR1wqV2s4zjpqzdhzQuuR3JAvenTHQjIzY0mTt73rGiiMFQ.S', '2020-12-21 11:25:57', NULL, 53, 0, '$2y$10$XdkTrP2nryeMPwtGSqZnz.7UrM4fWicib0ix36MrVXReEjLoSQzSO', 0, 0, '2020-12-21 16:25:58', '2020-12-21 16:25:58'),
(652, '{\"ip\":\"190.121.158.235\",\"country\":\"Colombia\",\"city\":\"Pasto\",\"os\":\"Windows 10\",\"browser\":\"Chrome\",\"time\":\"2020-12-21 15:27:37\"}', '$2y$10$c4KR1wqV2s4zjpqzdhzQuuR3JAvenTHQjIzY0mTt73rGiiMFQ.S', '2020-12-21 15:27:37', NULL, 53, 0, '$2y$10$Rv6xboIUhZyJUqAczWDAOF9n8LkPNLErtj25YR8juyBcAqNteru', 0, 0, '2020-12-21 20:27:37', '2020-12-21 20:27:37'),
(654, '{\"ip\":\"190.121.158.235\",\"country\":\"Colombia\",\"city\":\"Pasto\",\"os\":\"Windows 10\",\"browser\":\"Chrome\",\"time\":\"2020-12-30 15:14:06\"}', '$2y$10$c4KR1wqV2s4zjpqzdhzQuuR3JAvenTHQjIzY0mTt73rGiiMFQ.S', '2020-12-30 15:14:05', NULL, 53, 0, '$2y$10$SCeCp7uJLp32UiJPDAMqIus9sMdaOk.JXXXS8sRmoTbTymx.LdXNO', 0, 0, '2020-12-30 20:14:06', '2020-12-30 20:14:06'),
(655, '{\"ip\":\"190.121.158.235\",\"country\":\"Colombia\",\"city\":\"Pasto\",\"os\":\"Windows 10\",\"browser\":\"Chrome\",\"time\":\"2021-01-06 13:04:29\"}', '$2y$10$c4KR1wqV2s4zjpqzdhzQuuR3JAvenTHQjIzY0mTt73rGiiMFQ.S', '2021-01-06 13:04:29', NULL, 53, 0, '$2y$10$ogt8tis1RxCD.Cn0ZJkBethDcaJDnbxsjLm2qhl6YBWhSCHRTO', 0, 0, '2021-01-06 18:04:29', '2021-01-06 18:04:29'),
(656, '{\"ip\":\"190.121.158.235\",\"country\":\"Colombia\",\"city\":\"Pasto\",\"os\":\"Windows 10\",\"browser\":\"Chrome\",\"time\":\"2021-01-06 15:40:28\"}', '$2y$10$c4KR1wqV2s4zjpqzdhzQuuR3JAvenTHQjIzY0mTt73rGiiMFQ.S', '2021-01-06 15:40:28', NULL, 53, 0, '$2y$10$N59FNCMNtUUqkmmSmYUp.Z2tVLk0pKRZh6OWYU72QpS4VpVz.jl.', 0, 0, '2021-01-06 20:40:28', '2021-01-06 20:40:28'),
(657, '{\"ip\":\"181.53.170.61\",\"country\":\"Colombia\",\"city\":\"Pasto\",\"os\":\"Windows 10\",\"browser\":\"Chrome\",\"time\":\"2021-01-06 18:53:43\"}', '$2y$10$T.yKLkZ.dwAQgTJJcbjJOHWO4lcwR8HPp4H4.6ZojodIvRC3sGeO', '2021-01-06 18:53:43', '2021-01-06 18:56:13', 54, 0, '$2y$10$7UH7JRZp3.qBXd54TanTIeGUqOFq1crTUzd8c4a5Bt0.3lQ5UJ7k2', 0, 0, '2021-01-06 23:53:43', '2021-01-06 23:56:13'),
(659, '{\"ip\":\"190.121.158.235\",\"country\":\"Hay problemas con la API\",\"city\":\"Hay problemas con la API\",\"os\":\"Windows 10\",\"browser\":\"Chrome\",\"time\":\"2021-01-12 15:25:24\"}', '$2y$10$c4KR1wqV2s4zjpqzdhzQuuR3JAvenTHQjIzY0mTt73rGiiMFQ.S', '2021-01-12 15:25:23', '2021-01-12 16:29:10', 53, 0, '$2y$10$Ils1Lg8o6YDV3nocO9pZm.1k3B9JBPUGWux2QBBfGPrfqK3J7dehq', 0, 0, '2021-01-12 20:25:24', '2021-01-12 21:29:10'),
(660, '{\"ip\":\"190.121.158.235\",\"country\":\"Hay problemas con la API\",\"city\":\"Hay problemas con la API\",\"os\":\"Windows 10\",\"browser\":\"Chrome\",\"time\":\"2021-01-12 16:34:27\"}', '$2y$10$c4KR1wqV2s4zjpqzdhzQuuR3JAvenTHQjIzY0mTt73rGiiMFQ.S', '2021-01-12 16:34:27', NULL, 53, 0, '$2y$10$VOZTkJ9SYL45rXRcXiV7w.b3Jq7P5OHOtsrACJc8GdPiXGooPSdQK', 0, 0, '2021-01-12 21:34:27', '2021-01-12 21:34:27'),
(661, '{\"ip\":\"200.31.23.229\",\"country\":\"Colombia\",\"city\":\"Ipiales\",\"os\":\"Android\",\"browser\":\"Handheld Browser\",\"time\":\"2021-01-12 17:02:54\"}', '$2y$10$zAYif7tdgnEmmOI9VVOLuwd30ECuua2JYlN4d8zKOVS1hEvp.1bW', '2021-01-12 17:02:54', NULL, 65, 0, '$2y$10$OPb7gnVdvw.It6ev4QuOLufxzIh8F8NpSkQdUQSKodl6zaPZsgy', 0, 0, '2021-01-12 22:02:54', '2021-01-12 22:02:54'),
(662, '{\"ip\":\"200.31.23.229\",\"country\":\"Colombia\",\"city\":\"Ipiales\",\"os\":\"Android\",\"browser\":\"Handheld Browser\",\"time\":\"2021-01-12 17:12:14\"}', '$2y$10$B6SAqrgCNolNdoWeGo6fy.ZQR3uGIQDKBCwlIbdqxEam2EPfkr99S', '2021-01-12 17:12:14', NULL, 65, 0, '$2y$10$wUt989CpaTm48GtlzNjwZOuXFrXRuDH1f5gk7zCkPI73DmGRHCqCu', 0, 0, '2021-01-12 22:12:14', '2021-01-12 22:12:14'),
(663, '{\"ip\":\"186.119.8.143\",\"country\":\"Colombia\",\"city\":\"Hay problemas con la API\",\"os\":\"Windows 10\",\"browser\":\"Chrome\",\"time\":\"2021-01-12 17:14:21\"}', '$2y$10$umAIcjxSj29uJYPUJi80.nCt89e1sNBHKMoCdRMkY0uFZhMM.2', '2021-01-12 17:14:21', '2021-01-12 17:15:22', 1, 0, '$2y$10$rBh1Wjpsd9Icm2hCuyapKuJ28ouqy2qIB0YYY36nD3NDcAqQbmjC', 0, 0, '2021-01-12 22:14:21', '2021-01-12 22:15:22'),
(664, '{\"ip\":\"181.53.170.61\",\"country\":\"Colombia\",\"city\":\"Pasto\",\"os\":\"Windows 10\",\"browser\":\"Chrome\",\"time\":\"2021-01-12 17:35:01\"}', '$2y$10$T.yKLkZ.dwAQgTJJcbjJOHWO4lcwR8HPp4H4.6ZojodIvRC3sGeO', '2021-01-12 17:35:01', NULL, 54, 0, '$2y$10$Su5UrQQ24SNsgmCcnNQwuYklacd0SiHt8p8kkhY8rG4DZWiOa.m', 0, 0, '2021-01-12 22:35:01', '2021-01-12 22:35:01'),
(665, '{\"ip\":\"200.31.23.229\",\"country\":\"Colombia\",\"city\":\"Ipiales\",\"os\":\"Android\",\"browser\":\"Handheld Browser\",\"time\":\"2021-01-13 08:59:03\"}', '$2y$10$B6SAqrgCNolNdoWeGo6fy.ZQR3uGIQDKBCwlIbdqxEam2EPfkr99S', '2021-01-13 08:59:03', NULL, 65, 0, '$2y$10$FkyKiV7hgjO3llDCo5HH.ctzcYNJbcGS4SJPDeGqcGjbrY.p0eaO', 0, 0, '2021-01-13 13:59:03', '2021-01-13 13:59:03'),
(666, '{\"ip\":\"190.121.158.235\",\"country\":\"Colombia\",\"city\":\"Pasto\",\"os\":\"Windows 10\",\"browser\":\"Chrome\",\"time\":\"2021-01-13 10:49:46\"}', '$2y$10$c4KR1wqV2s4zjpqzdhzQuuR3JAvenTHQjIzY0mTt73rGiiMFQ.S', '2021-01-13 10:49:46', NULL, 53, 0, '$2y$10$K7jaFowebPtcuZmIrZPuM.9RRFOQAZIwfIKnXulWWeZR9jQUEBtOa', 0, 0, '2021-01-13 15:49:46', '2021-01-13 15:49:46'),
(667, '{\"ip\":\"186.119.13.193\",\"country\":\"Colombia\",\"city\":\"Pasto\",\"os\":\"Windows 10\",\"browser\":\"Chrome\",\"time\":\"2021-01-13 15:25:27\"}', '$2y$10$umAIcjxSj29uJYPUJi80.nCt89e1sNBHKMoCdRMkY0uFZhMM.2', '2021-01-13 15:25:27', NULL, 1, 0, '$2y$10$3NGWPZQjkuv3wSsicbpwC.o2xWyHi6HhTKkVP2rhHCzvOJDRy50EG', 0, 0, '2021-01-13 20:25:27', '2021-01-13 20:25:27'),
(668, '{\"ip\":\"190.121.158.235\",\"country\":\"Colombia\",\"city\":\"Pasto\",\"os\":\"Windows 10\",\"browser\":\"Chrome\",\"time\":\"2021-01-14 09:18:48\"}', '$2y$10$c4KR1wqV2s4zjpqzdhzQuuR3JAvenTHQjIzY0mTt73rGiiMFQ.S', '2021-01-14 09:18:47', NULL, 53, 0, '$2y$10$cxjiIeUDkOJkitpowacwneC6PQ0EMUnC3doCmArrDHaWFEAMuptk.', 0, 0, '2021-01-14 14:18:48', '2021-01-14 14:18:48'),
(669, '{\"ip\":\"190.121.158.235\",\"country\":\"Colombia\",\"city\":\"Pasto\",\"os\":\"Windows 10\",\"browser\":\"Chrome\",\"time\":\"2021-01-14 12:24:44\"}', '$2y$10$c4KR1wqV2s4zjpqzdhzQuuR3JAvenTHQjIzY0mTt73rGiiMFQ.S', '2021-01-14 12:24:43', NULL, 53, 0, '$2y$10$IX6yglWwLgmG9GB8C7fske3sP9eiXJvz7caEbm6H3.MZHjdjtJpUG', 0, 0, '2021-01-14 17:24:44', '2021-01-14 17:24:44'),
(670, '{\"ip\":\"190.67.190.8\",\"country\":\"Colombia\",\"city\":\"Pasto\",\"os\":\"Windows 10\",\"browser\":\"Chrome\",\"time\":\"2021-01-14 15:10:05\"}', '$2y$10$umAIcjxSj29uJYPUJi80.nCt89e1sNBHKMoCdRMkY0uFZhMM.2', '2021-01-14 15:10:05', NULL, 1, 0, '$2y$10$yZvH6nn2VYBDcOTrnSp8uI5Py1zDlEwdFZPe7eBIbzCF3ma87lG', 0, 0, '2021-01-14 20:10:05', '2021-01-14 20:10:05'),
(671, '{\"ip\":\"190.67.190.8\",\"country\":\"Colombia\",\"city\":\"Pasto\",\"os\":\"Android\",\"browser\":\"Handheld Browser\",\"time\":\"2021-01-14 16:10:48\"}', '$2y$10$0uGrQDlX9HNgwZI5i8YWu.9gndR8YYhjFP2jqyO7NVx7hwukUey', '2021-01-14 16:10:48', NULL, 1, 0, '$2y$10$SzKUyNHXL9hvYWPQTQXmheBfWz369Un0kHuOLmRr72BYIKdb16Yum', 0, 0, '2021-01-14 21:10:48', '2021-01-14 21:10:48'),
(672, '{\"ip\":\"190.121.158.235\",\"country\":\"Colombia\",\"city\":\"Pasto\",\"os\":\"Windows 10\",\"browser\":\"Chrome\",\"time\":\"2021-01-14 16:13:16\"}', '$2y$10$c4KR1wqV2s4zjpqzdhzQuuR3JAvenTHQjIzY0mTt73rGiiMFQ.S', '2021-01-14 16:13:16', NULL, 53, 0, '$2y$10$ZnXQs7DDJn9lQeVPXNi08uRtjbe.oKvLuhJtfVTEkhHMjjIONWx0O', 0, 0, '2021-01-14 21:13:16', '2021-01-14 21:13:16'),
(673, '{\"ip\":\"181.62.56.106\",\"country\":\"Colombia\",\"city\":\"Pasto\",\"os\":\"Windows 10\",\"browser\":\"Chrome\",\"time\":\"2021-01-18 18:10:40\"}', '$2y$10$3Q3WLWG4zRZGshTFZ08zu.uIBk12ZaKApwzng5CyJV6zD1ECs0W', '2021-01-18 18:10:39', NULL, 66, 0, '$2y$10$fLzQ3AUazv5lfo1Lz2mezuqtDDfXaUe4eCAkH5tURcXwOxiGr49.', 0, 0, '2021-01-18 23:10:40', '2021-01-18 23:10:40'),
(674, '{\"ip\":\"190.121.158.235\",\"country\":\"Colombia\",\"city\":\"Pasto\",\"os\":\"Android\",\"browser\":\"Handheld Browser\",\"time\":\"2021-01-18 18:12:48\"}', '$2y$10$xPkDXgAiPt6uy.LUo1NGumsGs9XfMp68PDptcbP6xRj4FepWu.', '2021-01-18 18:12:47', NULL, 53, 0, '$2y$10$4dnMi7ZsFyiMz4s.70..VzatLFcAUJD1v7L1wnDu8EaHw.jSOm', 0, 0, '2021-01-18 23:12:48', '2021-01-18 23:12:48'),
(675, '{\"ip\":\"181.62.56.106\",\"country\":\"Colombia\",\"city\":\"Pasto\",\"os\":\"Windows 10\",\"browser\":\"Chrome\",\"time\":\"2021-01-18 18:36:03\"}', '$2y$10$koWRUJpA6U9mg2ytkBNPjOVNKdVdgYR3QisoevUnm7tUvisEyOHG2', '2021-01-18 18:36:03', NULL, 66, 0, '$2y$10$a.zvdkapsQIofelKWjtjze8ORNCsJIQsXb1W2gWhYTdmWd4D99Im', 0, 0, '2021-01-18 23:36:03', '2021-01-18 23:36:03'),
(676, '{\"ip\":\"190.121.158.235\",\"country\":\"Colombia\",\"city\":\"Pasto\",\"os\":\"Android\",\"browser\":\"Handheld Browser\",\"time\":\"2021-01-19 17:12:33\"}', '$2y$10$xPkDXgAiPt6uy.LUo1NGumsGs9XfMp68PDptcbP6xRj4FepWu.', '2021-01-19 17:12:33', NULL, 53, 0, '$2y$10$gfAodA8TcjnvB1sNLCVH.Oc8qKotiVJ.dDqNHEPWDVAA0.zm6s7w6', 0, 0, '2021-01-19 22:12:33', '2021-01-19 22:12:33'),
(677, '{\"ip\":\"190.67.190.8\",\"country\":\"Colombia\",\"city\":\"Pasto\",\"os\":\"Windows 10\",\"browser\":\"Chrome\",\"time\":\"2021-01-19 21:18:10\"}', '$2y$10$6AsPoK3.LKq3KnJYwHSJe8vlG9pBdCh42uOFdcBJivADMgwels2', '2021-01-19 21:18:09', '2021-01-19 21:38:13', 1, 0, '$2y$10$xt0oHAjUfYU0cT3Z1Of8uG2KIezzRsrNh0EOAG7VQKVnD94vK3aa', 0, 0, '2021-01-20 02:18:10', '2021-01-20 02:38:13'),
(681, '{\"ip\":\"181.53.170.61\",\"country\":\"Colombia\",\"city\":\"Pasto\",\"os\":\"Windows 10\",\"browser\":\"Chrome\",\"time\":\"2021-01-20 11:38:04\"}', '$2y$10$T.yKLkZ.dwAQgTJJcbjJOHWO4lcwR8HPp4H4.6ZojodIvRC3sGeO', '2021-01-20 11:38:04', '2021-01-20 11:40:07', 54, 0, '$2y$10$vIVMfyMyWNQEfkFbuvL3FevKsidLuIduBYRTEvzfPVKee9yQfUJ.K', 0, 0, '2021-01-20 16:38:04', '2021-01-20 16:40:07'),
(682, '{\"ip\":\"190.67.190.8\",\"country\":\"Colombia\",\"city\":\"Pasto\",\"os\":\"Windows 10\",\"browser\":\"Chrome\",\"time\":\"2021-01-20 22:18:19\"}', '$2y$10$t570dWJg77KB.O19dYa4Be9yQtGfz2OyN.946FDVP2ScayiYOAvha', '2021-01-20 22:18:18', NULL, 1, 0, '$2y$10$ZLiIL2cWTnktnL.dFOl6.72poTZGch3qQyYDtLtLaEWzzTOKap8u', 0, 0, '2021-01-21 03:18:19', '2021-01-21 03:18:19'),
(690, '{\"ip\":\"190.121.158.235\",\"country\":\"Colombia\",\"city\":\"Pasto\",\"os\":\"Android\",\"browser\":\"Handheld Browser\",\"time\":\"2021-01-22 09:22:56\"}', '$2y$10$xPkDXgAiPt6uy.LUo1NGumsGs9XfMp68PDptcbP6xRj4FepWu.', '2021-01-22 09:22:56', NULL, 53, 0, '$2y$10$dTqy2um5gghETEO24n2Uw.cmQhD06nEFXuvrbdjxRcL2RWkn4dsK', 0, 0, '2021-01-22 14:22:56', '2021-01-22 14:22:56'),
(691, '{\"ip\":\"181.62.56.106\",\"country\":\"Colombia\",\"city\":\"Pasto\",\"os\":\"Windows 10\",\"browser\":\"Chrome\",\"time\":\"2021-01-22 09:30:46\"}', '$2y$10$koWRUJpA6U9mg2ytkBNPjOVNKdVdgYR3QisoevUnm7tUvisEyOHG2', '2021-01-22 09:30:46', NULL, 66, 0, '$2y$10$5SC3sN2dVHntv3gRrnTtO.fEQfW1FkG5XigELgb4xc6OUbXpFdL.', 0, 0, '2021-01-22 14:30:46', '2021-01-22 14:30:46'),
(692, '{\"ip\":\"181.62.56.106\",\"country\":\"Colombia\",\"city\":\"Pasto\",\"os\":\"Windows 10\",\"browser\":\"Chrome\",\"time\":\"2021-01-23 15:40:28\"}', '$2y$10$pUrvPYZw2GAKsQ1pnNwsYOin.aERy3EqJjLRnAP3O.3737YHTVwi', '2021-01-23 15:40:27', NULL, 66, 0, '$2y$10$XQDEFS3Lop9LNlzyi8LZeLbLYCUd6GRezPQZXQuiSC0NVWsSWHJW', 0, 0, '2021-01-23 20:40:28', '2021-01-23 20:40:28'),
(693, '{\"ip\":\"190.121.158.235\",\"country\":\"Colombia\",\"city\":\"Pasto\",\"os\":\"Windows 10\",\"browser\":\"Chrome\",\"time\":\"2021-02-01 12:17:16\"}', '$2y$10$DOfpmDqha.NFezhlBl9D.Z9Nf8Mjj3Kf.xfmJ7Mf7VStEl29c.', '2021-02-01 12:17:16', NULL, 53, 0, '$2y$10$7hSbEVGOoopLB26NAHWuiAC3vVFkmGeN8TfNuInAvZdaesLHXce', 0, 0, '2021-02-01 17:17:16', '2021-02-01 17:17:16'),
(694, '{\"ip\":\"186.179.100.211\",\"country\":\"Colombia\",\"city\":\"Bogot\\u00e1\",\"os\":\"iPhone\",\"browser\":\"Handheld Browser\",\"time\":\"2021-02-01 18:14:34\"}', '$2y$10$eqtemnfQ9.Co69HlbCzP8uHN7X8luZWHAOWZ9UDAsaJIOGvuEg3K', '2021-02-01 18:14:34', NULL, 69, 0, '$2y$10$j83FjA9ckShCK.dZU8Unfuk.IHZ9BauiMWJytgoOznEUbLQ7h3CJG', 0, 0, '2021-02-01 23:14:34', '2021-02-01 23:14:34'),
(695, '{\"ip\":\"177.93.33.99\",\"country\":\"Colombia\",\"city\":\"\",\"os\":\"iPhone\",\"browser\":\"Handheld Browser\",\"time\":\"2021-02-01 18:24:24\"}', '$2y$10$XB1rSMHPzNKmFciuLxDxmevdjpvj76OOvg7MsQY525aUYkUTG9I2', '2021-02-01 18:24:24', NULL, 69, 0, '$2y$10$Jn091OetJQYNvbrqUnluYFYy0lxxDLAIOJ66SQLejiGfhJ561K', 0, 0, '2021-02-01 23:24:24', '2021-02-01 23:24:24'),
(696, '{\"ip\":\"190.121.158.235\",\"country\":\"Hay problemas con la API\",\"city\":\"Hay problemas con la API\",\"os\":\"Windows 10\",\"browser\":\"Chrome\",\"time\":\"2021-02-01 23:14:37\"}', '$2y$10$DOfpmDqha.NFezhlBl9D.Z9Nf8Mjj3Kf.xfmJ7Mf7VStEl29c.', '2021-02-01 23:14:37', NULL, 53, 0, '$2y$10$J7eRklqP94V2MYp.B2Kz4eU.Ufa682lLkIw77RYhMcmGChI5ewAdy', 0, 0, '2021-02-02 04:14:37', '2021-02-02 04:14:37'),
(697, '{\"ip\":\"45.173.7.194\",\"country\":\"Hay problemas con la API\",\"city\":\"Hay problemas con la API\",\"os\":\"iPhone\",\"browser\":\"Handheld Browser\",\"time\":\"2021-02-02 10:38:20\"}', '$2y$10$siYidErjzeSkzD8ri03kHOWoTC.YwIlEMAYyK60jmZoOL0pi0RUCS', '2021-02-02 10:38:20', NULL, 69, 0, '$2y$10$W25JDRENizqEbrEHc40zePTRD6LbCsAaT7GjH8WpFnFTqyJFXU4K', 0, 0, '2021-02-02 15:38:20', '2021-02-02 15:38:20'),
(698, '{\"ip\":\"45.173.7.194\",\"country\":\"Hay problemas con la API\",\"city\":\"Hay problemas con la API\",\"os\":\"Windows 10\",\"browser\":\"Chrome\",\"time\":\"2021-02-02 11:54:17\"}', '$2y$10$7EierKKIzZZs1SndMZEA7OpJueaFyZbUsuMWVthxB3bV.qGPcP9G', '2021-02-02 11:54:17', NULL, 69, 0, '$2y$10$YV1HQyUgWLv9R3AUzuT65.5w9z8gDQpanvc5yVTAQ9O1FE.9vP6WW', 0, 0, '2021-02-02 16:54:17', '2021-02-02 16:54:17'),
(699, '{\"ip\":\"190.121.158.235\",\"country\":\"Hay problemas con la API\",\"city\":\"Hay problemas con la API\",\"os\":\"Windows 10\",\"browser\":\"Chrome\",\"time\":\"2021-02-02 12:27:55\"}', '$2y$10$DOfpmDqha.NFezhlBl9D.Z9Nf8Mjj3Kf.xfmJ7Mf7VStEl29c.', '2021-02-02 12:27:55', NULL, 53, 0, '$2y$10$.Loevh6lzn1OC8WCWC3FO9NrSiSDvo1CikDAIiRuMVjpRcZr9kS', 0, 0, '2021-02-02 17:27:55', '2021-02-02 17:27:55'),
(700, '{\"ip\":\"190.121.158.235\",\"country\":\"Hay problemas con la API\",\"city\":\"Hay problemas con la API\",\"os\":\"Windows 10\",\"browser\":\"Chrome\",\"time\":\"2021-02-02 16:55:25\"}', '$2y$10$DOfpmDqha.NFezhlBl9D.Z9Nf8Mjj3Kf.xfmJ7Mf7VStEl29c.', '2021-02-02 16:55:25', NULL, 53, 0, '$2y$10$Hd9vlayIwva5ha1vHmZcnu2Ko0ZU1Iarv577OjbQ7ucN7SIubkWp.', 0, 0, '2021-02-02 21:55:25', '2021-02-02 21:55:25'),
(701, '{\"ip\":\"190.121.158.235\",\"country\":\"Hay problemas con la API\",\"city\":\"Hay problemas con la API\",\"os\":\"Windows 10\",\"browser\":\"Chrome\",\"time\":\"2021-02-03 16:00:11\"}', '$2y$10$DOfpmDqha.NFezhlBl9D.Z9Nf8Mjj3Kf.xfmJ7Mf7VStEl29c.', '2021-02-03 16:00:11', NULL, 53, 0, '$2y$10$z6wiohOCVkcf9CR1Rol4OQCwtbJZ6NhCZyLa9tLtNKelh1NLHyG', 0, 0, '2021-02-03 21:00:11', '2021-02-03 21:00:11'),
(714, '{\"ip\":\"190.121.158.235\",\"country\":\"Hay problemas con la API\",\"city\":\"Hay problemas con la API\",\"os\":\"Windows 10\",\"browser\":\"Chrome\",\"time\":\"2021-02-04 13:43:22\"}', '$2y$10$DOfpmDqha.NFezhlBl9D.Z9Nf8Mjj3Kf.xfmJ7Mf7VStEl29c.', '2021-02-04 13:43:22', NULL, 53, 0, '$2y$10$NfQ91CrzyE1sKYJrh6uloOBhPiCEFmixJvh2xVnPORIB2TuyZs9OG', 0, 0, '2021-02-04 18:43:22', '2021-02-04 18:43:22'),
(715, '{\"ip\":\"190.121.158.235\",\"country\":\"Hay problemas con la API\",\"city\":\"Hay problemas con la API\",\"os\":\"Windows 10\",\"browser\":\"Chrome\",\"time\":\"2021-02-05 16:34:08\"}', '$2y$10$DOfpmDqha.NFezhlBl9D.Z9Nf8Mjj3Kf.xfmJ7Mf7VStEl29c.', '2021-02-05 16:34:08', NULL, 53, 0, '$2y$10$kevRRdxqzteigdHhlhpGd.UgqDE2vuCQE6w9gkm6x0FUNuGHNjZA6', 0, 0, '2021-02-05 21:34:08', '2021-02-05 21:34:08'),
(716, '{\"ip\":\"190.121.158.235\",\"country\":\"Hay problemas con la API\",\"city\":\"Hay problemas con la API\",\"os\":\"Windows 10\",\"browser\":\"Chrome\",\"time\":\"2021-02-08 14:26:22\"}', '$2y$10$DOfpmDqha.NFezhlBl9D.Z9Nf8Mjj3Kf.xfmJ7Mf7VStEl29c.', '2021-02-08 14:26:22', NULL, 53, 0, '$2y$10$OPfEMZquUawR2nV91goPSe7YmuItI44IRR5E7NEG8QMpFpFYTKvPm', 0, 0, '2021-02-08 19:26:22', '2021-02-08 19:26:22'),
(717, '{\"ip\":\"186.179.100.211\",\"country\":\"Hay problemas con la API\",\"city\":\"Hay problemas con la API\",\"os\":\"iPhone\",\"browser\":\"Handheld Browser\",\"time\":\"2021-02-08 14:27:57\"}', '$2y$10$siYidErjzeSkzD8ri03kHOWoTC.YwIlEMAYyK60jmZoOL0pi0RUCS', '2021-02-08 14:27:57', NULL, 69, 0, '$2y$10$Zca8ydzY7fa.uX4jkIiJF.wLtxWcC271nIYK2lQEMZUI18kQFlCjy', 0, 0, '2021-02-08 19:27:57', '2021-02-08 19:27:57'),
(718, '{\"ip\":\"138.0.89.202\",\"country\":\"Hay problemas con la API\",\"city\":\"Hay problemas con la API\",\"os\":\"iPhone\",\"browser\":\"Handheld Browser\",\"time\":\"2021-02-09 14:20:05\"}', '$2y$10$siYidErjzeSkzD8ri03kHOWoTC.YwIlEMAYyK60jmZoOL0pi0RUCS', '2021-02-09 14:20:05', NULL, 69, 0, '$2y$10$Kv5ZFlcgjTVjGxSTjyjmDu1nbsLB6U66Qff9VBvHtCF74CYnTe3Te', 0, 0, '2021-02-09 19:20:05', '2021-02-09 19:20:05'),
(719, '{\"ip\":\"190.121.158.235\",\"country\":\"Hay problemas con la API\",\"city\":\"Hay problemas con la API\",\"os\":\"Windows 10\",\"browser\":\"Chrome\",\"time\":\"2021-02-11 14:30:05\"}', '$2y$10$DOfpmDqha.NFezhlBl9D.Z9Nf8Mjj3Kf.xfmJ7Mf7VStEl29c.', '2021-02-11 14:30:05', NULL, 53, 0, '$2y$10$bpBGck0LWbUnd6v.WHARumut5VH42Jpy5sFXf6MGRj4GId0sGFe', 0, 0, '2021-02-11 19:30:05', '2021-02-11 19:30:05'),
(721, '{\"ip\":\"190.121.158.235\",\"country\":\"Colombia\",\"city\":\"Pasto\",\"os\":\"Windows 10\",\"browser\":\"Chrome\",\"time\":\"2021-02-15 12:52:57\"}', '$2y$10$DOfpmDqha.NFezhlBl9D.Z9Nf8Mjj3Kf.xfmJ7Mf7VStEl29c.', '2021-02-15 12:52:56', NULL, 53, 0, '$2y$10$SZv2cTqQceOkpnHChJOKcOkclOaWKUu8w1X.w6XSowLT6kPf70Wiq', 0, 0, '2021-02-15 17:52:57', '2021-02-15 17:52:57'),
(722, '{\"ip\":\"190.121.158.235\",\"country\":\"Hay problemas con la API\",\"city\":\"Hay problemas con la API\",\"os\":\"Windows 10\",\"browser\":\"Chrome\",\"time\":\"2021-02-16 15:13:28\"}', '$2y$10$DOfpmDqha.NFezhlBl9D.Z9Nf8Mjj3Kf.xfmJ7Mf7VStEl29c.', '2021-02-16 15:13:28', NULL, 53, 0, '$2y$10$CS0UzrYAmejy4PcQTIOIGeLUs6WCaZYmjU6TMXlmYFj2A.IK72.', 0, 0, '2021-02-16 20:13:28', '2021-02-16 20:13:28'),
(723, '{\"ip\":\"190.121.158.235\",\"country\":\"Hay problemas con la API\",\"city\":\"Hay problemas con la API\",\"os\":\"Windows 10\",\"browser\":\"Chrome\",\"time\":\"2021-02-17 14:19:38\"}', '$2y$10$DOfpmDqha.NFezhlBl9D.Z9Nf8Mjj3Kf.xfmJ7Mf7VStEl29c.', '2021-02-17 14:19:38', '2021-02-17 15:57:34', 53, 0, '$2y$10$g71RLv4Bt68eymc2cR97B.L1w53uBddgXixHrjml1dsg7pdQkPfq', 0, 0, '2021-02-17 19:19:38', '2021-02-17 20:57:34'),
(724, '{\"ip\":\"190.121.158.235\",\"country\":\"Hay problemas con la API\",\"city\":\"Hay problemas con la API\",\"os\":\"Windows 10\",\"browser\":\"Chrome\",\"time\":\"2021-02-23 14:39:18\"}', '$2y$10$DOfpmDqha.NFezhlBl9D.Z9Nf8Mjj3Kf.xfmJ7Mf7VStEl29c.', '2021-02-23 14:39:18', NULL, 53, 0, '$2y$10$eATFg1Z2KJvWv1w8mrbrcutzxkQ58TIO3ASzeSwCvWctIQgj9t5ui', 0, 0, '2021-02-23 19:39:18', '2021-02-23 19:39:18'),
(726, '{\"ip\":\"161.18.59.71\",\"country\":\"Hay problemas con la API\",\"city\":\"Hay problemas con la API\",\"os\":\"Windows 10\",\"browser\":\"Chrome\",\"time\":\"2021-02-24 11:46:19\"}', '$2y$10$AGV8AyVtC2nu5P3NbRAY8.pz1k9DNwnXB481alUTX6UNALYnkE3CC', '2021-02-24 11:46:19', NULL, 1, 0, '$2y$10$9yPMyjToaLBOOHYhXBbJXuOXA8kFsi7fglmqs27B3UzUsNvI7vmG', 0, 0, '2021-02-24 16:46:19', '2021-02-24 16:46:19'),
(727, '{\"ip\":\"190.121.158.235\",\"country\":\"Hay problemas con la API\",\"city\":\"Hay problemas con la API\",\"os\":\"Windows 10\",\"browser\":\"Chrome\",\"time\":\"2021-02-26 17:14:18\"}', '$2y$10$DOfpmDqha.NFezhlBl9D.Z9Nf8Mjj3Kf.xfmJ7Mf7VStEl29c.', '2021-02-26 17:14:18', NULL, 53, 0, '$2y$10$kxZDHi81cp1ZGmplmRJjK.TU1Uho0bK55UcDdyQPAK4BRlHkpUczq', 0, 0, '2021-02-26 22:14:18', '2021-02-26 22:14:18'),
(728, '{\"ip\":\"186.99.162.127\",\"country\":\"Hay problemas con la API\",\"city\":\"Hay problemas con la API\",\"os\":\"Windows 10\",\"browser\":\"Chrome\",\"time\":\"2021-03-01 09:56:52\"}', '$2y$10$7usnhx3ASopbsWTsL7IWjOGh4UYUl6JkSBI0BoVGsBUKR9YAPNd6', '2021-03-01 09:56:52', NULL, 1, 0, '$2y$10$0QHIMvNz3bBQHhbnY6Zh4eaQLkVLp9J5FIJoUBfoftAG2Fhay1VtS', 0, 0, '2021-03-01 14:56:52', '2021-03-01 14:56:52'),
(729, '{\"ip\":\"186.99.162.127\",\"country\":\"Hay problemas con la API\",\"city\":\"Hay problemas con la API\",\"os\":\"Windows 10\",\"browser\":\"Chrome\",\"time\":\"2021-03-01 11:07:43\"}', '$2y$10$xGl1tp.aN.HzrS9PRYPQJ.TWO4xgyUlseBo3bUvRTqv6T2nLE1lK', '2021-03-01 11:07:42', '2021-03-01 13:11:23', 1, 0, '$2y$10$ND5tdP9gbjRAInZfyLogE.DVOPZJcpCvJL8LC8KLsngmf213gk9FG', 0, 0, '2021-03-01 16:07:43', '2021-03-01 18:11:23'),
(730, '{\"ip\":\"186.99.162.127\",\"country\":\"Hay problemas con la API\",\"city\":\"Hay problemas con la API\",\"os\":\"Windows 10\",\"browser\":\"Chrome\",\"time\":\"2021-03-01 13:11:42\"}', '$2y$10$xGl1tp.aN.HzrS9PRYPQJ.TWO4xgyUlseBo3bUvRTqv6T2nLE1lK', '2021-03-01 13:11:42', '2021-03-01 13:27:51', 1, 0, '$2y$10$zxWxhwhy0cJm8grG.JzvVOju9kD2zqOTkw90Ezup01BSZmv0CTB92', 0, 0, '2021-03-01 18:11:42', '2021-03-01 18:27:51'),
(733, '{\"ip\":\"186.99.162.127\",\"country\":\"Hay problemas con la API\",\"city\":\"Hay problemas con la API\",\"os\":\"Windows 10\",\"browser\":\"Chrome\",\"time\":\"2021-03-01 14:30:05\"}', '$2y$10$xGl1tp.aN.HzrS9PRYPQJ.TWO4xgyUlseBo3bUvRTqv6T2nLE1lK', '2021-03-01 14:30:05', '2021-03-01 14:43:21', 1, 0, '$2y$10$0VeNyX0aiIpFlUCOs1f2N.w1kPRYHXbvEgdHWJ4xKhPpHo8yNinJC', 0, 0, '2021-03-01 19:30:05', '2021-03-01 19:43:21'),
(735, '{\"ip\":\"186.99.162.127\",\"country\":\"Hay problemas con la API\",\"city\":\"Hay problemas con la API\",\"os\":\"Windows 10\",\"browser\":\"Chrome\",\"time\":\"2021-03-01 14:48:32\"}', '$2y$10$xGl1tp.aN.HzrS9PRYPQJ.TWO4xgyUlseBo3bUvRTqv6T2nLE1lK', '2021-03-01 14:48:32', '2021-03-01 14:48:37', 1, 0, '$2y$10$3JU.CNuD2wGSPhkTUJbQiOgQdmyHTFm0R3qHXXvFAyM6D8u1LmWs6', 0, 0, '2021-03-01 19:48:32', '2021-03-01 19:48:37'),
(737, '{\"ip\":\"186.99.162.127\",\"country\":\"Hay problemas con la API\",\"city\":\"Hay problemas con la API\",\"os\":\"Windows 10\",\"browser\":\"Chrome\",\"time\":\"2021-03-01 14:49:11\"}', '$2y$10$xGl1tp.aN.HzrS9PRYPQJ.TWO4xgyUlseBo3bUvRTqv6T2nLE1lK', '2021-03-01 14:49:11', '2021-03-01 14:49:22', 1, 0, '$2y$10$zH2.kf6OKJUIMh2aJdWIuTCtl39rwR.sh4Lk4YPzpU8zVuMz2gC', 0, 0, '2021-03-01 19:49:11', '2021-03-01 19:49:22'),
(741, '{\"ip\":\"186.99.162.127\",\"country\":\"Hay problemas con la API\",\"city\":\"Hay problemas con la API\",\"os\":\"Windows 10\",\"browser\":\"Chrome\",\"time\":\"2021-03-01 15:05:41\"}', '$2y$10$xGl1tp.aN.HzrS9PRYPQJ.TWO4xgyUlseBo3bUvRTqv6T2nLE1lK', '2021-03-01 15:05:41', '2021-03-01 15:06:05', 1, 0, '$2y$10$9d4abGy.JBvo2XQSu8vf.wtxnX4Y9QKpp1EC2dkhSsAdXWyviYlm', 0, 0, '2021-03-01 20:05:41', '2021-03-01 20:06:05'),
(744, '{\"ip\":\"186.99.162.127\",\"country\":\"Hay problemas con la API\",\"city\":\"Hay problemas con la API\",\"os\":\"Windows 10\",\"browser\":\"Chrome\",\"time\":\"2021-03-01 15:10:47\"}', '$2y$10$xGl1tp.aN.HzrS9PRYPQJ.TWO4xgyUlseBo3bUvRTqv6T2nLE1lK', '2021-03-01 15:10:47', '2021-03-01 15:24:29', 1, 0, '$2y$10$PPwpTNTm4ES81PfX8BI..oQkMHjuLatkmF.Yp25WBeDT1NqN5vFu', 0, 0, '2021-03-01 20:10:47', '2021-03-01 20:24:29'),
(745, '{\"ip\":\"190.121.158.235\",\"country\":\"Hay problemas con la API\",\"city\":\"Hay problemas con la API\",\"os\":\"Windows 10\",\"browser\":\"Chrome\",\"time\":\"2021-03-01 15:34:40\"}', '$2y$10$DOfpmDqha.NFezhlBl9D.Z9Nf8Mjj3Kf.xfmJ7Mf7VStEl29c.', '2021-03-01 15:34:40', NULL, 53, 0, '$2y$10$ezQHjeisKZ4djT1HsXhAD.odOlnAX35L72KqDdLIqe.vsWuA.ida', 0, 0, '2021-03-01 20:34:40', '2021-03-01 20:34:40'),
(746, '{\"ip\":\"186.99.162.127\",\"country\":\"Hay problemas con la API\",\"city\":\"Hay problemas con la API\",\"os\":\"Windows 10\",\"browser\":\"Chrome\",\"time\":\"2021-03-01 16:50:29\"}', '$2y$10$xGl1tp.aN.HzrS9PRYPQJ.TWO4xgyUlseBo3bUvRTqv6T2nLE1lK', '2021-03-01 16:50:29', '2021-03-01 16:54:41', 1, 0, '$2y$10$jFUgbDERpV2OcWZzJngNV.LjIUBhVybgjRvVP7ifHEtVfMDfvhk6', 0, 0, '2021-03-01 21:50:29', '2021-03-01 21:54:41'),
(747, '{\"ip\":\"190.121.158.235\",\"country\":\"Hay problemas con la API\",\"city\":\"Hay problemas con la API\",\"os\":\"Windows 10\",\"browser\":\"Chrome\",\"time\":\"2021-03-02 12:02:09\"}', '$2y$10$DOfpmDqha.NFezhlBl9D.Z9Nf8Mjj3Kf.xfmJ7Mf7VStEl29c.', '2021-03-02 12:02:09', NULL, 53, 0, '$2y$10$3ykETo.2xzJFzw3O8gOJoOMfLQiNQDxDmh0eg9wyso4lCrhuHLOZq', 0, 0, '2021-03-02 17:02:09', '2021-03-02 17:02:09'),
(750, '{\"ip\":\"191.106.146.79\",\"country\":\"Hay problemas con la API\",\"city\":\"Hay problemas con la API\",\"os\":\"Android\",\"browser\":\"Handheld Browser\",\"time\":\"2021-03-03 09:59:09\"}', '$2y$10$ptyptFSPRJVanGfoVoxUP.IZz7Bz81wTjjDd27fWRMsbl2oO1Ztli', '2021-03-03 09:59:09', NULL, 1, 0, '$2y$10$w05L1Dah5DisCrplyQdduTzjXxp2Xi.tVAvmaV0aUEuP5xHbjcOO', 0, 0, '2021-03-03 14:59:09', '2021-03-03 14:59:09'),
(752, '{\"ip\":\"190.121.158.235\",\"country\":\"Hay problemas con la API\",\"city\":\"Hay problemas con la API\",\"os\":\"Windows 10\",\"browser\":\"Chrome\",\"time\":\"2021-03-03 12:51:15\"}', '$2y$10$DOfpmDqha.NFezhlBl9D.Z9Nf8Mjj3Kf.xfmJ7Mf7VStEl29c.', '2021-03-03 12:51:15', NULL, 53, 0, '$2y$10$bWVQLw.55AC0NuxH4WdPM.80RJ9mAVVFi4LI1hoDst32ppgjpABEa', 0, 0, '2021-03-03 17:51:15', '2021-03-03 17:51:15'),
(753, '{\"ip\":\"190.121.158.235\",\"country\":\"Hay problemas con la API\",\"city\":\"Hay problemas con la API\",\"os\":\"Windows 10\",\"browser\":\"Chrome\",\"time\":\"2021-03-03 15:28:39\"}', '$2y$10$DOfpmDqha.NFezhlBl9D.Z9Nf8Mjj3Kf.xfmJ7Mf7VStEl29c.', '2021-03-03 15:28:39', '2021-03-03 17:23:49', 53, 0, '$2y$10$VrLaIthd9wpN3SSOK6HDQubCc9iM.YINbKOakfKKlbj3ImgUcByHO', 0, 0, '2021-03-03 20:28:39', '2021-03-03 22:23:49'),
(754, '{\"ip\":\"190.121.158.235\",\"country\":\"Hay problemas con la API\",\"city\":\"Hay problemas con la API\",\"os\":\"Windows 10\",\"browser\":\"Chrome\",\"time\":\"2021-03-04 08:57:21\"}', '$2y$10$DOfpmDqha.NFezhlBl9D.Z9Nf8Mjj3Kf.xfmJ7Mf7VStEl29c.', '2021-03-04 08:57:21', NULL, 53, 0, '$2y$10$lLoT2msGxNpFPavsc9l1OOI9Dv6B3TphKPiykaK5Sgb3XzCeHej56', 0, 0, '2021-03-04 13:57:21', '2021-03-04 13:57:21'),
(755, '{\"ip\":\"190.121.158.235\",\"country\":\"Hay problemas con la API\",\"city\":\"Hay problemas con la API\",\"os\":\"Windows 10\",\"browser\":\"Chrome\",\"time\":\"2021-03-04 14:34:26\"}', '$2y$10$DOfpmDqha.NFezhlBl9D.Z9Nf8Mjj3Kf.xfmJ7Mf7VStEl29c.', '2021-03-04 14:34:26', NULL, 53, 0, '$2y$10$V9NyyaZsB71Fp3GDVnxu7l0l.6mE31q2gHvLB7E4wav4I6upRXy', 0, 0, '2021-03-04 19:34:26', '2021-03-04 19:34:26'),
(756, '{\"ip\":\"138.0.89.202\",\"country\":\"Hay problemas con la API\",\"city\":\"Hay problemas con la API\",\"os\":\"iPhone\",\"browser\":\"Handheld Browser\",\"time\":\"2021-03-04 16:38:03\"}', '$2y$10$siYidErjzeSkzD8ri03kHOWoTC.YwIlEMAYyK60jmZoOL0pi0RUCS', '2021-03-04 16:38:03', NULL, 69, 0, '$2y$10$IYTrHI63zYuwzJc8qBga1.uXtQYTLQ5bkuFdTcHYWW3YUz8tkEskG', 0, 0, '2021-03-04 21:38:03', '2021-03-04 21:38:03'),
(757, '{\"ip\":\"190.121.158.235\",\"country\":\"Hay problemas con la API\",\"city\":\"Hay problemas con la API\",\"os\":\"Windows 10\",\"browser\":\"Chrome\",\"time\":\"2021-03-04 20:55:10\"}', '$2y$10$DOfpmDqha.NFezhlBl9D.Z9Nf8Mjj3Kf.xfmJ7Mf7VStEl29c.', '2021-03-04 20:55:10', NULL, 53, 0, '$2y$10$ac5oN3N1LK86km0sUiQT7uSlnC2h7tlzVxqVZjvDM4ezuhYRQ1ce', 0, 0, '2021-03-05 01:55:10', '2021-03-05 01:55:10'),
(758, '{\"ip\":\"190.121.158.235\",\"country\":\"Hay problemas con la API\",\"city\":\"Hay problemas con la API\",\"os\":\"Windows 10\",\"browser\":\"Chrome\",\"time\":\"2021-03-05 09:09:57\"}', '$2y$10$DOfpmDqha.NFezhlBl9D.Z9Nf8Mjj3Kf.xfmJ7Mf7VStEl29c.', '2021-03-05 09:09:57', NULL, 53, 0, '$2y$10$otMcJw8VL3hA.e26kuD2H.IzRlkixYBut3GJzt8FVxiM3lp0miPwm', 0, 0, '2021-03-05 14:09:57', '2021-03-05 14:09:57'),
(759, '{\"ip\":\"190.121.158.235\",\"country\":\"Hay problemas con la API\",\"city\":\"Hay problemas con la API\",\"os\":\"Windows 10\",\"browser\":\"Chrome\",\"time\":\"2021-03-05 13:46:05\"}', '$2y$10$DOfpmDqha.NFezhlBl9D.Z9Nf8Mjj3Kf.xfmJ7Mf7VStEl29c.', '2021-03-05 13:46:05', NULL, 53, 0, '$2y$10$riWokWSbJzCiSf02VmUr.ZvyqC5zKZSjNQLAXvGTKyMbnzxPosLi', 0, 0, '2021-03-05 18:46:05', '2021-03-05 18:46:05'),
(760, '{\"ip\":\"138.0.89.202\",\"country\":\"Hay problemas con la API\",\"city\":\"Hay problemas con la API\",\"os\":\"iPhone\",\"browser\":\"Handheld Browser\",\"time\":\"2021-03-08 09:38:25\"}', '$2y$10$siYidErjzeSkzD8ri03kHOWoTC.YwIlEMAYyK60jmZoOL0pi0RUCS', '2021-03-08 09:38:25', NULL, 69, 0, '$2y$10$wN3c69COlL2RmLzsuXk5eeGrW93t1pPav5v2d17R4gODZzZRq0cO', 0, 0, '2021-03-08 14:38:25', '2021-03-08 14:38:25'),
(761, '{\"ip\":\"186.99.173.255\",\"country\":\"Hay problemas con la API\",\"city\":\"Hay problemas con la API\",\"os\":\"Windows 10\",\"browser\":\"Chrome\",\"time\":\"2021-03-09 14:50:29\"}', '$2y$10$xGl1tp.aN.HzrS9PRYPQJ.TWO4xgyUlseBo3bUvRTqv6T2nLE1lK', '2021-03-09 14:50:29', NULL, 1, 0, '$2y$10$5NbJX6GZSfS2JgtxcRBZX.DHRw3Rmp5OgVg38vZihFkua3mSYrHHy', 0, 0, '2021-03-09 19:50:29', '2021-03-09 19:50:29'),
(762, '{\"ip\":\"190.121.158.235\",\"country\":\"Hay problemas con la API\",\"city\":\"Hay problemas con la API\",\"os\":\"Windows 10\",\"browser\":\"Chrome\",\"time\":\"2021-03-10 14:36:53\"}', '$2y$10$DOfpmDqha.NFezhlBl9D.Z9Nf8Mjj3Kf.xfmJ7Mf7VStEl29c.', '2021-03-10 14:36:53', NULL, 53, 0, '$2y$10$CoIRJc.b2Tke9283nVcqO8rzRZofNgoe0lSYKJasZoBTTyFfTf2', 0, 0, '2021-03-10 19:36:53', '2021-03-10 19:36:53'),
(763, '{\"ip\":\"177.93.33.99\",\"country\":\"Hay problemas con la API\",\"city\":\"Hay problemas con la API\",\"os\":\"iPhone\",\"browser\":\"Handheld Browser\",\"time\":\"2021-03-10 16:07:47\"}', '$2y$10$siYidErjzeSkzD8ri03kHOWoTC.YwIlEMAYyK60jmZoOL0pi0RUCS', '2021-03-10 16:07:47', NULL, 69, 0, '$2y$10$B0r.AVhnXSwqHub23FlSOEbqEErJ3ZdEre2VewNxOnEDKlzxnci', 0, 0, '2021-03-10 21:07:47', '2021-03-10 21:07:47'),
(766, '{\"ip\":\"186.99.173.255\",\"country\":\"Hay problemas con la API\",\"city\":\"Hay problemas con la API\",\"os\":\"Windows 10\",\"browser\":\"Chrome\",\"time\":\"2021-03-10 16:10:42\"}', '$2y$10$sVQXZapd3kXAQbxlMDUN.9HQjF6exVg3lxSIJsUVvybHRRQZkjPK', '2021-03-10 16:10:42', NULL, 1, 0, '$2y$10$YFfw9NknUX97iFfqimgkkONQgRF4BlIgzu.J6PWxDX6z5kPIr1POS', 0, 0, '2021-03-10 21:10:42', '2021-03-10 21:10:42'),
(767, '{\"ip\":\"186.99.173.255\",\"country\":\"Hay problemas con la API\",\"city\":\"Hay problemas con la API\",\"os\":\"Windows 10\",\"browser\":\"Chrome\",\"time\":\"2021-03-10 17:09:16\"}', '$2y$10$xGl1tp.aN.HzrS9PRYPQJ.TWO4xgyUlseBo3bUvRTqv6T2nLE1lK', '2021-03-10 17:09:16', NULL, 1, 0, '$2y$10$DB8pLtwIoulksK39RnECdeAstotWUjqZ2EqsDL0SXPh5au270QUwK', 0, 0, '2021-03-10 22:09:16', '2021-03-10 22:09:16'),
(768, '{\"ip\":\"190.121.158.235\",\"country\":\"Hay problemas con la API\",\"city\":\"Hay problemas con la API\",\"os\":\"Windows 10\",\"browser\":\"Chrome\",\"time\":\"2021-03-11 14:37:11\"}', '$2y$10$DOfpmDqha.NFezhlBl9D.Z9Nf8Mjj3Kf.xfmJ7Mf7VStEl29c.', '2021-03-11 14:37:11', NULL, 53, 0, '$2y$10$hCyX6s2kyR0BlKMspCvsi.8LhGK6Zz9f6lhvyGx1QizhXYfA4KSNW', 0, 0, '2021-03-11 19:37:11', '2021-03-11 19:37:11'),
(769, '{\"ip\":\"201.182.249.71\",\"country\":\"Hay problemas con la API\",\"city\":\"Hay problemas con la API\",\"os\":\"Android\",\"browser\":\"Handheld Browser\",\"time\":\"2021-03-11 16:28:47\"}', '$2y$10$68wXuABekMddvIxT9mw3hemO6ZYlo5CR8.SyRHDTbcxI7k61vcQVG', '2021-03-11 16:28:46', NULL, 79, 0, '$2y$10$ynNIR8v8dia.7.W60P93umb1anE6dsxCoQ75yF4vaItzb54H1bG', 0, 0, '2021-03-11 21:28:47', '2021-03-11 21:28:47'),
(770, '{\"ip\":\"191.156.65.49\",\"country\":\"Hay problemas con la API\",\"city\":\"Hay problemas con la API\",\"os\":\"Android\",\"browser\":\"Handheld Browser\",\"time\":\"2021-03-11 17:09:05\"}', '$2y$10$xPkDXgAiPt6uy.LUo1NGumsGs9XfMp68PDptcbP6xRj4FepWu.', '2021-03-11 17:09:05', NULL, 53, 0, '$2y$10$RAp0nCndrhhbvt9Mi4XleeTVFNkigFo.y8appST2J5QQXS8Erqqi', 0, 0, '2021-03-11 22:09:05', '2021-03-11 22:09:05'),
(771, '{\"ip\":\"201.182.249.71\",\"country\":\"Hay problemas con la API\",\"city\":\"Hay problemas con la API\",\"os\":\"Android\",\"browser\":\"Handheld Browser\",\"time\":\"2021-03-11 17:21:37\"}', '$2y$10$1TIZAWKYLgomBAC2jTUQK.8mgbT9uUCrTGnPeGJlX798S6hGguZfi', '2021-03-11 17:21:36', NULL, 79, 0, '$2y$10$fvH4uVW7N0MiQcdMBaI.OiZQBe30uGUhV6vkMwD.fT1KZiYINYqK', 0, 0, '2021-03-11 22:21:37', '2021-03-11 22:21:37'),
(772, '{\"ip\":\"190.121.158.235\",\"country\":\"Hay problemas con la API\",\"city\":\"Hay problemas con la API\",\"os\":\"Windows 10\",\"browser\":\"Chrome\",\"time\":\"2021-03-12 12:43:10\"}', '$2y$10$DOfpmDqha.NFezhlBl9D.Z9Nf8Mjj3Kf.xfmJ7Mf7VStEl29c.', '2021-03-12 12:43:10', '2021-03-12 19:19:15', 53, 0, '$2y$10$7PRcXRRkxXEKfF6htB1uNvaXVgJSmtOWJqiXkPSXvUoBdeoLL96', 0, 0, '2021-03-12 17:43:10', '2021-03-13 00:19:15'),
(773, '{\"ip\":\"190.121.158.235\",\"country\":\"Hay problemas con la API\",\"city\":\"Hay problemas con la API\",\"os\":\"Windows 10\",\"browser\":\"Chrome\",\"time\":\"2021-03-12 19:51:07\"}', '$2y$10$DOfpmDqha.NFezhlBl9D.Z9Nf8Mjj3Kf.xfmJ7Mf7VStEl29c.', '2021-03-12 19:51:07', NULL, 53, 0, '$2y$10$gA72sp0cTC8jNrIesOTvfO3ZqqEPMQ9HvE79sNl4IfcUwWynRdUG6', 0, 0, '2021-03-13 00:51:07', '2021-03-13 00:51:07'),
(774, '{\"ip\":\"191.156.5.109\",\"country\":\"Hay problemas con la API\",\"city\":\"Hay problemas con la API\",\"os\":\"Windows 10\",\"browser\":\"Chrome\",\"time\":\"2021-03-13 10:40:10\"}', '$2y$10$DOfpmDqha.NFezhlBl9D.Z9Nf8Mjj3Kf.xfmJ7Mf7VStEl29c.', '2021-03-13 10:40:10', NULL, 53, 0, '$2y$10$RUbtuhXjmFFT0c08YG5WNerThDNbi0nNkGPcNCXwpRDHjTFBtuze', 0, 0, '2021-03-13 15:40:10', '2021-03-13 15:40:10'),
(775, '{\"ip\":\"191.156.5.109\",\"country\":\"Hay problemas con la API\",\"city\":\"Hay problemas con la API\",\"os\":\"Windows 10\",\"browser\":\"Chrome\",\"time\":\"2021-03-13 11:46:04\"}', '$2y$10$DYQXIWjEgldPc1gRSMxweDwA1c9M7VUvPgraXyKkwa9uGJTg72W', '2021-03-13 11:46:04', NULL, 80, 0, '$2y$10$Gb.ywHly4xPB3sozD.TrjeumLcYFDVHU5h82tvFMwIPzQqsje.23i', 0, 0, '2021-03-13 16:46:04', '2021-03-13 16:46:04'),
(776, '{\"ip\":\"191.156.5.109\",\"country\":\"Hay problemas con la API\",\"city\":\"Hay problemas con la API\",\"os\":\"Windows 10\",\"browser\":\"Chrome\",\"time\":\"2021-03-13 11:47:21\"}', '$2y$10$e5mzQqIjUAkVhf.f5FAw8eQzlkAHQKL7TlFItG.4dfoCRTNs8zwtq', '2021-03-13 11:47:21', NULL, 80, 0, '$2y$10$LX.WVpGOPTfGEzJEketA.WhELDHqDuylsKBdbXelS8Q3nSXGsbQC', 0, 0, '2021-03-13 16:47:21', '2021-03-13 16:47:21'),
(777, '{\"ip\":\"191.156.5.109\",\"country\":\"Hay problemas con la API\",\"city\":\"Hay problemas con la API\",\"os\":\"Windows 10\",\"browser\":\"Chrome\",\"time\":\"2021-03-13 11:51:46\"}', '$2y$10$2aZ5s2xij6TmBUmVe4AJleDePTJuzKJWQsm4CkFtIsiwrVi0jp8HK', '2021-03-13 11:51:46', NULL, 81, 0, '$2y$10$zZFtwddc6bWw0NCxHn.VAuHyFhVIaZtaINjHbiZ7NBodGiuDcDyYq', 0, 0, '2021-03-13 16:51:46', '2021-03-13 16:51:46'),
(778, '{\"ip\":\"191.156.5.109\",\"country\":\"Hay problemas con la API\",\"city\":\"Hay problemas con la API\",\"os\":\"Windows 10\",\"browser\":\"Chrome\",\"time\":\"2021-03-13 11:53:03\"}', '$2y$10$e5mzQqIjUAkVhf.f5FAw8eQzlkAHQKL7TlFItG.4dfoCRTNs8zwtq', '2021-03-13 11:53:03', NULL, 81, 0, '$2y$10$dJpJZi9gSMHDHDgCu8XeseAABPGXsyJVYGetnMZtfkDyaSHP7b9f2', 0, 0, '2021-03-13 16:53:03', '2021-03-13 16:53:03'),
(779, '{\"ip\":\"191.156.5.109\",\"country\":\"Hay problemas con la API\",\"city\":\"Hay problemas con la API\",\"os\":\"Windows 10\",\"browser\":\"Chrome\",\"time\":\"2021-03-13 12:15:47\"}', '$2y$10$mKp51i935CvD.1fduX8lru0W5VOZ5Qa.YiyyqbwCO2vQaRDRLzq', '2021-03-13 12:15:47', NULL, 82, 0, '$2y$10$HzwoHU9YeXmtzrFW1dtJI.n9ECRzQ4y3YVmFEEQUYEsU6KyJj12', 0, 0, '2021-03-13 17:15:47', '2021-03-13 17:15:47'),
(780, '{\"ip\":\"191.156.5.109\",\"country\":\"Hay problemas con la API\",\"city\":\"Hay problemas con la API\",\"os\":\"Windows 10\",\"browser\":\"Chrome\",\"time\":\"2021-03-13 12:18:15\"}', '$2y$10$e5mzQqIjUAkVhf.f5FAw8eQzlkAHQKL7TlFItG.4dfoCRTNs8zwtq', '2021-03-13 12:18:15', NULL, 82, 0, '$2y$10$6MCwW2S.WEBsDxr2SsGR5.c3JfmipN1fDHEyzzV1EqFg3LCqZWRG', 0, 0, '2021-03-13 17:18:15', '2021-03-13 17:18:15'),
(781, '{\"ip\":\"191.156.5.109\",\"country\":\"Hay problemas con la API\",\"city\":\"Hay problemas con la API\",\"os\":\"Windows 10\",\"browser\":\"Chrome\",\"time\":\"2021-03-13 12:26:02\"}', '$2y$10$e5V3OqGUYUGd0rTrJvt32.IxtrtAtQasjlVBV299RpAQIqUzJkv.', '2021-03-13 12:26:02', NULL, 83, 0, '$2y$10$LityysGsyRJEA3dl5lZE7u7HWhDis.4kvRMn6RQjsUm6.aWmEoxm', 0, 0, '2021-03-13 17:26:02', '2021-03-13 17:26:02'),
(782, '{\"ip\":\"191.156.5.109\",\"country\":\"Hay problemas con la API\",\"city\":\"Hay problemas con la API\",\"os\":\"Windows 10\",\"browser\":\"Chrome\",\"time\":\"2021-03-13 12:27:03\"}', '$2y$10$e5mzQqIjUAkVhf.f5FAw8eQzlkAHQKL7TlFItG.4dfoCRTNs8zwtq', '2021-03-13 12:27:03', NULL, 83, 0, '$2y$10$hyaRJgLIOk1PRX4RrDavQu22eWWT408mkRi7aPNhev5Dt8GyiCvKq', 0, 0, '2021-03-13 17:27:03', '2021-03-13 17:27:03'),
(783, '{\"ip\":\"191.156.5.109\",\"country\":\"Hay problemas con la API\",\"city\":\"Hay problemas con la API\",\"os\":\"Windows 10\",\"browser\":\"Chrome\",\"time\":\"2021-03-13 12:30:50\"}', '$2y$10$SiBsZm0rKAMAG0frQRvu.OxXGd.08pvxni4LmSwuP4ybpxUkYo5XK', '2021-03-13 12:30:50', NULL, 84, 0, '$2y$10$jqYYOyMdfkLw5Vw7GnGwuuP6lAuUBxQUajO948JGoMBGhVYtyg6.W', 0, 0, '2021-03-13 17:30:50', '2021-03-13 17:30:50'),
(784, '{\"ip\":\"191.156.5.109\",\"country\":\"Hay problemas con la API\",\"city\":\"Hay problemas con la API\",\"os\":\"Windows 10\",\"browser\":\"Chrome\",\"time\":\"2021-03-13 12:31:19\"}', '$2y$10$e5mzQqIjUAkVhf.f5FAw8eQzlkAHQKL7TlFItG.4dfoCRTNs8zwtq', '2021-03-13 12:31:19', NULL, 84, 0, '$2y$10$5GVzGXYbKIm4BEDyLEYpl.DAReaK0yd1Yazi8QUR3H66rF2l6s28a', 0, 0, '2021-03-13 17:31:19', '2021-03-13 17:31:19'),
(785, '{\"ip\":\"191.156.5.109\",\"country\":\"Hay problemas con la API\",\"city\":\"Hay problemas con la API\",\"os\":\"Windows 10\",\"browser\":\"Chrome\",\"time\":\"2021-03-13 12:46:00\"}', '$2y$10$.P5JuDga51x6XIIuul9B2u3bGXZoa1Z3fToCUufvvij7E4.Ezk8y6', '2021-03-13 12:46:00', NULL, 85, 0, '$2y$10$i50QeHaZTCbLFEeCxNoSOOrYvPJKI2PbNKVOjd3VYeT3uYX5DTL6', 0, 0, '2021-03-13 17:46:00', '2021-03-13 17:46:00'),
(786, '{\"ip\":\"191.156.5.109\",\"country\":\"Hay problemas con la API\",\"city\":\"Hay problemas con la API\",\"os\":\"Windows 10\",\"browser\":\"Chrome\",\"time\":\"2021-03-13 12:46:50\"}', '$2y$10$e5mzQqIjUAkVhf.f5FAw8eQzlkAHQKL7TlFItG.4dfoCRTNs8zwtq', '2021-03-13 12:46:50', NULL, 85, 0, '$2y$10$hn1czrFF5d19zflV0nkDLOx5df5CTQUQT1SLVgdYmWeWTeRLYVvdW', 0, 0, '2021-03-13 17:46:50', '2021-03-13 17:46:50'),
(787, '{\"ip\":\"191.156.5.109\",\"country\":\"Hay problemas con la API\",\"city\":\"Hay problemas con la API\",\"os\":\"Windows 10\",\"browser\":\"Chrome\",\"time\":\"2021-03-13 13:04:38\"}', '$2y$10$QRJw9dgdHID6ixPYejfuY.nCBxfW8AGEaHOFP3LvdqCr3hcId1Bwq', '2021-03-13 13:04:38', NULL, 86, 0, '$2y$10$Y0UjpgUsawjFHgCMK7MaeAXBEyvuKK1OqG8aKKjz2ykmm5Fdf2', 0, 0, '2021-03-13 18:04:38', '2021-03-13 18:04:38'),
(788, '{\"ip\":\"191.156.5.109\",\"country\":\"Hay problemas con la API\",\"city\":\"Hay problemas con la API\",\"os\":\"Windows 10\",\"browser\":\"Chrome\",\"time\":\"2021-03-13 13:10:54\"}', '$2y$10$e5mzQqIjUAkVhf.f5FAw8eQzlkAHQKL7TlFItG.4dfoCRTNs8zwtq', '2021-03-13 13:10:54', NULL, 86, 0, '$2y$10$mhuP.cofRweeJj8ZaJsBegFMZXQGNkvFtOf0FO3AwgDdxvHyDKum', 0, 0, '2021-03-13 18:10:54', '2021-03-13 18:10:54'),
(789, '{\"ip\":\"191.156.5.109\",\"country\":\"Hay problemas con la API\",\"city\":\"Hay problemas con la API\",\"os\":\"Windows 10\",\"browser\":\"Chrome\",\"time\":\"2021-03-13 14:10:17\"}', '$2y$10$aKtduQTFN5DQj3idw8xNcOLjERvxp2FtmGQgJFpu6gIXUO5CY2Klq', '2021-03-13 14:10:17', NULL, 87, 0, '$2y$10$MTnlmDvAySo.UhjOxC8VguStqGhoCF1ASOnb5vEtOZMeVEy3xowG', 0, 0, '2021-03-13 19:10:17', '2021-03-13 19:10:17'),
(790, '{\"ip\":\"191.156.5.109\",\"country\":\"Hay problemas con la API\",\"city\":\"Hay problemas con la API\",\"os\":\"Windows 10\",\"browser\":\"Chrome\",\"time\":\"2021-03-13 14:12:59\"}', '$2y$10$e5mzQqIjUAkVhf.f5FAw8eQzlkAHQKL7TlFItG.4dfoCRTNs8zwtq', '2021-03-13 14:12:59', NULL, 87, 0, '$2y$10$E00IIr0Cp8zSQNHn3rtUIuIPfxGekI2Dpl9.ANST2EYUHPac80G', 0, 0, '2021-03-13 19:12:59', '2021-03-13 19:12:59'),
(791, '{\"ip\":\"191.156.5.109\",\"country\":\"Hay problemas con la API\",\"city\":\"Hay problemas con la API\",\"os\":\"Windows 10\",\"browser\":\"Chrome\",\"time\":\"2021-03-13 14:32:06\"}', '$2y$10$Xju57dSgmhUT5DXX4zRg.OP3g.OhMxgIn0NMho7205M9mHUPagBi', '2021-03-13 14:32:06', NULL, 88, 0, '$2y$10$9.cbQYBaWqQhG5OO9U0dus9hNqf6gVICFlEb1ENOu.XpMsbKA8F.', 0, 0, '2021-03-13 19:32:06', '2021-03-13 19:32:06'),
(792, '{\"ip\":\"191.156.5.109\",\"country\":\"Hay problemas con la API\",\"city\":\"Hay problemas con la API\",\"os\":\"Windows 10\",\"browser\":\"Chrome\",\"time\":\"2021-03-13 14:36:00\"}', '$2y$10$e5mzQqIjUAkVhf.f5FAw8eQzlkAHQKL7TlFItG.4dfoCRTNs8zwtq', '2021-03-13 14:36:00', NULL, 88, 0, '$2y$10$HP6ykhNCu5HZ.AZHkVPlX.qjaSuE7pKIMmeK3uyEnHiO97t6mmZLG', 0, 0, '2021-03-13 19:36:00', '2021-03-13 19:36:00'),
(793, '{\"ip\":\"191.156.5.109\",\"country\":\"Hay problemas con la API\",\"city\":\"Hay problemas con la API\",\"os\":\"Windows 10\",\"browser\":\"Chrome\",\"time\":\"2021-03-13 14:36:00\"}', '$2y$10$e5mzQqIjUAkVhf.f5FAw8eQzlkAHQKL7TlFItG.4dfoCRTNs8zwtq', '2021-03-13 14:36:00', NULL, 88, 0, '$2y$10$.zPjLzzzFz2Im0ZS3aphuiYUxIjC7WsBlAmE5BRM16A6ZhrjQo9e', 0, 0, '2021-03-13 19:36:00', '2021-03-13 19:36:00'),
(794, '{\"ip\":\"191.156.43.202\",\"country\":\"Hay problemas con la API\",\"city\":\"Hay problemas con la API\",\"os\":\"Windows 10\",\"browser\":\"Chrome\",\"time\":\"2021-03-13 14:50:40\"}', '$2y$10$LFN83mjSNJ0ZOQLXBCmQVevEthxM.Ag5wP1bN0cTU7nDcOeK29De', '2021-03-13 14:50:40', NULL, 89, 0, '$2y$10$7ut0ombKon7qGto0StMez6WG8RQguaJuImoJn6y1cAdP1lh6dP6', 0, 0, '2021-03-13 19:50:40', '2021-03-13 19:50:40'),
(795, '{\"ip\":\"191.156.38.237\",\"country\":\"Hay problemas con la API\",\"city\":\"Hay problemas con la API\",\"os\":\"Windows 10\",\"browser\":\"Chrome\",\"time\":\"2021-03-13 14:51:38\"}', '$2y$10$e5mzQqIjUAkVhf.f5FAw8eQzlkAHQKL7TlFItG.4dfoCRTNs8zwtq', '2021-03-13 14:51:38', NULL, 89, 0, '$2y$10$qnOJP7c7ul3Yzx1K6tyd4Onf1YM0T6CIzV1drkfYfEQXkUaWmYygi', 0, 0, '2021-03-13 19:51:38', '2021-03-13 19:51:38'),
(796, '{\"ip\":\"191.156.41.194\",\"country\":\"Hay problemas con la API\",\"city\":\"Hay problemas con la API\",\"os\":\"Windows 10\",\"browser\":\"Chrome\",\"time\":\"2021-03-13 15:07:54\"}', '$2y$10$9SfNEnxOBk.UqQqJrwcVl.YMaiOxw5xq9iqgplV6exlzxZjbKukiu', '2021-03-13 15:07:54', NULL, 90, 0, '$2y$10$UGKo2BboDN29khByfGjxMulsWuootthCRrMtiuTZXgeUPMsCtIeDe', 0, 0, '2021-03-13 20:07:54', '2021-03-13 20:07:54');
INSERT INTO `user_access` (`id`, `access_address`, `token_pc`, `entry_date`, `out_date`, `user_id`, `confirm`, `token_confirm`, `locked`, `logout`, `created_at`, `updated_at`) VALUES
(797, '{\"ip\":\"191.156.43.202\",\"country\":\"Hay problemas con la API\",\"city\":\"Hay problemas con la API\",\"os\":\"Windows 10\",\"browser\":\"Chrome\",\"time\":\"2021-03-13 15:08:33\"}', '$2y$10$rzwNpd3Bg8UfqsCeVGU7.DgXSx0bH50nZUfCJS5thxL1PgZGsYjO', '2021-03-13 15:08:33', NULL, 91, 0, '$2y$10$nM8mathy86f84n0GKs2b.f2TUo6Zm8huqOHsU9TWFd6wRXmJlNUG', 0, 0, '2021-03-13 20:08:33', '2021-03-13 20:08:33'),
(798, '{\"ip\":\"191.156.44.150\",\"country\":\"Hay problemas con la API\",\"city\":\"Hay problemas con la API\",\"os\":\"Windows 10\",\"browser\":\"Chrome\",\"time\":\"2021-03-13 15:09:53\"}', '$2y$10$e5mzQqIjUAkVhf.f5FAw8eQzlkAHQKL7TlFItG.4dfoCRTNs8zwtq', '2021-03-13 15:09:53', NULL, 90, 0, '$2y$10$X5Cf6seiBrDKrATXBZ9xSuVvfkXa3Vf5BntR9z54q8dUMgp2JvUAe', 0, 0, '2021-03-13 20:09:53', '2021-03-13 20:09:53'),
(799, '{\"ip\":\"191.156.47.52\",\"country\":\"Hay problemas con la API\",\"city\":\"Hay problemas con la API\",\"os\":\"Windows 10\",\"browser\":\"Chrome\",\"time\":\"2021-03-13 15:13:50\"}', '$2y$10$e5mzQqIjUAkVhf.f5FAw8eQzlkAHQKL7TlFItG.4dfoCRTNs8zwtq', '2021-03-13 15:13:50', NULL, 91, 0, '$2y$10$GE.JeV2pgYKKnIMZFi6V4OBBk4HRpLCJa940UzeRUy0bPGci3caq', 0, 0, '2021-03-13 20:13:50', '2021-03-13 20:13:50'),
(800, '{\"ip\":\"191.156.35.106\",\"country\":\"Hay problemas con la API\",\"city\":\"Hay problemas con la API\",\"os\":\"Windows 10\",\"browser\":\"Chrome\",\"time\":\"2021-03-13 15:27:00\"}', '$2y$10$8au49ok.X6ReiKX7NTaA4Ol.F4EKNWf1KXDLomCxnjIhehS5Iajm', '2021-03-13 15:26:59', NULL, 92, 0, '$2y$10$KxegDunh02jHZrM7Xzh3w.lNGSDaUre5tW.cIUodeRuisVwxmfSC', 0, 0, '2021-03-13 20:27:00', '2021-03-13 20:27:00'),
(801, '{\"ip\":\"191.156.41.194\",\"country\":\"Hay problemas con la API\",\"city\":\"Hay problemas con la API\",\"os\":\"Windows 10\",\"browser\":\"Chrome\",\"time\":\"2021-03-13 15:28:34\"}', '$2y$10$e5mzQqIjUAkVhf.f5FAw8eQzlkAHQKL7TlFItG.4dfoCRTNs8zwtq', '2021-03-13 15:28:34', NULL, 92, 0, '$2y$10$KH.UsYhokLYaFN5ccCIOO4gHA8lG85vDOTnuyoF4XLrqAJgLKN5.', 0, 0, '2021-03-13 20:28:34', '2021-03-13 20:28:34'),
(802, '{\"ip\":\"191.156.47.52\",\"country\":\"Hay problemas con la API\",\"city\":\"Hay problemas con la API\",\"os\":\"Windows 10\",\"browser\":\"Chrome\",\"time\":\"2021-03-13 15:30:52\"}', '$2y$10$V8HkBLWXzp.dblRxOWr8uDojGVMJoenrv5XV.cGE.zZIlpweH.nC', '2021-03-13 15:30:51', NULL, 93, 0, '$2y$10$N42L6k8CVVqRG4w7C3zOlug6rgxxTWrXWENqsd6mV51UwBLVh3yHG', 0, 0, '2021-03-13 20:30:52', '2021-03-13 20:30:52'),
(803, '{\"ip\":\"191.156.47.52\",\"country\":\"Hay problemas con la API\",\"city\":\"Hay problemas con la API\",\"os\":\"Windows 10\",\"browser\":\"Chrome\",\"time\":\"2021-03-13 15:31:28\"}', '$2y$10$T.yKLkZ.dwAQgTJJcbjJOHWO4lcwR8HPp4H4.6ZojodIvRC3sGeO', '2021-03-13 15:31:28', NULL, 93, 0, '$2y$10$LqdyLPPQstnjEYDvv4NLj.xawErYcA8pFjVMQKC3i2eC9ksG1rjIG', 0, 0, '2021-03-13 20:31:28', '2021-03-13 20:31:28'),
(804, '{\"ip\":\"191.156.43.114\",\"country\":\"Hay problemas con la API\",\"city\":\"Hay problemas con la API\",\"os\":\"Windows 10\",\"browser\":\"Chrome\",\"time\":\"2021-03-13 15:32:26\"}', '$2y$10$REwdToYPRTDiwAfXEBmjLes0F5K3rMozAbdb3VekbtOVL5rpIpA3e', '2021-03-13 15:32:26', NULL, 94, 0, '$2y$10$BEjsq2MBKdQerEOuePY1.E.gHrpbqGdeLTwY1M6648XCWAuR.6', 0, 0, '2021-03-13 20:32:26', '2021-03-13 20:32:26'),
(805, '{\"ip\":\"191.156.43.114\",\"country\":\"Hay problemas con la API\",\"city\":\"Hay problemas con la API\",\"os\":\"Windows 10\",\"browser\":\"Chrome\",\"time\":\"2021-03-13 15:33:44\"}', '$2y$10$e5mzQqIjUAkVhf.f5FAw8eQzlkAHQKL7TlFItG.4dfoCRTNs8zwtq', '2021-03-13 15:33:44', NULL, 94, 0, '$2y$10$EXoP2NUXvtzW9Bv.6uZdnOLlo4zWgd70bvnKShgq31o43.6cMU87S', 0, 0, '2021-03-13 20:33:44', '2021-03-13 20:33:44'),
(806, '{\"ip\":\"191.156.43.114\",\"country\":\"Hay problemas con la API\",\"city\":\"Hay problemas con la API\",\"os\":\"Windows 10\",\"browser\":\"Chrome\",\"time\":\"2021-03-13 15:34:16\"}', '$2y$10$e5mzQqIjUAkVhf.f5FAw8eQzlkAHQKL7TlFItG.4dfoCRTNs8zwtq', '2021-03-13 15:34:16', NULL, 94, 0, '$2y$10$Ey4zgYMzxaIl1fx80l773.c47FN6XYs9HYMAc33PAnb.VzUBpWFy', 0, 0, '2021-03-13 20:34:16', '2021-03-13 20:34:16'),
(807, '{\"ip\":\"191.156.47.52\",\"country\":\"Hay problemas con la API\",\"city\":\"Hay problemas con la API\",\"os\":\"Windows 10\",\"browser\":\"Chrome\",\"time\":\"2021-03-13 15:46:57\"}', '$2y$10$A50LPzIfx0dxVxnTeizQS.CyqAty7laJVwOgp4DbuaXMjV2ADQ36', '2021-03-13 15:46:57', NULL, 95, 0, '$2y$10$VjfvxziyHlk97nMETc7q.659nWbZj5RexCHF56K9kai99JOV6d0C', 0, 0, '2021-03-13 20:46:57', '2021-03-13 20:46:57'),
(808, '{\"ip\":\"191.156.45.5\",\"country\":\"Hay problemas con la API\",\"city\":\"Hay problemas con la API\",\"os\":\"Windows 10\",\"browser\":\"Chrome\",\"time\":\"2021-03-13 15:48:17\"}', '$2y$10$E8WUh21bI66DmrwdHvonyuJuYptAOo3BzRr2VeGe85.9VAKqd97L6', '2021-03-13 15:48:17', NULL, 96, 0, '$2y$10$d0QrZhTbbObeLaRMrBm..xQ8O0im399aHFcBGpNK0Pu9oWvkrfxi', 0, 0, '2021-03-13 20:48:17', '2021-03-13 20:48:17'),
(809, '{\"ip\":\"191.156.43.202\",\"country\":\"Hay problemas con la API\",\"city\":\"Hay problemas con la API\",\"os\":\"Windows 10\",\"browser\":\"Chrome\",\"time\":\"2021-03-13 15:50:14\"}', '$2y$10$e5mzQqIjUAkVhf.f5FAw8eQzlkAHQKL7TlFItG.4dfoCRTNs8zwtq', '2021-03-13 15:50:14', NULL, 95, 0, '$2y$10$ZigoLE91WW8ZvEpPzj5yt.2p8cj4OZKiIU8Qrq5znYxFn4Yx5s7fe', 0, 0, '2021-03-13 20:50:14', '2021-03-13 20:50:14'),
(810, '{\"ip\":\"191.156.32.138\",\"country\":\"Hay problemas con la API\",\"city\":\"Hay problemas con la API\",\"os\":\"Windows 10\",\"browser\":\"Chrome\",\"time\":\"2021-03-13 16:02:08\"}', '$2y$10$PeUTrDpnRqmwqNdHXFXp9eogyMBKm3YsTA3Rx4UowX1R0SRRBK92', '2021-03-13 16:02:08', NULL, 97, 0, '$2y$10$j2jy0JTcTtxQtQkUIsv6ec8DV4Hz9RTeuJyeus8A61X9YdDe.C', 0, 0, '2021-03-13 21:02:08', '2021-03-13 21:02:08'),
(813, '{\"ip\":\"190.121.158.235\",\"country\":\"Hay problemas con la API\",\"city\":\"Hay problemas con la API\",\"os\":\"Windows 10\",\"browser\":\"Chrome\",\"time\":\"2021-03-15 10:11:57\"}', '$2y$10$DOfpmDqha.NFezhlBl9D.Z9Nf8Mjj3Kf.xfmJ7Mf7VStEl29c.', '2021-03-15 10:11:57', NULL, 53, 0, '$2y$10$ddrCZXUHeB.FYuNvQ3inOMmKJ3elFhmQxNdp3DN8HWys33Poowa', 0, 0, '2021-03-15 15:11:57', '2021-03-15 15:11:57'),
(814, '{\"ip\":\"190.121.158.235\",\"country\":\"Hay problemas con la API\",\"city\":\"Hay problemas con la API\",\"os\":\"Windows 10\",\"browser\":\"Chrome\",\"time\":\"2021-03-16 09:55:40\"}', '$2y$10$DOfpmDqha.NFezhlBl9D.Z9Nf8Mjj3Kf.xfmJ7Mf7VStEl29c.', '2021-03-16 09:55:40', NULL, 53, 0, '$2y$10$MQpmGsT91vqwjAYBRuJkKOX7HLcL9EIzmJkeB0JoJhnF.sSARAVr6', 0, 0, '2021-03-16 14:55:40', '2021-03-16 14:55:40'),
(815, '{\"ip\":\"186.99.173.255\",\"country\":\"Hay problemas con la API\",\"city\":\"Hay problemas con la API\",\"os\":\"Android\",\"browser\":\"Handheld Browser\",\"time\":\"2021-03-16 10:09:12\"}', '$2y$10$8MmiAnShKbvHcT2Qej.6umhLeN0rsdvFY..ym5ZxGvozj9ju38i', '2021-03-16 10:09:12', NULL, 1, 0, '$2y$10$uCXWWcUX6Ftx4fVlX5GRYeJxf5ZHDWtlFgWvBi6Dx0A1gWSidh1e', 0, 0, '2021-03-16 15:09:12', '2021-03-16 15:09:12'),
(816, '{\"ip\":\"190.121.158.235\",\"country\":\"Hay problemas con la API\",\"city\":\"Hay problemas con la API\",\"os\":\"Windows 10\",\"browser\":\"Chrome\",\"time\":\"2021-03-16 13:24:29\"}', '$2y$10$DOfpmDqha.NFezhlBl9D.Z9Nf8Mjj3Kf.xfmJ7Mf7VStEl29c.', '2021-03-16 13:24:29', NULL, 53, 0, '$2y$10$2g4d9yVCHHOFLUDOG627e4zE0LXFlxKtMgQ48rFdDGp5unO6hYxO', 0, 0, '2021-03-16 18:24:29', '2021-03-16 18:24:29'),
(817, '{\"ip\":\"201.182.249.71\",\"country\":\"Hay problemas con la API\",\"city\":\"Hay problemas con la API\",\"os\":\"Android\",\"browser\":\"Handheld Browser\",\"time\":\"2021-03-16 15:38:50\"}', '$2y$10$1TIZAWKYLgomBAC2jTUQK.8mgbT9uUCrTGnPeGJlX798S6hGguZfi', '2021-03-16 15:38:50', NULL, 79, 0, '$2y$10$m3Nyxj3Vpd9eUySL8ydSeAmE55PAFRDj9WXdsIFe3yI6umKQIHk6', 0, 0, '2021-03-16 20:38:50', '2021-03-16 20:38:50'),
(818, '{\"ip\":\"190.121.158.235\",\"country\":\"Hay problemas con la API\",\"city\":\"Hay problemas con la API\",\"os\":\"Windows 10\",\"browser\":\"Chrome\",\"time\":\"2021-03-17 08:15:12\"}', '$2y$10$DOfpmDqha.NFezhlBl9D.Z9Nf8Mjj3Kf.xfmJ7Mf7VStEl29c.', '2021-03-17 08:15:12', '2021-03-17 08:41:37', 53, 0, '$2y$10$HCJxqJHll8.AxvbVyEIg.7Bl1P5B5MaLNhjMuAVqfqKdls79xSS', 0, 0, '2021-03-17 13:15:12', '2021-03-17 13:41:37'),
(820, '{\"ip\":\"190.121.158.235\",\"country\":\"Hay problemas con la API\",\"city\":\"Hay problemas con la API\",\"os\":\"Windows 10\",\"browser\":\"Chrome\",\"time\":\"2021-03-17 08:51:13\"}', '$2y$10$DOfpmDqha.NFezhlBl9D.Z9Nf8Mjj3Kf.xfmJ7Mf7VStEl29c.', '2021-03-17 08:51:13', NULL, 53, 0, '$2y$10$mJhuFJ7EBI2y0e.E.iVAMOzBefAOxj18N4u.NSdOybjkDalStsxe', 0, 0, '2021-03-17 13:51:13', '2021-03-17 13:51:13'),
(821, '{\"ip\":\"138.0.89.190\",\"country\":\"Hay problemas con la API\",\"city\":\"Hay problemas con la API\",\"os\":\"Android\",\"browser\":\"Handheld Browser\",\"time\":\"2021-03-17 12:02:48\"}', '$2y$10$nKRopR7KA9FXqg2JktWCnuuJXoLDhJ9Ude..Eo.bQb.GhMBdOV6W6', '2021-03-17 12:02:48', NULL, 81, 0, '$2y$10$ki2blP8unOk6qDh1t2viP.T4xBNtfytOryqmrMcU.ZpAdDU6hyXC', 0, 0, '2021-03-17 17:02:48', '2021-03-17 17:02:48'),
(827, '{\"ip\":\"191.156.3.153\",\"country\":\"Hay problemas con la API\",\"city\":\"Hay problemas con la API\",\"os\":\"Windows 10\",\"browser\":\"Chrome\",\"time\":\"2021-03-18 10:28:57\"}', '$2y$10$DOfpmDqha.NFezhlBl9D.Z9Nf8Mjj3Kf.xfmJ7Mf7VStEl29c.', '2021-03-18 10:28:57', '2021-03-18 15:41:07', 53, 0, '$2y$10$h.M.GFfsKmEk1VxVkgVWte9HOJXhtR120wNEmOFs1wziNjMHbYYK', 0, 0, '2021-03-18 15:28:57', '2021-03-18 20:41:07'),
(828, '{\"ip\":\"191.156.3.153\",\"country\":\"Hay problemas con la API\",\"city\":\"Hay problemas con la API\",\"os\":\"Windows 10\",\"browser\":\"Chrome\",\"time\":\"2021-03-18 10:55:25\"}', '$2y$10$j0c1H.Z3qGo5m85GaJQLfuDpCORTabwHmL8F2iSGOkHB.5FXlnsM6', '2021-03-18 10:55:24', NULL, 98, 0, '$2y$10$RFBNq9XMgIJojE6Dzv6yEOCPaOhdTSjm2mxuxZVurCUWCZygjg5S2', 0, 0, '2021-03-18 15:55:25', '2021-03-18 15:55:25'),
(829, '{\"ip\":\"191.156.3.153\",\"country\":\"Hay problemas con la API\",\"city\":\"Hay problemas con la API\",\"os\":\"Windows 10\",\"browser\":\"Chrome\",\"time\":\"2021-03-18 10:56:17\"}', '$2y$10$HBW4Xzgqr9MEMH5w7RSvT.o62RrELMX9JDu7sBEcIU0x5pFBqDkQa', '2021-03-18 10:56:17', NULL, 98, 0, '$2y$10$LX3b4X8CAczEpqGLA.ae4.YYmVafUmtH8o8PHoyIiq4UH4YHbBu.u', 0, 0, '2021-03-18 15:56:17', '2021-03-18 15:56:17'),
(830, '{\"ip\":\"191.156.3.153\",\"country\":\"Hay problemas con la API\",\"city\":\"Hay problemas con la API\",\"os\":\"Windows 10\",\"browser\":\"Chrome\",\"time\":\"2021-03-18 11:03:50\"}', '$2y$10$g78FEyLTUO4WkwmdnG4.ga3KDgeVbvuENLSTEbkX31qwDs7oTLi', '2021-03-18 11:03:50', NULL, 99, 0, '$2y$10$V5rmHT5VYvucLOIAU9CiuDvECcxV3Inp.Hr2H7eWYysWpKcB3O2', 0, 0, '2021-03-18 16:03:50', '2021-03-18 16:03:50'),
(831, '{\"ip\":\"191.156.3.153\",\"country\":\"Hay problemas con la API\",\"city\":\"Hay problemas con la API\",\"os\":\"Windows 10\",\"browser\":\"Chrome\",\"time\":\"2021-03-18 11:05:40\"}', '$2y$10$HBW4Xzgqr9MEMH5w7RSvT.o62RrELMX9JDu7sBEcIU0x5pFBqDkQa', '2021-03-18 11:05:40', NULL, 99, 0, '$2y$10$L1iUanB2P9fJ2icnKzIF6.ivfaEGDKc07plpr7Tw6gSXF1.cakRki', 0, 0, '2021-03-18 16:05:40', '2021-03-18 16:05:40'),
(832, '{\"ip\":\"191.156.3.153\",\"country\":\"Hay problemas con la API\",\"city\":\"Hay problemas con la API\",\"os\":\"Windows 10\",\"browser\":\"Chrome\",\"time\":\"2021-03-18 11:28:43\"}', '$2y$10$wU8oool.UHtRaUBdLpw9e.t6vE9k82FSwCx780MdGgjnHirBJhZz2', '2021-03-18 11:28:43', NULL, 100, 0, '$2y$10$3.V9YlP8jLXeY550wSQge5XfYXPTC9RFhNXqTLzR.TuqqKOe5jJq', 0, 0, '2021-03-18 16:28:43', '2021-03-18 16:28:43'),
(833, '{\"ip\":\"191.156.3.153\",\"country\":\"Hay problemas con la API\",\"city\":\"Hay problemas con la API\",\"os\":\"Windows 10\",\"browser\":\"Chrome\",\"time\":\"2021-03-18 11:29:40\"}', '$2y$10$HBW4Xzgqr9MEMH5w7RSvT.o62RrELMX9JDu7sBEcIU0x5pFBqDkQa', '2021-03-18 11:29:40', NULL, 100, 0, '$2y$10$ZgOPeX3wQgpDitU3JqlSusTcR1hALKbUcpXaMtA2t2j9Fh1EFvvC', 0, 0, '2021-03-18 16:29:40', '2021-03-18 16:29:40'),
(834, '{\"ip\":\"191.156.3.153\",\"country\":\"Hay problemas con la API\",\"city\":\"Hay problemas con la API\",\"os\":\"Windows 10\",\"browser\":\"Chrome\",\"time\":\"2021-03-18 11:59:13\"}', '$2y$10$uY7qE8PFwYmGbv4.DKz39OvsSiYrhVqGxszOsJfAhzv6828BtG6Au', '2021-03-18 11:59:13', NULL, 101, 0, '$2y$10$uN9szRG6pAo.m5h9vvAsBOnwd5j1tjUQ6ONepTJwIXnKisONOyi', 0, 0, '2021-03-18 16:59:13', '2021-03-18 16:59:13'),
(835, '{\"ip\":\"191.156.3.153\",\"country\":\"Hay problemas con la API\",\"city\":\"Hay problemas con la API\",\"os\":\"Windows 10\",\"browser\":\"Chrome\",\"time\":\"2021-03-18 12:03:40\"}', '$2y$10$HBW4Xzgqr9MEMH5w7RSvT.o62RrELMX9JDu7sBEcIU0x5pFBqDkQa', '2021-03-18 12:03:40', NULL, 101, 0, '$2y$10$ce0oQxnsqOLeutAl7tn6.WXeAVQlIAMmjD54WsXSDX5.BvympQ.', 0, 0, '2021-03-18 17:03:40', '2021-03-18 17:03:40'),
(836, '{\"ip\":\"191.156.3.153\",\"country\":\"Hay problemas con la API\",\"city\":\"Hay problemas con la API\",\"os\":\"Windows 10\",\"browser\":\"Chrome\",\"time\":\"2021-03-18 12:24:27\"}', '$2y$10$yzO4RCP6JtPMGAFiJL9DDuiOLHISMpYZUcLNpnxEPqcX3nAND61l.', '2021-03-18 12:24:27', NULL, 102, 0, '$2y$10$y.DGdO60xW0hsUpgvKmQdORjQ.jKgfMbyKHv.tLJIfkGGC6hnjYm', 0, 0, '2021-03-18 17:24:27', '2021-03-18 17:24:27'),
(837, '{\"ip\":\"191.156.3.153\",\"country\":\"Hay problemas con la API\",\"city\":\"Hay problemas con la API\",\"os\":\"Windows 10\",\"browser\":\"Chrome\",\"time\":\"2021-03-18 12:29:44\"}', '$2y$10$T.yKLkZ.dwAQgTJJcbjJOHWO4lcwR8HPp4H4.6ZojodIvRC3sGeO', '2021-03-18 12:29:44', NULL, 102, 0, '$2y$10$RtE.xKSwg6Uw.s7ENHNZIOGhMajAXbVFqWCTIBBaa0imeeRLLuIZC', 0, 0, '2021-03-18 17:29:44', '2021-03-18 17:29:44'),
(838, '{\"ip\":\"191.156.3.153\",\"country\":\"Hay problemas con la API\",\"city\":\"Hay problemas con la API\",\"os\":\"Windows 10\",\"browser\":\"Chrome\",\"time\":\"2021-03-18 12:35:49\"}', '$2y$10$35rcf1m1Ds7yuhBgJcR6aed4XESZeCVgTBSXMqwxDX6AmL52JB72', '2021-03-18 12:35:49', NULL, 103, 0, '$2y$10$ofqAVYkCU54QBlN8EQK.LennUfR2Re6zsgFXzec6A0o6ZYS6cENne', 0, 0, '2021-03-18 17:35:49', '2021-03-18 17:35:49'),
(839, '{\"ip\":\"191.156.3.153\",\"country\":\"Hay problemas con la API\",\"city\":\"Hay problemas con la API\",\"os\":\"Windows 10\",\"browser\":\"Chrome\",\"time\":\"2021-03-18 12:41:10\"}', '$2y$10$SiETtNpSs2mQgdEQgmKD.GK.8st1eWF2b6TpgKc0t6RuhZgoYv.', '2021-03-18 12:41:10', NULL, 103, 0, '$2y$10$Ij9UV.8YrG4aACqfskszt.QTijFQKl95X8GpMGsXj1oPVX8b3RbEC', 0, 0, '2021-03-18 17:41:10', '2021-03-18 17:41:10'),
(840, '{\"ip\":\"191.156.3.153\",\"country\":\"Hay problemas con la API\",\"city\":\"Hay problemas con la API\",\"os\":\"Windows 10\",\"browser\":\"Chrome\",\"time\":\"2021-03-18 12:46:06\"}', '$2y$10$leoTGOXtan4yk1lNxNgQupArKSgoJblbmbGiW9o2BI97XixdRgxe', '2021-03-18 12:46:06', NULL, 104, 0, '$2y$10$WbuHoDBJQcTFA7OKhIPdWOK0XInx1ePmgRlDDrOivw7mE3PbfOEC', 0, 0, '2021-03-18 17:46:06', '2021-03-18 17:46:06'),
(841, '{\"ip\":\"191.156.3.153\",\"country\":\"Hay problemas con la API\",\"city\":\"Hay problemas con la API\",\"os\":\"Windows 10\",\"browser\":\"Chrome\",\"time\":\"2021-03-18 12:47:09\"}', '$2y$10$T.yKLkZ.dwAQgTJJcbjJOHWO4lcwR8HPp4H4.6ZojodIvRC3sGeO', '2021-03-18 12:47:09', '2021-03-18 12:47:41', 53, 0, '$2y$10$Z65foDfsqFYcrlvvYguPsb45yrsMRbZNcK9C0bm0THVoQfMK', 0, 0, '2021-03-18 17:47:09', '2021-03-18 17:47:41'),
(842, '{\"ip\":\"191.156.3.153\",\"country\":\"Hay problemas con la API\",\"city\":\"Hay problemas con la API\",\"os\":\"Windows 10\",\"browser\":\"Chrome\",\"time\":\"2021-03-18 12:48:02\"}', '$2y$10$T.yKLkZ.dwAQgTJJcbjJOHWO4lcwR8HPp4H4.6ZojodIvRC3sGeO', '2021-03-18 12:48:02', NULL, 104, 0, '$2y$10$ygCLuqU6ekUDHyN32f5zedPaJpHRh13PpIthCKuscyKE.U8V6PZG', 0, 0, '2021-03-18 17:48:02', '2021-03-18 17:48:02'),
(843, '{\"ip\":\"191.156.3.153\",\"country\":\"Hay problemas con la API\",\"city\":\"Hay problemas con la API\",\"os\":\"Windows 10\",\"browser\":\"Chrome\",\"time\":\"2021-03-18 12:59:34\"}', '$2y$10$TSVc8RMBMQQ82xGnfRqQ.PAwwSqQn8Fpzsn35mhytMvZA3bKehu', '2021-03-18 12:59:34', NULL, 105, 0, '$2y$10$LVW2ELlmlTzwvuU8ZPF7eOMIArRl6HzljklvWxsOPk9YS.MIyq7O', 0, 0, '2021-03-18 17:59:34', '2021-03-18 17:59:34'),
(844, '{\"ip\":\"191.156.3.153\",\"country\":\"Hay problemas con la API\",\"city\":\"Hay problemas con la API\",\"os\":\"Windows 10\",\"browser\":\"Chrome\",\"time\":\"2021-03-18 13:01:57\"}', '$2y$10$SiETtNpSs2mQgdEQgmKD.GK.8st1eWF2b6TpgKc0t6RuhZgoYv.', '2021-03-18 13:01:57', NULL, 105, 0, '$2y$10$kQEVLo5Fr3cclf6GLUefOH1RvkK1JFGyBqIfqbuRUbaY8uLPuDoG', 0, 0, '2021-03-18 18:01:57', '2021-03-18 18:01:57'),
(845, '{\"ip\":\"191.156.3.153\",\"country\":\"Hay problemas con la API\",\"city\":\"Hay problemas con la API\",\"os\":\"Windows 10\",\"browser\":\"Chrome\",\"time\":\"2021-03-18 13:04:11\"}', '$2y$10$ahjDEpWkTE3op3YR7YwDezikPOEdxonW1i98b.3OP3ujsm7UUNq', '2021-03-18 13:04:11', NULL, 106, 0, '$2y$10$8s9RpCMAneehFDhwToXH.4HrQXTvpAteXxy9f9j4a5oRUTJjLS', 0, 0, '2021-03-18 18:04:11', '2021-03-18 18:04:11'),
(846, '{\"ip\":\"191.156.3.153\",\"country\":\"Hay problemas con la API\",\"city\":\"Hay problemas con la API\",\"os\":\"Windows 10\",\"browser\":\"Chrome\",\"time\":\"2021-03-18 13:05:54\"}', '$2y$10$T.yKLkZ.dwAQgTJJcbjJOHWO4lcwR8HPp4H4.6ZojodIvRC3sGeO', '2021-03-18 13:05:54', NULL, 106, 0, '$2y$10$0ryckgnHQHCOYGmfNRnhu98pi4pWVqixuh2i031yXvd9SJ1YHYfy', 0, 0, '2021-03-18 18:05:54', '2021-03-18 18:05:54'),
(847, '{\"ip\":\"191.106.172.119\",\"country\":\"Hay problemas con la API\",\"city\":\"Hay problemas con la API\",\"os\":\"Android\",\"browser\":\"Handheld Browser\",\"time\":\"2021-03-18 14:17:17\"}', '$2y$10$JGhfuCOaZEtyyE5.IEvODy7hmkxTWxBKJujgRblhlANSSgwXmhy', '2021-03-18 14:17:17', NULL, 107, 0, '$2y$10$lnifHLje.UBxItVkfzDTOQB8d8gtyo1G4oheXXeWs339raYK0jS', 0, 0, '2021-03-18 19:17:17', '2021-03-18 19:17:17'),
(848, '{\"ip\":\"191.156.3.153\",\"country\":\"Hay problemas con la API\",\"city\":\"Hay problemas con la API\",\"os\":\"Windows 10\",\"browser\":\"Chrome\",\"time\":\"2021-03-18 14:22:34\"}', '$2y$10$tFrqpZq0YbzqwGfAQQkGa.PTiMfqMkXpa57NOpwH1pkZi5Z1quAa', '2021-03-18 14:22:34', NULL, 108, 0, '$2y$10$RE8xKDUJ.4Dlrm5rRmEAleWjp5v52J6IWEs7FSriIn7R9LMRoCIwK', 0, 0, '2021-03-18 19:22:34', '2021-03-18 19:22:34'),
(849, '{\"ip\":\"191.156.3.153\",\"country\":\"Hay problemas con la API\",\"city\":\"Hay problemas con la API\",\"os\":\"Windows 10\",\"browser\":\"Chrome\",\"time\":\"2021-03-18 14:24:02\"}', '$2y$10$SiETtNpSs2mQgdEQgmKD.GK.8st1eWF2b6TpgKc0t6RuhZgoYv.', '2021-03-18 14:24:02', NULL, 108, 0, '$2y$10$HPV2RcdhbsBEljXT84X4ueZKOHbmgExl30SP7P2huy1eUY0SiZqF6', 0, 0, '2021-03-18 19:24:02', '2021-03-18 19:24:02'),
(850, '{\"ip\":\"191.156.3.153\",\"country\":\"Hay problemas con la API\",\"city\":\"Hay problemas con la API\",\"os\":\"Windows 10\",\"browser\":\"Chrome\",\"time\":\"2021-03-18 14:31:09\"}', '$2y$10$rYaO61qs98KCEIFZwABamu7Q1xHI7EOapdwlZiPwGYq9AUWwap2u', '2021-03-18 14:31:09', NULL, 109, 0, '$2y$10$K5UQ99dnnpCNS7mQx0yi5..JL5TEX1z6HSA09QcYLp65904PShkIy', 0, 0, '2021-03-18 19:31:09', '2021-03-18 19:31:09'),
(851, '{\"ip\":\"191.156.3.153\",\"country\":\"Hay problemas con la API\",\"city\":\"Hay problemas con la API\",\"os\":\"Windows 10\",\"browser\":\"Chrome\",\"time\":\"2021-03-18 14:32:52\"}', '$2y$10$SiETtNpSs2mQgdEQgmKD.GK.8st1eWF2b6TpgKc0t6RuhZgoYv.', '2021-03-18 14:32:52', NULL, 109, 0, '$2y$10$HQjEmIRpug5.1CK0stUvceiuYFYBXMDhDIXH3I4PWxh2sUgZnsSgq', 0, 0, '2021-03-18 19:32:52', '2021-03-18 19:32:52'),
(852, '{\"ip\":\"191.156.3.153\",\"country\":\"Hay problemas con la API\",\"city\":\"Hay problemas con la API\",\"os\":\"Windows 10\",\"browser\":\"Chrome\",\"time\":\"2021-03-18 14:42:04\"}', '$2y$10$.ffdxKGroOvFyvu9jn3EKecFrSyr75dxZ.NILqQsWS9wKUVsPGuy', '2021-03-18 14:42:04', NULL, 110, 0, '$2y$10$6p2UWmHF.zWzPLopeUZRLequ.m2SykOh2jt1tVDqGYh85BD0IQO', 0, 0, '2021-03-18 19:42:04', '2021-03-18 19:42:04'),
(853, '{\"ip\":\"191.156.3.153\",\"country\":\"Hay problemas con la API\",\"city\":\"Hay problemas con la API\",\"os\":\"Windows 10\",\"browser\":\"Chrome\",\"time\":\"2021-03-18 14:43:20\"}', '$2y$10$SiETtNpSs2mQgdEQgmKD.GK.8st1eWF2b6TpgKc0t6RuhZgoYv.', '2021-03-18 14:43:20', NULL, 110, 0, '$2y$10$2B.pP1k74mW7r0HCWqyeT.zNGvkI0obfADGNWksig.7DuPzNj0GEK', 0, 0, '2021-03-18 19:43:20', '2021-03-18 19:43:20'),
(854, '{\"ip\":\"191.156.3.153\",\"country\":\"Hay problemas con la API\",\"city\":\"Hay problemas con la API\",\"os\":\"Windows 10\",\"browser\":\"Chrome\",\"time\":\"2021-03-18 14:56:25\"}', '$2y$10$AcEkRwiTKOOov9QgqRcGuSLTD4o8WHSjnTJBOcYFkr7OJyD8zBNy', '2021-03-18 14:56:25', NULL, 111, 0, '$2y$10$qHPagkYdEr4p1N2u2Kmu.kQXqRT8E49StClMIS3UnYQFl7BqPcj.', 0, 0, '2021-03-18 19:56:25', '2021-03-18 19:56:25'),
(855, '{\"ip\":\"191.156.3.153\",\"country\":\"Hay problemas con la API\",\"city\":\"Hay problemas con la API\",\"os\":\"Windows 10\",\"browser\":\"Chrome\",\"time\":\"2021-03-18 14:58:08\"}', '$2y$10$SiETtNpSs2mQgdEQgmKD.GK.8st1eWF2b6TpgKc0t6RuhZgoYv.', '2021-03-18 14:58:08', NULL, 111, 0, '$2y$10$yHrwnzIXIws2ag4SahT3OWBXXlTF.m0EpK.NnyyNkpWmJ6fiu7fG', 0, 0, '2021-03-18 19:58:08', '2021-03-18 19:58:08'),
(856, '{\"ip\":\"191.156.3.153\",\"country\":\"Hay problemas con la API\",\"city\":\"Hay problemas con la API\",\"os\":\"Windows 10\",\"browser\":\"Chrome\",\"time\":\"2021-03-18 15:28:33\"}', '$2y$10$0GgKH5NTDQ7UfzRRev0i5ON2HsiOEl8WD6IY89SZORIEZK2WKW2O', '2021-03-18 15:28:33', NULL, 112, 0, '$2y$10$wf69Xt5htJIhPfV.EpkkiuA2bDl6mHOFhd2hO4tLkw6im4lyr1Si', 0, 0, '2021-03-18 20:28:33', '2021-03-18 20:28:33'),
(857, '{\"ip\":\"191.156.3.153\",\"country\":\"Hay problemas con la API\",\"city\":\"Hay problemas con la API\",\"os\":\"Windows 10\",\"browser\":\"Chrome\",\"time\":\"2021-03-18 15:29:27\"}', '$2y$10$SiETtNpSs2mQgdEQgmKD.GK.8st1eWF2b6TpgKc0t6RuhZgoYv.', '2021-03-18 15:29:27', NULL, 112, 0, '$2y$10$ewxE3XwOVdRdhGpmswRTieqAa6.amB7cmLrcLSKDNTQSSoKkCEzS', 0, 0, '2021-03-18 20:29:27', '2021-03-18 20:29:27'),
(858, '{\"ip\":\"191.156.3.153\",\"country\":\"Hay problemas con la API\",\"city\":\"Hay problemas con la API\",\"os\":\"Windows 10\",\"browser\":\"Chrome\",\"time\":\"2021-03-18 15:40:13\"}', '$2y$10$nqkEpMSBCwekP2Vr8GVJoOLhv3vha8P8pnDCRKddzUJk4zi0im9g6', '2021-03-18 15:40:13', NULL, 113, 0, '$2y$10$o9gmZPvtzwZuCSVHoyYdmeLii85hl7wIAhslTwKPXEGOaWxqCtK6', 0, 0, '2021-03-18 20:40:13', '2021-03-18 20:40:13'),
(859, '{\"ip\":\"191.156.3.153\",\"country\":\"Hay problemas con la API\",\"city\":\"Hay problemas con la API\",\"os\":\"Windows 10\",\"browser\":\"Chrome\",\"time\":\"2021-03-18 15:40:41\"}', '$2y$10$SiETtNpSs2mQgdEQgmKD.GK.8st1eWF2b6TpgKc0t6RuhZgoYv.', '2021-03-18 15:40:41', NULL, 113, 0, '$2y$10$kR2dE3YYhS1kfyxF9YGAVeCwk0ltBf0VWqnp1SVUIoEMIedQtodWS', 0, 0, '2021-03-18 20:40:41', '2021-03-18 20:40:41'),
(860, '{\"ip\":\"191.156.3.153\",\"country\":\"Hay problemas con la API\",\"city\":\"Hay problemas con la API\",\"os\":\"Windows 10\",\"browser\":\"Chrome\",\"time\":\"2021-03-18 15:41:43\"}', '$2y$10$DOfpmDqha.NFezhlBl9D.Z9Nf8Mjj3Kf.xfmJ7Mf7VStEl29c.', '2021-03-18 15:41:43', '2021-03-18 15:41:47', 53, 0, '$2y$10$GouanK574Go5A5Quj0zW.qs8GhxhKNy4aWj9JEUNHq7GBGMPt3O', 0, 0, '2021-03-18 20:41:43', '2021-03-18 20:41:47'),
(861, '{\"ip\":\"191.156.3.153\",\"country\":\"Hay problemas con la API\",\"city\":\"Hay problemas con la API\",\"os\":\"Windows 10\",\"browser\":\"Chrome\",\"time\":\"2021-03-18 15:42:01\"}', '$2y$10$DOfpmDqha.NFezhlBl9D.Z9Nf8Mjj3Kf.xfmJ7Mf7VStEl29c.', '2021-03-18 15:42:01', NULL, 53, 0, '$2y$10$T48aJrxqWYtaqtWNiMmNMeKlYGbKYjTrjVpGQDwASNfyQj8ItNtC6', 0, 0, '2021-03-18 20:42:01', '2021-03-18 20:42:01'),
(862, '{\"ip\":\"191.156.3.153\",\"country\":\"Hay problemas con la API\",\"city\":\"Hay problemas con la API\",\"os\":\"Windows 10\",\"browser\":\"Chrome\",\"time\":\"2021-03-18 15:49:23\"}', '$2y$10$RSlonbQ62n3sD8UesnMuOXoYm9FUsFMSf3gMLxuwXrq3qEIoszQ.', '2021-03-18 15:49:23', NULL, 114, 0, '$2y$10$qkoS6opcIN.NamGgY3ceSluUKIbA5h.7POdNqvz7iZ.bRGMtVLO', 0, 0, '2021-03-18 20:49:23', '2021-03-18 20:49:23'),
(863, '{\"ip\":\"191.156.3.153\",\"country\":\"Hay problemas con la API\",\"city\":\"Hay problemas con la API\",\"os\":\"Windows 10\",\"browser\":\"Chrome\",\"time\":\"2021-03-18 15:50:19\"}', '$2y$10$SiETtNpSs2mQgdEQgmKD.GK.8st1eWF2b6TpgKc0t6RuhZgoYv.', '2021-03-18 15:50:19', NULL, 114, 0, '$2y$10$RChRHSo9bfxQ3iHGSOOYDutINHdeafyTcpQSFR6todFpjZAcAKphy', 0, 0, '2021-03-18 20:50:19', '2021-03-18 20:50:19'),
(864, '{\"ip\":\"191.156.3.153\",\"country\":\"Hay problemas con la API\",\"city\":\"Hay problemas con la API\",\"os\":\"Windows 10\",\"browser\":\"Chrome\",\"time\":\"2021-03-18 16:11:36\"}', '$2y$10$z8zBdOtLtO7OUAAij5n6YuomzaMcFfqUofD1hri.tmFoZ8qpYGRq', '2021-03-18 16:11:35', NULL, 115, 0, '$2y$10$IZ46Z9Xfw5tlwU9Mp6oXurl69J7pdtglsaRFvLS0zeczvxPb2vKC', 0, 0, '2021-03-18 21:11:36', '2021-03-18 21:11:36'),
(865, '{\"ip\":\"191.156.3.153\",\"country\":\"Hay problemas con la API\",\"city\":\"Hay problemas con la API\",\"os\":\"Windows 10\",\"browser\":\"Chrome\",\"time\":\"2021-03-18 16:13:17\"}', '$2y$10$SiETtNpSs2mQgdEQgmKD.GK.8st1eWF2b6TpgKc0t6RuhZgoYv.', '2021-03-18 16:13:17', NULL, 115, 0, '$2y$10$lpPkLx5fjMJM9dMOdijTsemyNhFaJACq1mq8ZxsyxV0hedK7XKC0q', 0, 0, '2021-03-18 21:13:17', '2021-03-18 21:13:17'),
(866, '{\"ip\":\"191.156.10.220\",\"country\":\"Hay problemas con la API\",\"city\":\"Hay problemas con la API\",\"os\":\"Windows 10\",\"browser\":\"Chrome\",\"time\":\"2021-03-19 11:28:20\"}', '$2y$10$DOfpmDqha.NFezhlBl9D.Z9Nf8Mjj3Kf.xfmJ7Mf7VStEl29c.', '2021-03-19 11:28:20', NULL, 53, 0, '$2y$10$sE3nbX7IAL3CuEwQDOZOYeEG2IRKJahO2K7hiSPbnPRGcK4yr1UcW', 0, 0, '2021-03-19 16:28:20', '2021-03-19 16:28:20'),
(867, '{\"ip\":\"191.156.10.220\",\"country\":\"Hay problemas con la API\",\"city\":\"Hay problemas con la API\",\"os\":\"Windows 10\",\"browser\":\"Chrome\",\"time\":\"2021-03-19 12:30:19\"}', '$2y$10$WZcTOICHOI0ubXIBWuN2u4a6Nx4YcxH7Oiz.8qFB2aBnvypp7zC', '2021-03-19 12:30:19', NULL, 116, 0, '$2y$10$oyIPw7g8bB.u7LkEniNDuZ2VwdBAnexht5sFdLLZscO.NbqvLMsu', 0, 0, '2021-03-19 17:30:19', '2021-03-19 17:30:19'),
(868, '{\"ip\":\"191.156.10.220\",\"country\":\"Hay problemas con la API\",\"city\":\"Hay problemas con la API\",\"os\":\"Windows 10\",\"browser\":\"Chrome\",\"time\":\"2021-03-19 12:31:56\"}', '$2y$10$LX3D86g77pu7lA515glvOi5vtusfQq.zsTQj2r7U4y4s.fhfq', '2021-03-19 12:31:56', NULL, 116, 0, '$2y$10$tCEnW5778VJSDiMNe3Sn7uGFVgacY.XrSo.29mnRsHz.CydrgKnlm', 0, 0, '2021-03-19 17:31:56', '2021-03-19 17:31:56'),
(869, '{\"ip\":\"191.156.10.220\",\"country\":\"Hay problemas con la API\",\"city\":\"Hay problemas con la API\",\"os\":\"Windows 10\",\"browser\":\"Chrome\",\"time\":\"2021-03-19 13:14:00\"}', '$2y$10$8eCkLLRtliRcZIk1Gwy5a.sLQk.kjq1cvcB8m.gKyBf2jvPxdNU3O', '2021-03-19 13:14:00', NULL, 117, 0, '$2y$10$51JRwbycOo3nezJF2gUNduuYb2T0GyrGyoj9WaXBimAcADBgCxxu', 0, 0, '2021-03-19 18:14:00', '2021-03-19 18:14:00'),
(870, '{\"ip\":\"191.156.10.220\",\"country\":\"Hay problemas con la API\",\"city\":\"Hay problemas con la API\",\"os\":\"Windows 10\",\"browser\":\"Chrome\",\"time\":\"2021-03-19 13:14:51\"}', '$2y$10$LX3D86g77pu7lA515glvOi5vtusfQq.zsTQj2r7U4y4s.fhfq', '2021-03-19 13:14:51', NULL, 117, 0, '$2y$10$m2Gp4P41rWCVhvub.xZvQeqMldqlpZ0owt2PgfZ4G.2.XeuUIqx2', 0, 0, '2021-03-19 18:14:51', '2021-03-19 18:14:51'),
(871, '{\"ip\":\"191.156.10.220\",\"country\":\"Hay problemas con la API\",\"city\":\"Hay problemas con la API\",\"os\":\"Windows 10\",\"browser\":\"Chrome\",\"time\":\"2021-03-19 14:41:25\"}', '$2y$10$Vptn5Y1iV5cMHqmPB3R5yOlkufh590seEORrN8hReEUb69Qebzzmu', '2021-03-19 14:41:25', NULL, 118, 0, '$2y$10$IRKYmEKa0ixKKlimPICF7OjT4unmgnhbbwBThlgQETgZ.9EizzqO', 0, 0, '2021-03-19 19:41:25', '2021-03-19 19:41:25'),
(872, '{\"ip\":\"191.156.37.236\",\"country\":\"Hay problemas con la API\",\"city\":\"Hay problemas con la API\",\"os\":\"Android\",\"browser\":\"Handheld Browser\",\"time\":\"2021-03-19 14:57:56\"}', '$2y$10$ptyptFSPRJVanGfoVoxUP.IZz7Bz81wTjjDd27fWRMsbl2oO1Ztli', '2021-03-19 14:57:56', '2021-03-19 15:21:45', 1, 0, '$2y$10$mbtOjSKcSOnDF2U5YZFZ0uynTq6zvUDx6zp9aeM0DIpRV7.U.lWzW', 0, 0, '2021-03-19 19:57:56', '2021-03-19 20:21:45'),
(873, '{\"ip\":\"191.156.10.220\",\"country\":\"Hay problemas con la API\",\"city\":\"Hay problemas con la API\",\"os\":\"Windows 10\",\"browser\":\"Chrome\",\"time\":\"2021-03-19 15:12:09\"}', '$2y$10$hoORBznZNJZLLWnCi3vqZunFrZvWyvlnJGwhvlNhQrpqfs3NdLYi', '2021-03-19 15:12:09', NULL, 119, 0, '$2y$10$wDXCcYBdPQVtu0E9XZVKYuxSR6dTKz241orLMoVTiQfschLfZDD7.', 0, 0, '2021-03-19 20:12:09', '2021-03-19 20:12:09'),
(874, '{\"ip\":\"191.156.10.220\",\"country\":\"Hay problemas con la API\",\"city\":\"Hay problemas con la API\",\"os\":\"Windows 10\",\"browser\":\"Chrome\",\"time\":\"2021-03-19 15:12:49\"}', '$2y$10$LX3D86g77pu7lA515glvOi5vtusfQq.zsTQj2r7U4y4s.fhfq', '2021-03-19 15:12:49', NULL, 119, 0, '$2y$10$lLLYI3pa8xa9plWrX5GRNucxPdHxv.GJJyE8i6gdDVDx7eIDIOWOe', 0, 0, '2021-03-19 20:12:49', '2021-03-19 20:12:49'),
(875, '{\"ip\":\"191.156.38.237\",\"country\":\"Hay problemas con la API\",\"city\":\"Hay problemas con la API\",\"os\":\"Android\",\"browser\":\"Handheld Browser\",\"time\":\"2021-03-19 15:21:57\"}', '$2y$10$ptyptFSPRJVanGfoVoxUP.IZz7Bz81wTjjDd27fWRMsbl2oO1Ztli', '2021-03-19 15:21:57', NULL, 118, 0, '$2y$10$1jULFzUM8Kj4x6XoU5n9mun6KgPc5qDfv8v9Nui1BeV8pmTpmhfu', 0, 0, '2021-03-19 20:21:57', '2021-03-19 20:21:57'),
(876, '{\"ip\":\"190.121.158.235\",\"country\":\"Hay problemas con la API\",\"city\":\"Hay problemas con la API\",\"os\":\"Windows 10\",\"browser\":\"Chrome\",\"time\":\"2021-03-22 12:14:17\"}', '$2y$10$A5mdgi57l3OHD9h6uG634Orp0Vtuu51NGuTcjc4QeiDyklgkxXEtq', '2021-03-22 12:14:17', NULL, 53, 0, '$2y$10$vhebSyUgGVBFO1p3ruHk8OrewUepgRcoTOgIox4D9oABPb0eJoypK', 0, 0, '2021-03-22 17:14:17', '2021-03-22 17:14:17'),
(877, '{\"ip\":\"190.121.158.235\",\"country\":\"Hay problemas con la API\",\"city\":\"Hay problemas con la API\",\"os\":\"Windows 10\",\"browser\":\"Chrome\",\"time\":\"2021-03-23 11:51:19\"}', '$2y$10$DOfpmDqha.NFezhlBl9D.Z9Nf8Mjj3Kf.xfmJ7Mf7VStEl29c.', '2021-03-23 11:51:19', NULL, 53, 0, '$2y$10$rj7Fji0bvQMDPUiJXzInBOr3GBmgRqgBY2gY.FPpV2VtB62QavCB2', 0, 0, '2021-03-23 16:51:19', '2021-03-23 16:51:19'),
(878, '{\"ip\":\"190.121.158.235\",\"country\":\"Hay problemas con la API\",\"city\":\"Hay problemas con la API\",\"os\":\"Windows 10\",\"browser\":\"Chrome\",\"time\":\"2021-03-23 14:41:39\"}', '$2y$10$DOfpmDqha.NFezhlBl9D.Z9Nf8Mjj3Kf.xfmJ7Mf7VStEl29c.', '2021-03-23 14:41:39', NULL, 53, 0, '$2y$10$qQ7NiB.HFX14kDNeIjrpwuRjVGnphg.Ic.mtpCAkSgiBCgG8vcJbO', 0, 0, '2021-03-23 19:41:39', '2021-03-23 19:41:39'),
(879, '{\"ip\":\"190.121.158.235\",\"country\":\"Hay problemas con la API\",\"city\":\"Hay problemas con la API\",\"os\":\"Windows 10\",\"browser\":\"Chrome\",\"time\":\"2021-03-23 17:40:10\"}', '$2y$10$DOfpmDqha.NFezhlBl9D.Z9Nf8Mjj3Kf.xfmJ7Mf7VStEl29c.', '2021-03-23 17:40:10', NULL, 53, 0, '$2y$10$bKWLlcwiviwygMx2E0qygu9CkikwVB70ZTUFvtRaxi8yAnY3JHUjK', 0, 0, '2021-03-23 22:40:10', '2021-03-23 22:40:10'),
(880, '{\"ip\":\"190.121.158.235\",\"country\":\"Hay problemas con la API\",\"city\":\"Hay problemas con la API\",\"os\":\"Windows 10\",\"browser\":\"Chrome\",\"time\":\"2021-03-24 08:19:21\"}', '$2y$10$DOfpmDqha.NFezhlBl9D.Z9Nf8Mjj3Kf.xfmJ7Mf7VStEl29c.', '2021-03-24 08:19:21', NULL, 53, 0, '$2y$10$HKK1BP4Xa2ptqvYNy3veOGDVBXVlFDt0gDiwhPzUKLPeNGn1OK', 0, 0, '2021-03-24 13:19:21', '2021-03-24 13:19:21'),
(881, '{\"ip\":\"190.121.158.235\",\"country\":\"Hay problemas con la API\",\"city\":\"Hay problemas con la API\",\"os\":\"Windows 10\",\"browser\":\"Chrome\",\"time\":\"2021-03-24 11:02:49\"}', '$2y$10$DOfpmDqha.NFezhlBl9D.Z9Nf8Mjj3Kf.xfmJ7Mf7VStEl29c.', '2021-03-24 11:02:49', NULL, 53, 0, '$2y$10$HiNc1vhJ92SJVHSUYRuGN.TY91fFLK0c8CJToall.1sdj3tDZo3y', 0, 0, '2021-03-24 16:02:49', '2021-03-24 16:02:49'),
(882, '{\"ip\":\"190.121.158.235\",\"country\":\"Hay problemas con la API\",\"city\":\"Hay problemas con la API\",\"os\":\"Windows 10\",\"browser\":\"Chrome\",\"time\":\"2021-03-24 15:28:05\"}', '$2y$10$DOfpmDqha.NFezhlBl9D.Z9Nf8Mjj3Kf.xfmJ7Mf7VStEl29c.', '2021-03-24 15:28:05', NULL, 53, 0, '$2y$10$hJ74ME8BOcvgjLErxwtYhuXcix5Ked4DcPIO3pGqJG4FqNFbv7XC', 0, 0, '2021-03-24 20:28:05', '2021-03-24 20:28:05'),
(883, '{\"ip\":\"190.121.158.235\",\"country\":\"Hay problemas con la API\",\"city\":\"Hay problemas con la API\",\"os\":\"Windows 10\",\"browser\":\"Chrome\",\"time\":\"2021-03-24 20:31:50\"}', '$2y$10$DOfpmDqha.NFezhlBl9D.Z9Nf8Mjj3Kf.xfmJ7Mf7VStEl29c.', '2021-03-24 20:31:50', NULL, 53, 0, '$2y$10$y2SRgaxJCVA.qLXxIgSzVuBMlwRLLaDmnBNwTymFOROmG1xDtee', 0, 0, '2021-03-25 01:31:50', '2021-03-25 01:31:50'),
(884, '{\"ip\":\"190.121.158.235\",\"country\":\"Hay problemas con la API\",\"city\":\"Hay problemas con la API\",\"os\":\"Windows 10\",\"browser\":\"Chrome\",\"time\":\"2021-03-25 11:42:25\"}', '$2y$10$DOfpmDqha.NFezhlBl9D.Z9Nf8Mjj3Kf.xfmJ7Mf7VStEl29c.', '2021-03-25 11:42:25', NULL, 53, 0, '$2y$10$DEDeilg5xXlK3WmyZU9b2.A8PQBUc.Mlzs8iEvzRAkIaxerWmTq', 0, 0, '2021-03-25 16:42:25', '2021-03-25 16:42:25'),
(885, '{\"ip\":\"200.122.194.139\",\"country\":\"Hay problemas con la API\",\"city\":\"Hay problemas con la API\",\"os\":\"Windows 10\",\"browser\":\"Chrome\",\"time\":\"2021-03-26 09:35:36\"}', '$2y$10$DOfpmDqha.NFezhlBl9D.Z9Nf8Mjj3Kf.xfmJ7Mf7VStEl29c.', '2021-03-26 09:35:36', NULL, 53, 0, '$2y$10$R1GS799vCpv4yNvQFIQZ2uKxqLqrkrGFk49K8DUwjrBMAIThqkVyq', 0, 0, '2021-03-26 14:35:36', '2021-03-26 14:35:36'),
(886, '{\"ip\":\"200.122.194.139\",\"country\":\"Hay problemas con la API\",\"city\":\"Hay problemas con la API\",\"os\":\"Windows 10\",\"browser\":\"Chrome\",\"time\":\"2021-03-26 11:52:47\"}', '$2y$10$DOfpmDqha.NFezhlBl9D.Z9Nf8Mjj3Kf.xfmJ7Mf7VStEl29c.', '2021-03-26 11:52:47', NULL, 53, 0, '$2y$10$Sfd8YtGcon6.Ez3qUqwhdeR6k4yADdLjHf.IdTKGU4RL7gm0TzoFK', 0, 0, '2021-03-26 16:52:47', '2021-03-26 16:52:47'),
(887, '{\"ip\":\"200.122.194.139\",\"country\":\"Hay problemas con la API\",\"city\":\"Hay problemas con la API\",\"os\":\"Windows 10\",\"browser\":\"Chrome\",\"time\":\"2021-03-26 12:00:18\"}', '$2y$10$usXZSnkYQT0NC8tcMu3bbecGz3IptyccJWae7G6mt5OUAEtdLg21K', '2021-03-26 12:00:17', NULL, 120, 0, '$2y$10$ht1jMlwNLM0HUwx35DHjelX7SfnunjEpGbnuVbtMZn4JBSTOfAm', 0, 0, '2021-03-26 17:00:18', '2021-03-26 17:00:18'),
(888, '{\"ip\":\"200.122.194.139\",\"country\":\"Hay problemas con la API\",\"city\":\"Hay problemas con la API\",\"os\":\"Windows 10\",\"browser\":\"Chrome\",\"time\":\"2021-03-26 12:03:15\"}', '$2y$10$DUn73fDc8BqZP3VZ528nQODjTuu0BkKEZIUhW1vRk.hbOOwnA9gtK', '2021-03-26 12:03:14', NULL, 120, 0, '$2y$10$jAyygf8Y30a58wiX5SeHaeL1jCl7woUuaNxXL5as92L00sEUxAAO', 0, 0, '2021-03-26 17:03:15', '2021-03-26 17:03:15'),
(889, '{\"ip\":\"200.122.194.139\",\"country\":\"Hay problemas con la API\",\"city\":\"Hay problemas con la API\",\"os\":\"Windows 10\",\"browser\":\"Chrome\",\"time\":\"2021-03-26 13:45:10\"}', '$2y$10$5dNkZ9fdecP129RgkDM55uYvGoOqOsmxanQh5GyC4XYROgSeLMNXa', '2021-03-26 13:45:10', NULL, 121, 0, '$2y$10$rATMK4zd2z0Ru.MrbLauO1ieKQit0JmiGaLxnZO.Ffcaa0O7ES', 0, 0, '2021-03-26 18:45:10', '2021-03-26 18:45:10'),
(890, '{\"ip\":\"200.122.194.139\",\"country\":\"Hay problemas con la API\",\"city\":\"Hay problemas con la API\",\"os\":\"Windows 10\",\"browser\":\"Chrome\",\"time\":\"2021-03-26 13:45:46\"}', '$2y$10$DUn73fDc8BqZP3VZ528nQODjTuu0BkKEZIUhW1vRk.hbOOwnA9gtK', '2021-03-26 13:45:46', NULL, 121, 0, '$2y$10$IolMCzrcQUMIP6buTGMwOc.FBi179sYLbosF1xa3jAAGi2T2', 0, 0, '2021-03-26 18:45:46', '2021-03-26 18:45:46'),
(891, '{\"ip\":\"200.122.194.139\",\"country\":\"Hay problemas con la API\",\"city\":\"Hay problemas con la API\",\"os\":\"Windows 10\",\"browser\":\"Chrome\",\"time\":\"2021-03-26 14:18:36\"}', '$2y$10$Q3AbVzDKrBD3fsEoA34Pf.7cYOTX8rsUB74ZQI3v5rub8ZQ6HiJIC', '2021-03-26 14:18:36', NULL, 122, 0, '$2y$10$I80JNvmxyYbnhEXrIbse9nVjkiiN7FfFwpm21kc032QuQp4q', 0, 0, '2021-03-26 19:18:36', '2021-03-26 19:18:36'),
(892, '{\"ip\":\"200.122.194.139\",\"country\":\"Hay problemas con la API\",\"city\":\"Hay problemas con la API\",\"os\":\"Windows 10\",\"browser\":\"Chrome\",\"time\":\"2021-03-26 14:21:22\"}', '$2y$10$DUn73fDc8BqZP3VZ528nQODjTuu0BkKEZIUhW1vRk.hbOOwnA9gtK', '2021-03-26 14:21:22', NULL, 122, 0, '$2y$10$i6GUvRVWNw1BHQsRZEtU9upGzC1d1am3wOMd5LzQirVOd8acRbO4y', 0, 0, '2021-03-26 19:21:22', '2021-03-26 19:21:22'),
(893, '{\"ip\":\"200.122.194.139\",\"country\":\"Hay problemas con la API\",\"city\":\"Hay problemas con la API\",\"os\":\"Windows 10\",\"browser\":\"Chrome\",\"time\":\"2021-03-26 14:28:45\"}', '$2y$10$qqC1CW5HHnIebTkFxHhgPOv9IIjsk2Yyfh.ZaeKUp8YhZwndyQSW', '2021-03-26 14:28:45', NULL, 123, 0, '$2y$10$Jhv3Yb7Cj1cYZiEwyCo.zA4kn6QvH.mxNI6p6gzp2WvrMTCVha', 0, 0, '2021-03-26 19:28:45', '2021-03-26 19:28:45'),
(894, '{\"ip\":\"200.122.194.139\",\"country\":\"Hay problemas con la API\",\"city\":\"Hay problemas con la API\",\"os\":\"Windows 10\",\"browser\":\"Chrome\",\"time\":\"2021-03-26 14:31:36\"}', '$2y$10$DUn73fDc8BqZP3VZ528nQODjTuu0BkKEZIUhW1vRk.hbOOwnA9gtK', '2021-03-26 14:31:36', NULL, 123, 0, '$2y$10$DYI.0Cn0bAPrS4NYT1Gwe59m8KclZpGCMepemeIjWziJfe8vd3a', 0, 0, '2021-03-26 19:31:36', '2021-03-26 19:31:36'),
(895, '{\"ip\":\"200.122.194.139\",\"country\":\"Hay problemas con la API\",\"city\":\"Hay problemas con la API\",\"os\":\"Windows 10\",\"browser\":\"Chrome\",\"time\":\"2021-03-26 14:45:59\"}', '$2y$10$D4Rpd.Uh2VnzCufb6USemlZfIcDQcIhXsYr4izZWdBbb5FtdalO', '2021-03-26 14:45:59', NULL, 124, 0, '$2y$10$eCdUYv8g5HdlEdL5UhSUDO5Mpi8mGpA4aygbRhgINlnhUyKGRY7Ja', 0, 0, '2021-03-26 19:45:59', '2021-03-26 19:45:59'),
(896, '{\"ip\":\"200.122.194.139\",\"country\":\"Hay problemas con la API\",\"city\":\"Hay problemas con la API\",\"os\":\"Windows 10\",\"browser\":\"Chrome\",\"time\":\"2021-03-26 14:46:26\"}', '$2y$10$DUn73fDc8BqZP3VZ528nQODjTuu0BkKEZIUhW1vRk.hbOOwnA9gtK', '2021-03-26 14:46:26', NULL, 124, 0, '$2y$10$O6tmsNyUNKOSgozcRsbPl.2OxVK6bjkJensoSfpCaZ1tQrX7UKnAm', 0, 0, '2021-03-26 19:46:26', '2021-03-26 19:46:26'),
(897, '{\"ip\":\"200.122.194.139\",\"country\":\"Hay problemas con la API\",\"city\":\"Hay problemas con la API\",\"os\":\"Windows 10\",\"browser\":\"Chrome\",\"time\":\"2021-03-26 14:46:51\"}', '$2y$10$DUn73fDc8BqZP3VZ528nQODjTuu0BkKEZIUhW1vRk.hbOOwnA9gtK', '2021-03-26 14:46:51', NULL, 124, 0, '$2y$10$Neh6l8WA5RHdXcdaJd8ASejWk5AaKBBQwICSEw7XLBr54psU4CyU.', 0, 0, '2021-03-26 19:46:51', '2021-03-26 19:46:51'),
(898, '{\"ip\":\"200.122.194.139\",\"country\":\"Hay problemas con la API\",\"city\":\"Hay problemas con la API\",\"os\":\"Windows 10\",\"browser\":\"Chrome\",\"time\":\"2021-03-26 15:33:23\"}', '$2y$10$Ardqh6TXjX8NHbRs10eeJHv6sdvL4u0WAe1Glp0HcjX53l0z0K', '2021-03-26 15:33:22', NULL, 125, 0, '$2y$10$k9IBcF2tPEeDJsULgUeeB.MS5iIQhPefNme1r3UaWT3Ot4VjHNq', 0, 0, '2021-03-26 20:33:23', '2021-03-26 20:33:23'),
(899, '{\"ip\":\"200.122.194.139\",\"country\":\"Hay problemas con la API\",\"city\":\"Hay problemas con la API\",\"os\":\"Windows 10\",\"browser\":\"Chrome\",\"time\":\"2021-03-26 15:36:24\"}', '$2y$10$DUn73fDc8BqZP3VZ528nQODjTuu0BkKEZIUhW1vRk.hbOOwnA9gtK', '2021-03-26 15:36:24', NULL, 125, 0, '$2y$10$D.kZmaT6SA1fC5DHrni76Oufe0uRDjVYo8jzGR1Yhy5TzAQqB7yMO', 0, 0, '2021-03-26 20:36:24', '2021-03-26 20:36:24'),
(900, '{\"ip\":\"191.156.45.5\",\"country\":\"Hay problemas con la API\",\"city\":\"Hay problemas con la API\",\"os\":\"Windows 10\",\"browser\":\"Chrome\",\"time\":\"2021-03-27 11:00:08\"}', '$2y$10$j9USNjqH0Kjejj1tjmcnEu5RaBnK2EY8tuS1IFg3KDzOfMUT8Jy6', '2021-03-27 11:00:08', NULL, 126, 0, '$2y$10$gpe5Cq2Vywv.8jAfa6gbu6ruVudHIdc2o67zwUr.MLG9CXAXZS', 0, 0, '2021-03-27 16:00:08', '2021-03-27 16:00:08'),
(901, '{\"ip\":\"191.156.35.165\",\"country\":\"Hay problemas con la API\",\"city\":\"Hay problemas con la API\",\"os\":\"Windows 10\",\"browser\":\"Chrome\",\"time\":\"2021-03-27 11:00:25\"}', '$2y$10$DOfpmDqha.NFezhlBl9D.Z9Nf8Mjj3Kf.xfmJ7Mf7VStEl29c.', '2021-03-27 11:00:25', NULL, 53, 0, '$2y$10$79N7bmLMq3eoKci77fb8UuFyPfNk8QdhbZPQz2GetzKS5RaoptQBu', 0, 0, '2021-03-27 16:00:25', '2021-03-27 16:00:25'),
(902, '{\"ip\":\"191.156.35.107\",\"country\":\"Hay problemas con la API\",\"city\":\"Hay problemas con la API\",\"os\":\"Windows 10\",\"browser\":\"Chrome\",\"time\":\"2021-03-27 11:00:59\"}', '$2y$10$XshQw89B781GeilVYyjqfuR1w1Jjhnv7c5.k50Q3hnp8YbeXbWwu', '2021-03-27 11:00:59', NULL, 126, 0, '$2y$10$G.1aNGVkL5WaG3Oxsbh24Ouoz3J.syUpeoiTqamwmM1U5af1UTqfy', 0, 0, '2021-03-27 16:00:59', '2021-03-27 16:00:59'),
(903, '{\"ip\":\"191.156.32.140\",\"country\":\"Hay problemas con la API\",\"city\":\"Hay problemas con la API\",\"os\":\"Windows 10\",\"browser\":\"Chrome\",\"time\":\"2021-03-27 11:12:40\"}', '$2y$10$mKSFWXfGAcHVxpBzTXs0.QnPCQE7G.DCd0tbCGVG2UDAnSDvbm6O', '2021-03-27 11:12:40', NULL, 127, 0, '$2y$10$IoRU.NElMCge0c9FRS7APebFxQWRoKLsrzfhEBy6qMlfQyI8GKFMu', 0, 0, '2021-03-27 16:12:40', '2021-03-27 16:12:40'),
(904, '{\"ip\":\"191.156.32.140\",\"country\":\"Hay problemas con la API\",\"city\":\"Hay problemas con la API\",\"os\":\"Windows 10\",\"browser\":\"Chrome\",\"time\":\"2021-03-27 11:13:37\"}', '$2y$10$XshQw89B781GeilVYyjqfuR1w1Jjhnv7c5.k50Q3hnp8YbeXbWwu', '2021-03-27 11:13:37', NULL, 127, 0, '$2y$10$FnCjI7YhNx7dTW6.5R7JZeFCXd8pqqqtl7ZdI1pEP4lw1fY3iCJqq', 0, 0, '2021-03-27 16:13:37', '2021-03-27 16:13:37'),
(905, '{\"ip\":\"191.156.35.165\",\"country\":\"Hay problemas con la API\",\"city\":\"Hay problemas con la API\",\"os\":\"Windows 10\",\"browser\":\"Chrome\",\"time\":\"2021-03-27 12:16:02\"}', '$2y$10$mauIFcTjBEa7UMArBvRf8OYOKgYdWQXqayYcvIwQifNJOtzVPHWNm', '2021-03-27 12:16:02', NULL, 128, 0, '$2y$10$i3qpLatdQaQXkh9jBztnZe63B0O8mjNOBuSDPAW1O7lGiJSUpL1C6', 0, 0, '2021-03-27 17:16:02', '2021-03-27 17:16:02'),
(906, '{\"ip\":\"191.156.32.85\",\"country\":\"Hay problemas con la API\",\"city\":\"Hay problemas con la API\",\"os\":\"Windows 10\",\"browser\":\"Chrome\",\"time\":\"2021-03-27 12:16:48\"}', '$2y$10$XshQw89B781GeilVYyjqfuR1w1Jjhnv7c5.k50Q3hnp8YbeXbWwu', '2021-03-27 12:16:48', NULL, 128, 0, '$2y$10$7E56uB.gA3BYKOfZn856Q.Ne7FJhQcjAcrTFnzIGn0maGVMbuIR9y', 0, 0, '2021-03-27 17:16:48', '2021-03-27 17:16:48'),
(907, '{\"ip\":\"191.156.45.21\",\"country\":\"Hay problemas con la API\",\"city\":\"Hay problemas con la API\",\"os\":\"Windows 10\",\"browser\":\"Chrome\",\"time\":\"2021-03-27 12:29:43\"}', '$2y$10$32ujCnrOhxxEX5dR0truTbOZPOPPkOhaqAG2F0qihZ.lZeGPW3q', '2021-03-27 12:29:42', NULL, 129, 0, '$2y$10$CptKbZWiNISxRj.mCPHjOb60DxPwbSp.QDksyHu0lFyork1kYu', 0, 0, '2021-03-27 17:29:43', '2021-03-27 17:29:43'),
(908, '{\"ip\":\"191.156.47.51\",\"country\":\"Hay problemas con la API\",\"city\":\"Hay problemas con la API\",\"os\":\"Windows 10\",\"browser\":\"Chrome\",\"time\":\"2021-03-27 12:31:19\"}', '$2y$10$XshQw89B781GeilVYyjqfuR1w1Jjhnv7c5.k50Q3hnp8YbeXbWwu', '2021-03-27 12:31:19', NULL, 129, 0, '$2y$10$BJz5vE6WL6jojPI34kVL3e3A8a2YJIAKukejbbBkAXer7AfE4y17O', 0, 0, '2021-03-27 17:31:19', '2021-03-27 17:31:19'),
(909, '{\"ip\":\"191.156.37.234\",\"country\":\"Hay problemas con la API\",\"city\":\"Hay problemas con la API\",\"os\":\"Windows 10\",\"browser\":\"Chrome\",\"time\":\"2021-03-27 12:40:24\"}', '$2y$10$Xcv4x2Ab8awZkYiy63Zuie7DQ3BwqZhyWORPgGCKg98iyCifrgC', '2021-03-27 12:40:24', NULL, 130, 0, '$2y$10$XrJoyD94omhpduTDx.j3LOo.mSGKcW3wmBiyaOJEWv.UmnNpJcLJe', 0, 0, '2021-03-27 17:40:24', '2021-03-27 17:40:24'),
(910, '{\"ip\":\"191.156.44.150\",\"country\":\"Hay problemas con la API\",\"city\":\"Hay problemas con la API\",\"os\":\"Windows 10\",\"browser\":\"Chrome\",\"time\":\"2021-03-27 12:40:57\"}', '$2y$10$XshQw89B781GeilVYyjqfuR1w1Jjhnv7c5.k50Q3hnp8YbeXbWwu', '2021-03-27 12:40:57', NULL, 130, 0, '$2y$10$YPVIqPdywZ6flQGI3p12IOvrogfHB3NkzjzvAaOM8dgugm2LvSNkq', 0, 0, '2021-03-27 17:40:57', '2021-03-27 17:40:57'),
(911, '{\"ip\":\"191.156.34.172\",\"country\":\"Hay problemas con la API\",\"city\":\"Hay problemas con la API\",\"os\":\"Windows 10\",\"browser\":\"Chrome\",\"time\":\"2021-03-27 12:47:50\"}', '$2y$10$XZ56.jzgPlsO66ilfu1ynuBnllCcTZ4ko3SEKpWlXYdprKlf7VY2y', '2021-03-27 12:47:50', NULL, 131, 0, '$2y$10$QYFPe5m5.jKgHWY9dv6EjO.WcBsyxw22HtcM3ImCmuXrwtDkFJUxy', 0, 0, '2021-03-27 17:47:50', '2021-03-27 17:47:50'),
(912, '{\"ip\":\"191.156.38.236\",\"country\":\"Hay problemas con la API\",\"city\":\"Hay problemas con la API\",\"os\":\"Windows 10\",\"browser\":\"Chrome\",\"time\":\"2021-03-27 13:00:17\"}', '$2y$10$XshQw89B781GeilVYyjqfuR1w1Jjhnv7c5.k50Q3hnp8YbeXbWwu', '2021-03-27 13:00:17', NULL, 131, 0, '$2y$10$iHI28ZroxgZzrE3eI09exw6lSHQete3U9cnQHN.V3U1brjc5S', 0, 0, '2021-03-27 18:00:17', '2021-03-27 18:00:17'),
(913, '{\"ip\":\"191.156.34.172\",\"country\":\"Hay problemas con la API\",\"city\":\"Hay problemas con la API\",\"os\":\"Windows 10\",\"browser\":\"Chrome\",\"time\":\"2021-03-27 13:07:28\"}', '$2y$10$NdEsGXzV6rlUUC8mrqcjreznA8RkhioIV1QJpAQlVGn.Fz.9ABAG', '2021-03-27 13:07:28', NULL, 132, 0, '$2y$10$YsQtsK0gWXvgPY2xUta1M.T9gdt0QGCdPkpXrj.UBTqwbGAKrNB66', 0, 0, '2021-03-27 18:07:28', '2021-03-27 18:07:28'),
(914, '{\"ip\":\"191.156.35.165\",\"country\":\"Hay problemas con la API\",\"city\":\"Hay problemas con la API\",\"os\":\"Windows 10\",\"browser\":\"Chrome\",\"time\":\"2021-03-27 13:07:56\"}', '$2y$10$XshQw89B781GeilVYyjqfuR1w1Jjhnv7c5.k50Q3hnp8YbeXbWwu', '2021-03-27 13:07:56', NULL, 132, 0, '$2y$10$6dEmfJmxUWzfjKEJSC889.06vWEbXpgkHZUob.oAKSc35RMVNZ0w6', 0, 0, '2021-03-27 18:07:56', '2021-03-27 18:07:56'),
(915, '{\"ip\":\"191.97.0.110\",\"country\":\"Hay problemas con la API\",\"city\":\"Hay problemas con la API\",\"os\":\"Windows 10\",\"browser\":\"Chrome\",\"time\":\"2021-03-29 10:22:08\"}', '$2y$10$DOfpmDqha.NFezhlBl9D.Z9Nf8Mjj3Kf.xfmJ7Mf7VStEl29c.', '2021-03-29 10:22:08', NULL, 53, 0, '$2y$10$iJfIp0HP5T2QVnZVh7eQnOleGMlOVmfFpc.IxfIQngzIuu5U4UVK', 0, 0, '2021-03-29 15:22:08', '2021-03-29 15:22:08'),
(916, '{\"ip\":\"191.97.0.110\",\"country\":\"Hay problemas con la API\",\"city\":\"Hay problemas con la API\",\"os\":\"Windows 10\",\"browser\":\"Chrome\",\"time\":\"2021-03-29 11:12:45\"}', '$2y$10$QYGKE5iCmahmiI8uVy3sFefmvD1IIspvL8taVLUg7ByCulFc6tawO', '2021-03-29 11:12:45', NULL, 133, 0, '$2y$10$BPkkqWXFoC6fgxXvnSfVOCTrIztb.FR0YC3heZyDFtWx30wRtovS', 0, 0, '2021-03-29 16:12:45', '2021-03-29 16:12:45'),
(917, '{\"ip\":\"191.97.0.110\",\"country\":\"Hay problemas con la API\",\"city\":\"Hay problemas con la API\",\"os\":\"Windows 10\",\"browser\":\"Chrome\",\"time\":\"2021-03-29 11:14:50\"}', '$2y$10$ST.P4LBRuS.j9FNpuNuXO2ubUcvLhhcHoccND2J2Z42N23jGVnG', '2021-03-29 11:14:49', NULL, 133, 0, '$2y$10$aPtohMN6bsZERGUTPtoET.Xn5imT.v2ZPIX5QRDHKI96.cPH5zyZC', 0, 0, '2021-03-29 16:14:50', '2021-03-29 16:14:50'),
(918, '{\"ip\":\"191.97.0.110\",\"country\":\"Hay problemas con la API\",\"city\":\"Hay problemas con la API\",\"os\":\"Windows 10\",\"browser\":\"Chrome\",\"time\":\"2021-03-29 11:19:42\"}', '$2y$10$WSbZOs16OeBpiF.oFb5kOaxL6huvmZheLtZkLTeWergXZRsM..G', '2021-03-29 11:19:42', NULL, 134, 0, '$2y$10$trW5S6uJtrsaO2wBJals7.TtTBzSQR8oyi1zQdT.60JasTfxTrWy', 0, 0, '2021-03-29 16:19:42', '2021-03-29 16:19:42'),
(919, '{\"ip\":\"191.97.0.110\",\"country\":\"Hay problemas con la API\",\"city\":\"Hay problemas con la API\",\"os\":\"Windows 10\",\"browser\":\"Chrome\",\"time\":\"2021-03-29 11:21:21\"}', '$2y$10$ST.P4LBRuS.j9FNpuNuXO2ubUcvLhhcHoccND2J2Z42N23jGVnG', '2021-03-29 11:21:21', NULL, 134, 0, '$2y$10$L.I87J1BXSPhXjhY9hC2lOb88whim5GEzk7hjn2KvdrxqtsjqhwW', 0, 0, '2021-03-29 16:21:21', '2021-03-29 16:21:21'),
(920, '{\"ip\":\"191.97.0.110\",\"country\":\"Hay problemas con la API\",\"city\":\"Hay problemas con la API\",\"os\":\"Windows 10\",\"browser\":\"Chrome\",\"time\":\"2021-03-29 12:18:35\"}', '$2y$10$B.toJZsLmonYW2q8lRNHhO6EntaY7G3fdhvZb4VA6HWxTB4mdv2W', '2021-03-29 12:18:35', NULL, 135, 0, '$2y$10$kc7Hpjna6Zp0Xc4gMENhOoMB3kUpC.YqW5dor2W2SmCN9XzztGFm', 0, 0, '2021-03-29 17:18:35', '2021-03-29 17:18:35'),
(921, '{\"ip\":\"191.97.0.110\",\"country\":\"Hay problemas con la API\",\"city\":\"Hay problemas con la API\",\"os\":\"Windows 10\",\"browser\":\"Chrome\",\"time\":\"2021-03-29 12:19:12\"}', '$2y$10$ST.P4LBRuS.j9FNpuNuXO2ubUcvLhhcHoccND2J2Z42N23jGVnG', '2021-03-29 12:19:12', NULL, 135, 0, '$2y$10$IGpXQ6Lmpe3ItiWmm.e77.UFq2aoa.th0vCUYMGCtqUfg1ltOBucu', 0, 0, '2021-03-29 17:19:12', '2021-03-29 17:19:12'),
(922, '{\"ip\":\"191.97.0.110\",\"country\":\"Hay problemas con la API\",\"city\":\"Hay problemas con la API\",\"os\":\"Windows 10\",\"browser\":\"Chrome\",\"time\":\"2021-03-29 12:25:49\"}', '$2y$10$p8IgNSAo2owVPXO8KVvQ.zwoZ204DxtmzwcMY2n8oiXJDcgg9LKe', '2021-03-29 12:25:49', NULL, 136, 0, '$2y$10$gNo99Krkrl4HtO4r4Bs8VOPuWlfdDaUqvlKhZZPovdrR..rf4XCrK', 0, 0, '2021-03-29 17:25:49', '2021-03-29 17:25:49'),
(923, '{\"ip\":\"191.97.0.110\",\"country\":\"Hay problemas con la API\",\"city\":\"Hay problemas con la API\",\"os\":\"Windows 10\",\"browser\":\"Chrome\",\"time\":\"2021-03-29 12:26:33\"}', '$2y$10$ST.P4LBRuS.j9FNpuNuXO2ubUcvLhhcHoccND2J2Z42N23jGVnG', '2021-03-29 12:26:33', NULL, 136, 0, '$2y$10$VgkwJHU2ImzdTxuTz.4KjO7qXm3Wa1Wr15e8XcUhXPxmpyUez8O', 0, 0, '2021-03-29 17:26:33', '2021-03-29 17:26:33'),
(924, '{\"ip\":\"191.97.0.110\",\"country\":\"Hay problemas con la API\",\"city\":\"Hay problemas con la API\",\"os\":\"Windows 10\",\"browser\":\"Chrome\",\"time\":\"2021-03-29 12:30:50\"}', '$2y$10$A.9PiLv3KDS5aWwxDfUnZuPeToITWY81jNudKSWtOPe4gwsYQ1Va', '2021-03-29 12:30:50', NULL, 137, 0, '$2y$10$G32MfsKjv8VLtfzupeTVy.IiX3OG3pyDMGApnOC.VJH8n.Ev1kgy', 0, 0, '2021-03-29 17:30:50', '2021-03-29 17:30:50'),
(925, '{\"ip\":\"191.97.0.110\",\"country\":\"Hay problemas con la API\",\"city\":\"Hay problemas con la API\",\"os\":\"Windows 10\",\"browser\":\"Chrome\",\"time\":\"2021-03-29 12:31:38\"}', '$2y$10$ST.P4LBRuS.j9FNpuNuXO2ubUcvLhhcHoccND2J2Z42N23jGVnG', '2021-03-29 12:31:38', NULL, 137, 0, '$2y$10$hIy1gBUUleORRbtD2izL0O3Yhx4x8CIHXvf.LfCgTpqcnPVLt4b0O', 0, 0, '2021-03-29 17:31:38', '2021-03-29 17:31:38'),
(926, '{\"ip\":\"191.97.0.110\",\"country\":\"Hay problemas con la API\",\"city\":\"Hay problemas con la API\",\"os\":\"Windows 10\",\"browser\":\"Chrome\",\"time\":\"2021-03-29 12:32:21\"}', '$2y$10$ST.P4LBRuS.j9FNpuNuXO2ubUcvLhhcHoccND2J2Z42N23jGVnG', '2021-03-29 12:32:21', NULL, 137, 0, '$2y$10$6TueFxj2dvy1DpepVYMDgeVTjTjXQIeQZMn.3xWaN3C6uD0XAYNW', 0, 0, '2021-03-29 17:32:21', '2021-03-29 17:32:21');
INSERT INTO `user_access` (`id`, `access_address`, `token_pc`, `entry_date`, `out_date`, `user_id`, `confirm`, `token_confirm`, `locked`, `logout`, `created_at`, `updated_at`) VALUES
(927, '{\"ip\":\"191.97.0.110\",\"country\":\"Hay problemas con la API\",\"city\":\"Hay problemas con la API\",\"os\":\"Windows 10\",\"browser\":\"Chrome\",\"time\":\"2021-03-29 13:51:07\"}', '$2y$10$d3CX7rsBYtFjgU9EaE2cuuf6FwVgGo6f6j14UwIWhmSV3NhuhzJB2', '2021-03-29 13:51:07', NULL, 138, 0, '$2y$10$nevWQQkHnVL9MqjS29lSfeNukALWz.HCLc42HdyVYeW5h5JUeIjES', 0, 0, '2021-03-29 18:51:07', '2021-03-29 18:51:07'),
(928, '{\"ip\":\"191.97.0.110\",\"country\":\"Hay problemas con la API\",\"city\":\"Hay problemas con la API\",\"os\":\"Windows 10\",\"browser\":\"Chrome\",\"time\":\"2021-03-29 13:52:20\"}', '$2y$10$ST.P4LBRuS.j9FNpuNuXO2ubUcvLhhcHoccND2J2Z42N23jGVnG', '2021-03-29 13:52:20', NULL, 138, 0, '$2y$10$L3o33nntYB.dVylbo4CvDOJOT13e5T9INHBcdEO3NDxbEtTC7cQvi', 0, 0, '2021-03-29 18:52:20', '2021-03-29 18:52:20'),
(929, '{\"ip\":\"191.97.0.110\",\"country\":\"Hay problemas con la API\",\"city\":\"Hay problemas con la API\",\"os\":\"Windows 10\",\"browser\":\"Chrome\",\"time\":\"2021-03-29 14:00:26\"}', '$2y$10$w88iEsZ31usz7RR7pZV1O.6hDJD4QfdItrrKMzllOhDFEgnLZNT2', '2021-03-29 14:00:26', NULL, 139, 0, '$2y$10$GRgBrDfB6IdAGWGNvcbJ0.3XJjCE6xC2MFkplmjMr9J5ZQ.UwR2ry', 0, 0, '2021-03-29 19:00:26', '2021-03-29 19:00:26'),
(930, '{\"ip\":\"191.97.0.110\",\"country\":\"Hay problemas con la API\",\"city\":\"Hay problemas con la API\",\"os\":\"Windows 10\",\"browser\":\"Chrome\",\"time\":\"2021-03-29 14:01:01\"}', '$2y$10$ST.P4LBRuS.j9FNpuNuXO2ubUcvLhhcHoccND2J2Z42N23jGVnG', '2021-03-29 14:01:01', NULL, 139, 0, '$2y$10$T8PJtLokMUjfuuXIod5wrudlaTJErDzPaSwgwH.MjL3ioxBT5vUMu', 0, 0, '2021-03-29 19:01:01', '2021-03-29 19:01:01'),
(931, '{\"ip\":\"191.97.0.110\",\"country\":\"Hay problemas con la API\",\"city\":\"Hay problemas con la API\",\"os\":\"Windows 10\",\"browser\":\"Chrome\",\"time\":\"2021-03-29 14:18:19\"}', '$2y$10$eTiHqBYRUR3oB34TKu7Ep.0NpUUQk62KBSKfmr.RO.tsGxKi7Dq', '2021-03-29 14:18:19', NULL, 140, 0, '$2y$10$UtZ45Puv3oZHj4U933DDh.KkPetS1rtJCJEVecwgmqQxifsUCGMvi', 0, 0, '2021-03-29 19:18:19', '2021-03-29 19:18:19'),
(932, '{\"ip\":\"191.97.0.110\",\"country\":\"Hay problemas con la API\",\"city\":\"Hay problemas con la API\",\"os\":\"Windows 10\",\"browser\":\"Chrome\",\"time\":\"2021-03-29 14:19:10\"}', '$2y$10$ST.P4LBRuS.j9FNpuNuXO2ubUcvLhhcHoccND2J2Z42N23jGVnG', '2021-03-29 14:19:10', NULL, 140, 0, '$2y$10$Ra0HHH2efuKIFswVQmQV4eMewpw1wVq9yubflO81FuFtJb3vapSX2', 0, 0, '2021-03-29 19:19:10', '2021-03-29 19:19:10'),
(933, '{\"ip\":\"191.97.0.110\",\"country\":\"Hay problemas con la API\",\"city\":\"Hay problemas con la API\",\"os\":\"Windows 10\",\"browser\":\"Chrome\",\"time\":\"2021-03-29 14:40:37\"}', '$2y$10$VLaT0m.0AfCzLutSQA1GTuKwYqdXJMbQdrtmrA1DGZ2LeHLoHorK', '2021-03-29 14:40:37', NULL, 141, 0, '$2y$10$ktg2rSEwvcQSfkkYOSmnbOokTn0n9wTJnUcDljt5f1kCIJ0qwLo6', 0, 0, '2021-03-29 19:40:37', '2021-03-29 19:40:37'),
(934, '{\"ip\":\"191.97.0.110\",\"country\":\"Hay problemas con la API\",\"city\":\"Hay problemas con la API\",\"os\":\"Windows 10\",\"browser\":\"Chrome\",\"time\":\"2021-03-29 14:41:37\"}', '$2y$10$ST.P4LBRuS.j9FNpuNuXO2ubUcvLhhcHoccND2J2Z42N23jGVnG', '2021-03-29 14:41:37', NULL, 141, 0, '$2y$10$YeZNJxSCf18OON3N7eA1eHiKWjQycNnM0SwrHBQFvvIQdnaYof6', 0, 0, '2021-03-29 19:41:37', '2021-03-29 19:41:37'),
(935, '{\"ip\":\"191.97.0.110\",\"country\":\"Hay problemas con la API\",\"city\":\"Hay problemas con la API\",\"os\":\"Windows 10\",\"browser\":\"Chrome\",\"time\":\"2021-03-29 14:47:24\"}', '$2y$10$ypxjNuEpzFiMlahNIoVfBelmvGL12jWkPQzEhN69eTdhVjHwygK2', '2021-03-29 14:47:24', NULL, 141, 0, '$2y$10$4kQ2MhWvsQ56StE6CmoCseOsA3ZLfJy9t6WNmYDIsbnSPOR30dVG', 0, 0, '2021-03-29 19:47:24', '2021-03-29 19:47:24'),
(936, '{\"ip\":\"190.121.158.235\",\"country\":\"Hay problemas con la API\",\"city\":\"Hay problemas con la API\",\"os\":\"Windows 10\",\"browser\":\"Chrome\",\"time\":\"2021-03-29 22:46:43\"}', '$2y$10$DOfpmDqha.NFezhlBl9D.Z9Nf8Mjj3Kf.xfmJ7Mf7VStEl29c.', '2021-03-29 22:46:43', NULL, 53, 0, '$2y$10$YfR05R6vh8KJ0pHkdKisOLwtrOm1MKlf8atRKkdni.jFvtmAa', 0, 0, '2021-03-30 03:46:43', '2021-03-30 03:46:43'),
(937, '{\"ip\":\"186.179.100.119\",\"country\":\"Hay problemas con la API\",\"city\":\"Hay problemas con la API\",\"os\":\"Windows 10\",\"browser\":\"Chrome\",\"time\":\"2021-03-30 10:07:27\"}', '$2y$10$DOfpmDqha.NFezhlBl9D.Z9Nf8Mjj3Kf.xfmJ7Mf7VStEl29c.', '2021-03-30 10:07:27', NULL, 53, 0, '$2y$10$Yojet8p3N85FIWQikPt4OoD01lUTKFXouRQDQb64HYLpmGIKFUi', 0, 0, '2021-03-30 15:07:27', '2021-03-30 15:07:27'),
(938, '{\"ip\":\"186.179.100.119\",\"country\":\"Hay problemas con la API\",\"city\":\"Hay problemas con la API\",\"os\":\"Windows 10\",\"browser\":\"Chrome\",\"time\":\"2021-03-30 12:32:18\"}', '$2y$10$dmUPWlqH7N92lhKHlTbHQu0h0iA1MgJ7nLLFx3EmQtyPRJ8JGsI.', '2021-03-30 12:32:17', NULL, 142, 0, '$2y$10$ETwBYcZhktgzGbWopWM0eQOvnA4vl2C2jDtWHgEFMOY7d4JX6.AC', 0, 0, '2021-03-30 17:32:18', '2021-03-30 17:32:18'),
(939, '{\"ip\":\"186.179.100.119\",\"country\":\"Hay problemas con la API\",\"city\":\"Hay problemas con la API\",\"os\":\"Windows 10\",\"browser\":\"Chrome\",\"time\":\"2021-03-30 12:34:53\"}', '$2y$10$BEdkr59JS4UhhDcVfxZt0ujcD6W8bEKYh3LD3IWC33Qh6iGoFnIdu', '2021-03-30 12:34:53', NULL, 142, 0, '$2y$10$HYgACnJl5O04BWd.tQSXKeDwElMwguuGbQAxGzO03xdvf1IePt.', 0, 0, '2021-03-30 17:34:53', '2021-03-30 17:34:53'),
(940, '{\"ip\":\"186.179.100.119\",\"country\":\"Hay problemas con la API\",\"city\":\"Hay problemas con la API\",\"os\":\"Windows 10\",\"browser\":\"Chrome\",\"time\":\"2021-03-30 12:40:46\"}', '$2y$10$9kXog0pblxYwLyeLrUgWCO9VSXxXA1QpJTDcyTm3xkzYzMizsLXi', '2021-03-30 12:40:46', NULL, 143, 0, '$2y$10$r6oJz0rYmNNbPEad0x0x2OPqi6NKCrod5x.kGsnNF5Rei.CS6.VCS', 0, 0, '2021-03-30 17:40:46', '2021-03-30 17:40:46'),
(941, '{\"ip\":\"186.179.100.119\",\"country\":\"Hay problemas con la API\",\"city\":\"Hay problemas con la API\",\"os\":\"Windows 10\",\"browser\":\"Chrome\",\"time\":\"2021-03-30 12:41:29\"}', '$2y$10$BEdkr59JS4UhhDcVfxZt0ujcD6W8bEKYh3LD3IWC33Qh6iGoFnIdu', '2021-03-30 12:41:29', NULL, 143, 0, '$2y$10$R2Bgaj.DsPNzUG.rl9i.e3cpUoRr7S4kZODmh1Wbw30l5INaNqqu', 0, 0, '2021-03-30 17:41:29', '2021-03-30 17:41:29'),
(942, '{\"ip\":\"186.179.100.119\",\"country\":\"Hay problemas con la API\",\"city\":\"Hay problemas con la API\",\"os\":\"Windows 10\",\"browser\":\"Chrome\",\"time\":\"2021-03-30 12:56:47\"}', '$2y$10$BEdkr59JS4UhhDcVfxZt0ujcD6W8bEKYh3LD3IWC33Qh6iGoFnIdu', '2021-03-30 12:56:47', NULL, 144, 0, '$2y$10$3A7iT5MPAJ17zNKemYD3SeyzXETWUnQ5vkCs5SASmLnThz7Y450PK', 0, 0, '2021-03-30 17:56:47', '2021-03-30 17:56:47'),
(943, '{\"ip\":\"186.179.100.119\",\"country\":\"Hay problemas con la API\",\"city\":\"Hay problemas con la API\",\"os\":\"Windows 10\",\"browser\":\"Chrome\",\"time\":\"2021-03-30 15:02:45\"}', '$2y$10$fTjJbakzWRora0.b2bVb7.Lvnq2ZUqMwoZJfaCbkuhxCAXs0VPeBi', '2021-03-30 15:02:45', NULL, 145, 0, '$2y$10$lvV4.gsiYCKR69EBc6NFuzif.mbruRv7NZAouZuCP2sYryKNamIi', 0, 0, '2021-03-30 20:02:45', '2021-03-30 20:02:45'),
(944, '{\"ip\":\"186.179.100.119\",\"country\":\"Hay problemas con la API\",\"city\":\"Hay problemas con la API\",\"os\":\"Windows 10\",\"browser\":\"Chrome\",\"time\":\"2021-03-30 15:04:12\"}', '$2y$10$BEdkr59JS4UhhDcVfxZt0ujcD6W8bEKYh3LD3IWC33Qh6iGoFnIdu', '2021-03-30 15:04:12', NULL, 145, 0, '$2y$10$tV0Yb9izqVObZe45257Dqe0L8kz5hw2jzkxOano4bcFrYyXTjbxi', 0, 0, '2021-03-30 20:04:12', '2021-03-30 20:04:12'),
(945, '{\"ip\":\"186.179.100.119\",\"country\":\"Hay problemas con la API\",\"city\":\"Hay problemas con la API\",\"os\":\"Windows 10\",\"browser\":\"Chrome\",\"time\":\"2021-03-30 15:16:27\"}', '$2y$10$FniL0lget7NGLovxw2xk7OwqhoyGNnnRE8wz8h73MQphyZPKoCX8C', '2021-03-30 15:16:27', NULL, 146, 0, '$2y$10$MNhmDqu6eeKlHj7BgC0KZeUmE3Ttlm9hOL4M1QQxmlM1U33ho9cAW', 0, 0, '2021-03-30 20:16:27', '2021-03-30 20:16:27'),
(946, '{\"ip\":\"186.179.100.119\",\"country\":\"Hay problemas con la API\",\"city\":\"Hay problemas con la API\",\"os\":\"Windows 10\",\"browser\":\"Chrome\",\"time\":\"2021-03-30 15:17:43\"}', '$2y$10$BEdkr59JS4UhhDcVfxZt0ujcD6W8bEKYh3LD3IWC33Qh6iGoFnIdu', '2021-03-30 15:17:43', NULL, 146, 0, '$2y$10$42vB4VrniOPB4zky2n9mouz.YOgcQ.yE0wdRP5ZVrj9Ss0tGI7TrO', 0, 0, '2021-03-30 20:17:43', '2021-03-30 20:17:43'),
(947, '{\"ip\":\"191.156.45.21\",\"country\":\"Hay problemas con la API\",\"city\":\"Hay problemas con la API\",\"os\":\"Windows 10\",\"browser\":\"Chrome\",\"time\":\"2021-03-31 10:14:26\"}', '$2y$10$DOfpmDqha.NFezhlBl9D.Z9Nf8Mjj3Kf.xfmJ7Mf7VStEl29c.', '2021-03-31 10:14:26', NULL, 53, 0, '$2y$10$4Axg8LTrLC1P.tuGqRwoeyNZXUYC4r9FFhn4zzZnleJYaALG1juG', 0, 0, '2021-03-31 15:14:26', '2021-03-31 15:14:26'),
(948, '{\"ip\":\"191.156.35.106\",\"country\":\"Hay problemas con la API\",\"city\":\"Hay problemas con la API\",\"os\":\"Windows 10\",\"browser\":\"Chrome\",\"time\":\"2021-03-31 10:59:53\"}', '$2y$10$Fc7w0Z5epkDSMEaL.avPtuueeXXJy9xj3NNX955wukiGXSC70zmOm', '2021-03-31 10:59:52', NULL, 147, 0, '$2y$10$3kMZ1S97ECcexCn1lWinZO.kswLoLZTRgNJIcSSG0IQe54HLJ4LXW', 0, 0, '2021-03-31 15:59:53', '2021-03-31 15:59:53'),
(949, '{\"ip\":\"191.156.35.106\",\"country\":\"Hay problemas con la API\",\"city\":\"Hay problemas con la API\",\"os\":\"Windows 10\",\"browser\":\"Chrome\",\"time\":\"2021-03-31 11:01:07\"}', '$2y$10$rwFMBe1G2e32EeCsNIhmP.gn4DaLTxnvEkLKaqh.fzWXm2fFWp4Le', '2021-03-31 11:01:07', NULL, 147, 0, '$2y$10$8GPnuj1oMZ4U1BRRoqwi.h0.SSvigbU49cuhsCG8jPtgjUQjgIWi', 0, 0, '2021-03-31 16:01:07', '2021-03-31 16:01:07'),
(950, '{\"ip\":\"191.156.32.4\",\"country\":\"Hay problemas con la API\",\"city\":\"Hay problemas con la API\",\"os\":\"Windows 10\",\"browser\":\"Chrome\",\"time\":\"2021-03-31 11:18:38\"}', '$2y$10$ZqEJQOAMf0mTZJSiwdIyCu6biV7J9clPPMxEIRYeunj8IYdtSSWq', '2021-03-31 11:18:38', NULL, 148, 0, '$2y$10$hSP.Cpd9duJ836hqYRky9O77mCrFxEacWXgCY3TdgByhpMaUx5UiO', 0, 0, '2021-03-31 16:18:38', '2021-03-31 16:18:38'),
(951, '{\"ip\":\"191.156.35.106\",\"country\":\"Hay problemas con la API\",\"city\":\"Hay problemas con la API\",\"os\":\"Windows 10\",\"browser\":\"Chrome\",\"time\":\"2021-03-31 11:21:10\"}', '$2y$10$rwFMBe1G2e32EeCsNIhmP.gn4DaLTxnvEkLKaqh.fzWXm2fFWp4Le', '2021-03-31 11:21:10', NULL, 148, 0, '$2y$10$kh8UvLgu8r0xH.rlK2kn0eX4MPajfrAweo6l2Yxf4HQfLhX2IGjw.', 0, 0, '2021-03-31 16:21:10', '2021-03-31 16:21:10'),
(952, '{\"ip\":\"191.156.35.106\",\"country\":\"Hay problemas con la API\",\"city\":\"Hay problemas con la API\",\"os\":\"Windows 10\",\"browser\":\"Chrome\",\"time\":\"2021-03-31 12:21:25\"}', '$2y$10$sBaoNrcL94Om6zIDThD9bOAHtOj7bb27uorLYxtfA9AApHiMo0IZq', '2021-03-31 12:21:25', NULL, 149, 0, '$2y$10$tp7xg1YYv6sg445uACJ7Vero.G0EuSsjPlAfsu9jyuuYuhUoPO', 0, 0, '2021-03-31 17:21:25', '2021-03-31 17:21:25'),
(953, '{\"ip\":\"191.156.35.106\",\"country\":\"Hay problemas con la API\",\"city\":\"Hay problemas con la API\",\"os\":\"Windows 10\",\"browser\":\"Chrome\",\"time\":\"2021-03-31 12:22:19\"}', '$2y$10$rwFMBe1G2e32EeCsNIhmP.gn4DaLTxnvEkLKaqh.fzWXm2fFWp4Le', '2021-03-31 12:22:19', NULL, 149, 0, '$2y$10$ZfQQvZ36vgxRbjV9XxL69eRWEsfez5gKc7QgXcenzCjo6x81N6i', 0, 0, '2021-03-31 17:22:19', '2021-03-31 17:22:19'),
(954, '{\"ip\":\"191.156.45.21\",\"country\":\"Hay problemas con la API\",\"city\":\"Hay problemas con la API\",\"os\":\"Windows 10\",\"browser\":\"Chrome\",\"time\":\"2021-03-31 14:31:21\"}', '$2y$10$.ktr8sADrCD2Kl37B0P8..K5rSaqNo3feMreSAF2W35.WlQtbxo.a', '2021-03-31 14:31:21', NULL, 150, 0, '$2y$10$ii6ksYfG0RZ83pFxxqemM4Mf66LCC6GfK5coTKOrKSjuuZBbzK', 0, 0, '2021-03-31 19:31:21', '2021-03-31 19:31:21'),
(955, '{\"ip\":\"191.156.38.236\",\"country\":\"Hay problemas con la API\",\"city\":\"Hay problemas con la API\",\"os\":\"Windows 10\",\"browser\":\"Chrome\",\"time\":\"2021-03-31 14:31:33\"}', '$2y$10$DOfpmDqha.NFezhlBl9D.Z9Nf8Mjj3Kf.xfmJ7Mf7VStEl29c.', '2021-03-31 14:31:33', NULL, 53, 0, '$2y$10$evM2oQclfvS4qFdnvME9PuCD1msUAayJPJFbQ8JIu4c6THf2MAZGe', 0, 0, '2021-03-31 19:31:33', '2021-03-31 19:31:33'),
(956, '{\"ip\":\"191.156.45.21\",\"country\":\"Hay problemas con la API\",\"city\":\"Hay problemas con la API\",\"os\":\"Windows 10\",\"browser\":\"Chrome\",\"time\":\"2021-03-31 14:32:33\"}', '$2y$10$rwFMBe1G2e32EeCsNIhmP.gn4DaLTxnvEkLKaqh.fzWXm2fFWp4Le', '2021-03-31 14:32:33', NULL, 150, 0, '$2y$10$fpmqk6OF5maJ3xWkQmrxFuewzhBBKIKZt8bJ829TSY3bXzn72dvq', 0, 0, '2021-03-31 19:32:33', '2021-03-31 19:32:33'),
(957, '{\"ip\":\"191.156.32.4\",\"country\":\"Hay problemas con la API\",\"city\":\"Hay problemas con la API\",\"os\":\"Android\",\"browser\":\"Handheld Browser\",\"time\":\"2021-03-31 14:33:57\"}', '$2y$10$fXKBBLy3P8kgnDXlQ79Au0dpHo4JB9Uu7aAqO2P7sbncDQHARL9i', '2021-03-31 14:33:57', NULL, 53, 0, '$2y$10$59i9CNLPXj2.Rs77qjqMR.qg7MVktDQ1eO1TvOei6CnGgvjYGtopm', 0, 0, '2021-03-31 19:33:57', '2021-03-31 19:33:57'),
(959, '{\"ip\":\"191.156.32.59\",\"country\":\"Hay problemas con la API\",\"city\":\"Hay problemas con la API\",\"os\":\"Windows 10\",\"browser\":\"Chrome\",\"time\":\"2021-03-31 14:54:42\"}', '$2y$10$mdApGfUGs1wFo2Ch3nX8ePUjLlaKO4oV2OhCRfyuo2m6bwWn6Im', '2021-03-31 14:54:42', NULL, 151, 0, '$2y$10$Af6LOI3aFykY7uu8ljDEn.W2wCQ8JiF0PR2xjom1IltxZjXNMujvu', 0, 0, '2021-03-31 19:54:42', '2021-03-31 19:54:42'),
(960, '{\"ip\":\"191.156.43.112\",\"country\":\"Hay problemas con la API\",\"city\":\"Hay problemas con la API\",\"os\":\"Windows 10\",\"browser\":\"Chrome\",\"time\":\"2021-03-31 14:58:04\"}', '$2y$10$rwFMBe1G2e32EeCsNIhmP.gn4DaLTxnvEkLKaqh.fzWXm2fFWp4Le', '2021-03-31 14:58:04', NULL, 151, 0, '$2y$10$BIkSg0pmJprYU4ubQfjLuOXQwkF5sTuA1THR4x4Ic2NUv9gXB4aK', 0, 0, '2021-03-31 19:58:04', '2021-03-31 19:58:04'),
(961, '{\"ip\":\"191.156.34.172\",\"country\":\"Hay problemas con la API\",\"city\":\"Hay problemas con la API\",\"os\":\"Windows 10\",\"browser\":\"Chrome\",\"time\":\"2021-03-31 15:15:59\"}', '$2y$10$R1wuwblyFz4Yt68eeHq4f.Qbv38YernuMUDYL1xJcIom4d8ncOYW', '2021-03-31 15:15:59', NULL, 152, 0, '$2y$10$7SMzVaDpvwmvj1mHPoUHvue0ttj8X3.Axkj9yYKZy1wcnd1rx6H4K', 0, 0, '2021-03-31 20:15:59', '2021-03-31 20:15:59'),
(962, '{\"ip\":\"191.156.35.108\",\"country\":\"Hay problemas con la API\",\"city\":\"Hay problemas con la API\",\"os\":\"Windows 10\",\"browser\":\"Chrome\",\"time\":\"2021-03-31 15:19:09\"}', '$2y$10$rwFMBe1G2e32EeCsNIhmP.gn4DaLTxnvEkLKaqh.fzWXm2fFWp4Le', '2021-03-31 15:19:09', NULL, 152, 0, '$2y$10$ZHLklNlAIZTFBselTzF4.us5NdjOPi8kN6FIcAhkYumAzUrsvU9R6', 0, 0, '2021-03-31 20:19:09', '2021-03-31 20:19:09'),
(963, '{\"ip\":\"191.156.32.4\",\"country\":\"Hay problemas con la API\",\"city\":\"Hay problemas con la API\",\"os\":\"Windows 10\",\"browser\":\"Chrome\",\"time\":\"2021-03-31 15:39:20\"}', '$2y$10$oaIj2HlklQ3GH40GTAD09uVqFHrUTWEKVtOhFQbZ7IeHJcEXnjKN2', '2021-03-31 15:39:20', NULL, 153, 0, '$2y$10$A1WW.KCpqsMkP2Y4plz7usEPCmf1QQ9bLHKJjJQnSGAIgTqPPqJq', 0, 0, '2021-03-31 20:39:20', '2021-03-31 20:39:20'),
(964, '{\"ip\":\"191.156.32.4\",\"country\":\"Hay problemas con la API\",\"city\":\"Hay problemas con la API\",\"os\":\"Windows 10\",\"browser\":\"Chrome\",\"time\":\"2021-03-31 15:40:18\"}', '$2y$10$rwFMBe1G2e32EeCsNIhmP.gn4DaLTxnvEkLKaqh.fzWXm2fFWp4Le', '2021-03-31 15:40:18', NULL, 153, 0, '$2y$10$Dc7HgUl8VB5V0xvH6gV8TO23scwTxV0mVJK4GZ5gurHtmHeFdS8Be', 0, 0, '2021-03-31 20:40:18', '2021-03-31 20:40:18'),
(965, '{\"ip\":\"190.121.158.235\",\"country\":\"Hay problemas con la API\",\"city\":\"Hay problemas con la API\",\"os\":\"Windows 10\",\"browser\":\"Chrome\",\"time\":\"2021-04-05 18:28:34\"}', '$2y$10$DOfpmDqha.NFezhlBl9D.Z9Nf8Mjj3Kf.xfmJ7Mf7VStEl29c.', '2021-04-05 18:28:34', '2021-04-05 18:49:32', 53, 0, '$2y$10$a.poxGHuJ0CaG0sOu8HHXO6wsfqMrNYZtEBHhLTLu5SXzyxKxTEZO', 0, 0, '2021-04-05 23:28:34', '2021-04-05 23:49:32'),
(966, '{\"ip\":\"190.121.158.235\",\"country\":\"Hay problemas con la API\",\"city\":\"Hay problemas con la API\",\"os\":\"Windows 10\",\"browser\":\"Chrome\",\"time\":\"2021-04-05 18:54:40\"}', '$2y$10$DOfpmDqha.NFezhlBl9D.Z9Nf8Mjj3Kf.xfmJ7Mf7VStEl29c.', '2021-04-05 18:54:40', NULL, 53, 0, '$2y$10$RQln7.gfBbndxDLsVFqSLOEieuPgEnA4JAcCl0CC0F8ip0oGXAS', 0, 0, '2021-04-05 23:54:40', '2021-04-05 23:54:40'),
(967, '{\"ip\":\"190.121.158.235\",\"country\":\"Hay problemas con la API\",\"city\":\"Hay problemas con la API\",\"os\":\"Windows 10\",\"browser\":\"Chrome\",\"time\":\"2021-04-05 21:01:57\"}', '$2y$10$DOfpmDqha.NFezhlBl9D.Z9Nf8Mjj3Kf.xfmJ7Mf7VStEl29c.', '2021-04-05 21:01:57', NULL, 53, 0, '$2y$10$3I0guoghgxnYeFddxNunuSzKUzRH.AsBFELNjGY1lFXWsufmsxeW', 0, 0, '2021-04-06 02:01:57', '2021-04-06 02:01:57'),
(968, '{\"ip\":\"186.147.242.81\",\"country\":\"Hay problemas con la API\",\"city\":\"Hay problemas con la API\",\"os\":\"Windows 10\",\"browser\":\"Chrome\",\"time\":\"2021-04-06 15:11:39\"}', '$2y$10$DOfpmDqha.NFezhlBl9D.Z9Nf8Mjj3Kf.xfmJ7Mf7VStEl29c.', '2021-04-06 15:11:39', '2021-04-06 16:16:16', 53, 0, '$2y$10$VAl6OT0DvU1SvPn.Lu.EOId6WdzJPOdDksHPeIgivseom.QeqBYG', 0, 0, '2021-04-06 20:11:39', '2021-04-06 21:16:16'),
(969, '{\"ip\":\"186.147.242.81\",\"country\":\"Hay problemas con la API\",\"city\":\"Hay problemas con la API\",\"os\":\"Windows 10\",\"browser\":\"Chrome\",\"time\":\"2021-04-06 15:16:09\"}', '$2y$10$ndqSqKEAU2Hb7sOuMaSD9eb2d6jPSa1D6Lb0KN3cg3lSGUDtXzC', '2021-04-06 15:16:09', NULL, 154, 0, '$2y$10$I.rjVDiXflXBKzZ0cyJmVOnB3sfHY5W03VaMHRpcHOpJNZ9rKmx2y', 0, 0, '2021-04-06 20:16:09', '2021-04-06 20:16:09'),
(970, '{\"ip\":\"186.147.242.81\",\"country\":\"Hay problemas con la API\",\"city\":\"Hay problemas con la API\",\"os\":\"Windows 10\",\"browser\":\"Chrome\",\"time\":\"2021-04-06 15:16:35\"}', '$2y$10$kgIzY1itIKQ6oFnlgxNlI.hrQbRCzlSA2kOzdpRKQRoOo01IKxdq', '2021-04-06 15:16:35', NULL, 154, 0, '$2y$10$rgAXQ4KoZGvdEkqKDkCwOOunc1JDdwKEYHVYQ7PL2YrauD4Nri', 0, 0, '2021-04-06 20:16:35', '2021-04-06 20:16:35'),
(971, '{\"ip\":\"186.147.242.81\",\"country\":\"Hay problemas con la API\",\"city\":\"Hay problemas con la API\",\"os\":\"Windows 10\",\"browser\":\"Chrome\",\"time\":\"2021-04-06 15:46:26\"}', '$2y$10$kgIzY1itIKQ6oFnlgxNlI.hrQbRCzlSA2kOzdpRKQRoOo01IKxdq', '2021-04-06 15:46:26', NULL, 154, 0, '$2y$10$XPxtXBqwWxwr2mB6.Mhv.ZQfxBOlt3kMXO1ue6tQGGzIal2dISmm', 0, 0, '2021-04-06 20:46:26', '2021-04-06 20:46:26'),
(972, '{\"ip\":\"186.147.242.81\",\"country\":\"Hay problemas con la API\",\"city\":\"Hay problemas con la API\",\"os\":\"Windows 10\",\"browser\":\"Chrome\",\"time\":\"2021-04-07 09:56:23\"}', '$2y$10$DOfpmDqha.NFezhlBl9D.Z9Nf8Mjj3Kf.xfmJ7Mf7VStEl29c.', '2021-04-07 09:56:23', NULL, 53, 0, '$2y$10$aTjTu5qGS9lpQpdibXPsGuW5Hw7EpAOCXbd9UVTgOhSPXvBxPcnxy', 0, 0, '2021-04-07 14:56:23', '2021-04-07 14:56:23'),
(973, '{\"ip\":\"190.90.24.22\",\"country\":\"Hay problemas con la API\",\"city\":\"Hay problemas con la API\",\"os\":\"Windows 10\",\"browser\":\"Chrome\",\"time\":\"2021-04-07 10:55:43\"}', '$2y$10$kgIzY1itIKQ6oFnlgxNlI.hrQbRCzlSA2kOzdpRKQRoOo01IKxdq', '2021-04-07 10:55:43', NULL, 154, 0, '$2y$10$9rJ3pyzHdEdVN78i73YDD.B9q1StGdkzxd4UnyJz2Gb2K775MGau', 0, 0, '2021-04-07 15:55:43', '2021-04-07 15:55:43'),
(974, '{\"ip\":\"191.156.35.106\",\"country\":\"Hay problemas con la API\",\"city\":\"Hay problemas con la API\",\"os\":\"Windows 10\",\"browser\":\"Chrome\",\"time\":\"2021-04-07 17:30:20\"}', '$2y$10$DOfpmDqha.NFezhlBl9D.Z9Nf8Mjj3Kf.xfmJ7Mf7VStEl29c.', '2021-04-07 17:30:20', NULL, 53, 0, '$2y$10$nw238iirXvJskL5ZpPQ6CeT3jWzcyDyEOJByrqHhKOff2BAz7x82u', 0, 0, '2021-04-07 22:30:20', '2021-04-07 22:30:20'),
(975, '{\"ip\":\"190.121.158.235\",\"country\":\"Hay problemas con la API\",\"city\":\"Hay problemas con la API\",\"os\":\"Windows 10\",\"browser\":\"Chrome\",\"time\":\"2021-04-08 13:43:16\"}', '$2y$10$DOfpmDqha.NFezhlBl9D.Z9Nf8Mjj3Kf.xfmJ7Mf7VStEl29c.', '2021-04-08 13:43:16', NULL, 53, 0, '$2y$10$kTe8D8QBVQMM9xODpTWmIeqJ29xZJtcBUdoNV97LL8569iwi5Jsie', 0, 0, '2021-04-08 18:43:16', '2021-04-08 18:43:16'),
(976, '{\"ip\":\"191.156.12.236\",\"country\":\"Hay problemas con la API\",\"city\":\"Hay problemas con la API\",\"os\":\"Windows 10\",\"browser\":\"Chrome\",\"time\":\"2021-04-09 10:05:06\"}', '$2y$10$DOfpmDqha.NFezhlBl9D.Z9Nf8Mjj3Kf.xfmJ7Mf7VStEl29c.', '2021-04-09 10:05:06', NULL, 53, 0, '$2y$10$uLUQNcXRhzcVRMcmW7Dmf.5nWwxT.VNMyWeEhyxfHqaSPwm4f9p2', 0, 0, '2021-04-09 15:05:06', '2021-04-09 15:05:06'),
(977, '{\"ip\":\"191.156.43.112\",\"country\":\"Hay problemas con la API\",\"city\":\"Hay problemas con la API\",\"os\":\"Windows 10\",\"browser\":\"Chrome\",\"time\":\"2021-04-09 12:11:31\"}', '$2y$10$WOxAgOdKHYtWQR2ypzQzNu67J6tV.6Uv3ibI7Y4mN1lbXiRP6gNyC', '2021-04-09 12:11:31', NULL, 155, 0, '$2y$10$hOYFDxHWRStqKExfP19qaOvs4yrYP3D0OJkV2tHVHleY7JuJtOq', 0, 0, '2021-04-09 17:11:31', '2021-04-09 17:11:31'),
(978, '{\"ip\":\"191.156.37.236\",\"country\":\"Hay problemas con la API\",\"city\":\"Hay problemas con la API\",\"os\":\"Windows 10\",\"browser\":\"Chrome\",\"time\":\"2021-04-09 12:14:19\"}', '$2y$10$81xMm0lqC8nJsnwSujD6uA1pzY924OmZhQwo.TwDEN66goNaU5y', '2021-04-09 12:14:19', NULL, 155, 0, '$2y$10$HGjUtb7f6H0LTGEYzRza.1mYfZxh5CyHYcZLTdWyD3uJlr4q5ula', 0, 0, '2021-04-09 17:14:19', '2021-04-09 17:14:19'),
(979, '{\"ip\":\"191.156.47.52\",\"country\":\"Hay problemas con la API\",\"city\":\"Hay problemas con la API\",\"os\":\"Windows 10\",\"browser\":\"Chrome\",\"time\":\"2021-04-09 12:54:12\"}', '$2y$10$J0ZBVxkNjh0tp8jfKNKm.o5JWMYCIjgqpwSfILCeHKtIllOk1bLW', '2021-04-09 12:54:12', NULL, 156, 0, '$2y$10$eLesJCmbucaJTIBAWldYo.IEd8IxGJnB73bdupODUZATZ0AOW2nQ6', 0, 0, '2021-04-09 17:54:12', '2021-04-09 17:54:12'),
(980, '{\"ip\":\"191.156.35.107\",\"country\":\"Hay problemas con la API\",\"city\":\"Hay problemas con la API\",\"os\":\"Windows 10\",\"browser\":\"Chrome\",\"time\":\"2021-04-09 12:55:42\"}', '$2y$10$81xMm0lqC8nJsnwSujD6uA1pzY924OmZhQwo.TwDEN66goNaU5y', '2021-04-09 12:55:42', NULL, 156, 0, '$2y$10$JDlGgIcx3Nn4Dg1D3pS7iu1e7B8g4MtLgufvKlxK806o6mMtoTSqW', 0, 0, '2021-04-09 17:55:42', '2021-04-09 17:55:42'),
(981, '{\"ip\":\"191.156.43.112\",\"country\":\"Hay problemas con la API\",\"city\":\"Hay problemas con la API\",\"os\":\"Windows 10\",\"browser\":\"Chrome\",\"time\":\"2021-04-09 13:39:38\"}', '$2y$10$pEG6EKEKwcqd5t4ICPtT2uNDfA0qzBMZQ.CoNaSP8AIUQKO.qzG', '2021-04-09 13:39:38', NULL, 157, 0, '$2y$10$EGuHBv4dyqipPzPSdsihsucLdrXH3TyWkwwQffYMb2pAOiFtX5dIO', 0, 0, '2021-04-09 18:39:38', '2021-04-09 18:39:38'),
(982, '{\"ip\":\"191.156.35.163\",\"country\":\"Hay problemas con la API\",\"city\":\"Hay problemas con la API\",\"os\":\"Windows 10\",\"browser\":\"Chrome\",\"time\":\"2021-04-09 13:40:13\"}', '$2y$10$81xMm0lqC8nJsnwSujD6uA1pzY924OmZhQwo.TwDEN66goNaU5y', '2021-04-09 13:40:13', NULL, 157, 0, '$2y$10$TSKQjF14z17RDiuVGgNJPu7XxAouSPX4xMx7c9Z4ZtchKAR8OMmi', 0, 0, '2021-04-09 18:40:13', '2021-04-09 18:40:13'),
(983, '{\"ip\":\"191.156.44.180\",\"country\":\"Hay problemas con la API\",\"city\":\"Hay problemas con la API\",\"os\":\"Windows 10\",\"browser\":\"Chrome\",\"time\":\"2021-04-09 13:42:14\"}', '$2y$10$c5mPfQTDmQq7fTwnhx1bN.LOKJPonED411LGJszC0p226gZgbkmO', '2021-04-09 13:42:14', NULL, 158, 0, '$2y$10$iUuvNEF1ZjJWjyNC6BvAuRUhDpVEVp7VtB2Br0okU.1cMJ610hUe', 0, 0, '2021-04-09 18:42:14', '2021-04-09 18:42:14'),
(984, '{\"ip\":\"191.156.43.112\",\"country\":\"Hay problemas con la API\",\"city\":\"Hay problemas con la API\",\"os\":\"Windows 10\",\"browser\":\"Chrome\",\"time\":\"2021-04-09 13:43:41\"}', '$2y$10$T.yKLkZ.dwAQgTJJcbjJOHWO4lcwR8HPp4H4.6ZojodIvRC3sGeO', '2021-04-09 13:43:41', NULL, 158, 0, '$2y$10$lQLnjqKUjC.Asg10bIrDneW9bmlP867U9A9sHjTNdVTtw7j2qbQq6', 0, 0, '2021-04-09 18:43:41', '2021-04-09 18:43:41'),
(985, '{\"ip\":\"191.156.45.22\",\"country\":\"Hay problemas con la API\",\"city\":\"Hay problemas con la API\",\"os\":\"Windows 10\",\"browser\":\"Chrome\",\"time\":\"2021-04-09 13:48:06\"}', '$2y$10$PGFZ1PF563.hJ24Ac6ccqOzefN8Jk0L1dOAh5BoouLfzToJf4ItKm', '2021-04-09 13:48:06', NULL, 159, 0, '$2y$10$J1YF7Gt8m8gBvkPw34qc.nQwHzzqHOcpOgFbLrPU7bMk.sAIKXFS', 0, 0, '2021-04-09 18:48:06', '2021-04-09 18:48:06'),
(986, '{\"ip\":\"191.156.45.22\",\"country\":\"Hay problemas con la API\",\"city\":\"Hay problemas con la API\",\"os\":\"Windows 10\",\"browser\":\"Chrome\",\"time\":\"2021-04-09 13:48:55\"}', '$2y$10$T.yKLkZ.dwAQgTJJcbjJOHWO4lcwR8HPp4H4.6ZojodIvRC3sGeO', '2021-04-09 13:48:55', NULL, 159, 0, '$2y$10$z9WHGHUInyuLMb5UZEW.l9Y1eM1uoFTAdmXDvu1tGgvpRqmbdlu', 0, 0, '2021-04-09 18:48:55', '2021-04-09 18:48:55'),
(987, '{\"ip\":\"191.156.45.22\",\"country\":\"Hay problemas con la API\",\"city\":\"Hay problemas con la API\",\"os\":\"Windows 10\",\"browser\":\"Chrome\",\"time\":\"2021-04-09 13:49:30\"}', '$2y$10$T.yKLkZ.dwAQgTJJcbjJOHWO4lcwR8HPp4H4.6ZojodIvRC3sGeO', '2021-04-09 13:49:30', NULL, 159, 0, '$2y$10$hr0hp6EllALSc2Jiw7x.jnnb5R7PrORDQTM867gGb2Siprtp5wq', 0, 0, '2021-04-09 18:49:30', '2021-04-09 18:49:30'),
(988, '{\"ip\":\"191.156.32.140\",\"country\":\"Hay problemas con la API\",\"city\":\"Hay problemas con la API\",\"os\":\"Windows 10\",\"browser\":\"Chrome\",\"time\":\"2021-04-09 14:00:18\"}', '$2y$10$l.Hx3x6Zbdkh5GlLJ9uG.jEqImPUMW14FbE9w4XSwiHYj2wmP2i', '2021-04-09 14:00:18', NULL, 160, 0, '$2y$10$SlK1G8mE21tsQ5b5rLmG.rFxAGLY1KSDxpmxkPOi3paRcTJmnAce', 0, 0, '2021-04-09 19:00:18', '2021-04-09 19:00:18'),
(989, '{\"ip\":\"191.156.37.236\",\"country\":\"Hay problemas con la API\",\"city\":\"Hay problemas con la API\",\"os\":\"Windows 10\",\"browser\":\"Chrome\",\"time\":\"2021-04-09 14:01:42\"}', '$2y$10$81xMm0lqC8nJsnwSujD6uA1pzY924OmZhQwo.TwDEN66goNaU5y', '2021-04-09 14:01:42', NULL, 160, 0, '$2y$10$xgFSwu5V3JW4RPrpPFvPtOaUg3eWPAG7PrJaE1ElrK85lbnJGza6', 0, 0, '2021-04-09 19:01:42', '2021-04-09 19:01:42'),
(990, '{\"ip\":\"190.90.24.22\",\"country\":\"Hay problemas con la API\",\"city\":\"Hay problemas con la API\",\"os\":\"Windows 10\",\"browser\":\"Chrome\",\"time\":\"2021-04-10 14:29:33\"}', '$2y$10$kgIzY1itIKQ6oFnlgxNlI.hrQbRCzlSA2kOzdpRKQRoOo01IKxdq', '2021-04-10 14:29:33', NULL, 154, 0, '$2y$10$o1eRH5q8BE89DqauGbqse.zlX0NEUdnJ7mjjFr7vp2XWhVrQ03ni', 0, 0, '2021-04-10 19:29:33', '2021-04-10 19:29:33'),
(991, '{\"ip\":\"190.90.24.22\",\"country\":\"Hay problemas con la API\",\"city\":\"Hay problemas con la API\",\"os\":\"Windows 10\",\"browser\":\"Chrome\",\"time\":\"2021-04-10 14:32:17\"}', '$2y$10$kgIzY1itIKQ6oFnlgxNlI.hrQbRCzlSA2kOzdpRKQRoOo01IKxdq', '2021-04-10 14:32:17', NULL, 154, 0, '$2y$10$bR9K6YjgCmb0.6vS9cnqEOmEonQ46cudCI1hljAtB96oBslkOYsre', 0, 0, '2021-04-10 19:32:17', '2021-04-10 19:32:17'),
(992, '{\"ip\":\"190.14.239.58\",\"country\":\"Hay problemas con la API\",\"city\":\"Hay problemas con la API\",\"os\":\"Windows 10\",\"browser\":\"Chrome\",\"time\":\"2021-04-13 08:49:56\"}', '$2y$10$DOfpmDqha.NFezhlBl9D.Z9Nf8Mjj3Kf.xfmJ7Mf7VStEl29c.', '2021-04-13 08:49:56', NULL, 53, 0, '$2y$10$C0BfYFYBzTuLd4XajzQUEO.skm3bUmq7ZEWIITXAMGxJkbXPtvDO2', 0, 0, '2021-04-13 13:49:56', '2021-04-13 13:49:56'),
(993, '{\"ip\":\"190.14.239.58\",\"country\":\"Hay problemas con la API\",\"city\":\"Hay problemas con la API\",\"os\":\"Windows 10\",\"browser\":\"Chrome\",\"time\":\"2021-04-13 14:30:58\"}', '$2y$10$DOfpmDqha.NFezhlBl9D.Z9Nf8Mjj3Kf.xfmJ7Mf7VStEl29c.', '2021-04-13 14:30:58', '2021-04-13 16:28:44', 53, 0, '$2y$10$NGdPcLp2iZ2kAAFYRexwORSreKGAdgoaiccbTBj98QvfdTCkLi', 0, 0, '2021-04-13 19:30:58', '2021-04-13 21:28:44'),
(994, '{\"ip\":\"190.14.239.58\",\"country\":\"Hay problemas con la API\",\"city\":\"Hay problemas con la API\",\"os\":\"Windows 10\",\"browser\":\"Chrome\",\"time\":\"2021-04-13 17:07:08\"}', '$2y$10$DOfpmDqha.NFezhlBl9D.Z9Nf8Mjj3Kf.xfmJ7Mf7VStEl29c.', '2021-04-13 17:07:08', NULL, 53, 0, '$2y$10$9wF9oiCV3Z2lruxPCgthmu4O4vMAfP0BZwfDnbsmA.ZtQQ1d5.Im', 0, 0, '2021-04-13 22:07:08', '2021-04-13 22:07:08'),
(995, '{\"ip\":\"191.156.11.185\",\"country\":\"Hay problemas con la API\",\"city\":\"Hay problemas con la API\",\"os\":\"Windows 10\",\"browser\":\"Chrome\",\"time\":\"2021-04-15 10:26:01\"}', '$2y$10$DOfpmDqha.NFezhlBl9D.Z9Nf8Mjj3Kf.xfmJ7Mf7VStEl29c.', '2021-04-15 10:26:01', NULL, 53, 0, '$2y$10$Vajv90yiLDcyBZnshNlff.vZbK8o0PVIIX2KaQxhQ7pzaqFJ1AW6', 0, 0, '2021-04-15 15:26:01', '2021-04-15 15:26:01'),
(996, '{\"ip\":\"191.156.11.185\",\"country\":\"Hay problemas con la API\",\"city\":\"Hay problemas con la API\",\"os\":\"Windows 10\",\"browser\":\"Chrome\",\"time\":\"2021-04-15 11:11:42\"}', '$2y$10$gv1w0W7s1xkisXtgQZedBO57TCL7CGnfDijUL8IficxqlOInVs2H2', '2021-04-15 11:11:42', NULL, 161, 0, '$2y$10$CapxE8FGZliiFcsvMG4H6.FeEaGjA6gJMVal29i3hLOqiCI3R0q4G', 0, 0, '2021-04-15 16:11:42', '2021-04-15 16:11:42'),
(997, '{\"ip\":\"191.156.11.185\",\"country\":\"Hay problemas con la API\",\"city\":\"Hay problemas con la API\",\"os\":\"Windows 10\",\"browser\":\"Chrome\",\"time\":\"2021-04-15 11:12:59\"}', '$2y$10$SrARnPPT.uGTil9XIFFLeW4RhXFx6oTbJUdAprpjdRPsn3ziJrMC', '2021-04-15 11:12:58', NULL, 161, 0, '$2y$10$VliRxrIukIfoMApw0PyWteb39bAD9raR5Rk2PdzMBuuBbF8vBe1VS', 0, 0, '2021-04-15 16:12:59', '2021-04-15 16:12:59'),
(998, '{\"ip\":\"191.156.11.185\",\"country\":\"Hay problemas con la API\",\"city\":\"Hay problemas con la API\",\"os\":\"Windows 10\",\"browser\":\"Chrome\",\"time\":\"2021-04-15 11:23:55\"}', '$2y$10$NVk0R5op.lxhVHU.zsKRb.quKOKaY5lbmhsafErz9hPSRMJpINqOC', '2021-04-15 11:23:55', NULL, 162, 0, '$2y$10$9UDnaWqpIHamW2QXEKe89uaZqApaYJCC2Nl2emoZpkQCy4AuRM1m', 0, 0, '2021-04-15 16:23:55', '2021-04-15 16:23:55'),
(999, '{\"ip\":\"191.156.11.185\",\"country\":\"Hay problemas con la API\",\"city\":\"Hay problemas con la API\",\"os\":\"Windows 10\",\"browser\":\"Chrome\",\"time\":\"2021-04-15 11:26:03\"}', '$2y$10$SrARnPPT.uGTil9XIFFLeW4RhXFx6oTbJUdAprpjdRPsn3ziJrMC', '2021-04-15 11:26:03', NULL, 162, 0, '$2y$10$J8lUhXn4hygdzXxVQKOz.O9vnueWEIJU69Y8f44CpCelrhugzDXga', 0, 0, '2021-04-15 16:26:03', '2021-04-15 16:26:03'),
(1000, '{\"ip\":\"191.156.11.185\",\"country\":\"Hay problemas con la API\",\"city\":\"Hay problemas con la API\",\"os\":\"Windows 10\",\"browser\":\"Chrome\",\"time\":\"2021-04-15 11:34:46\"}', '$2y$10$adTCAqFk9q1mJMsYiWXwgeR4Lk25E4ze5eFB1gmhPnfDx9hljgwD2', '2021-04-15 11:34:46', NULL, 163, 0, '$2y$10$KoppXSaCCgKZPmggzEX7hedoY798dxgZG9vJugIQoz3TQ5EoQvkx.', 0, 0, '2021-04-15 16:34:46', '2021-04-15 16:34:46'),
(1001, '{\"ip\":\"191.156.11.185\",\"country\":\"Hay problemas con la API\",\"city\":\"Hay problemas con la API\",\"os\":\"Windows 10\",\"browser\":\"Chrome\",\"time\":\"2021-04-15 11:49:30\"}', '$2y$10$uN2WwYYTA.aY17e09D7gY.JnaoefcBHcD2BRCaRI9FgpLsegdl0tG', '2021-04-15 11:49:30', NULL, 164, 0, '$2y$10$Yu8WiNTc7b.9jqNq78hZBeEjACu2s34e5uTsG9fsCwC1lciKSlRq', 0, 0, '2021-04-15 16:49:30', '2021-04-15 16:49:30'),
(1002, '{\"ip\":\"191.156.11.185\",\"country\":\"Hay problemas con la API\",\"city\":\"Hay problemas con la API\",\"os\":\"Windows 10\",\"browser\":\"Chrome\",\"time\":\"2021-04-15 11:51:55\"}', '$2y$10$SrARnPPT.uGTil9XIFFLeW4RhXFx6oTbJUdAprpjdRPsn3ziJrMC', '2021-04-15 11:51:55', NULL, 164, 0, '$2y$10$dRsA15WzUE69R5SHF9YPbe90wnAzPVbs1TnZO2JPOq7FnUNcRqhru', 0, 0, '2021-04-15 16:51:55', '2021-04-15 16:51:55'),
(1003, '{\"ip\":\"191.156.11.185\",\"country\":\"Hay problemas con la API\",\"city\":\"Hay problemas con la API\",\"os\":\"Windows 10\",\"browser\":\"Chrome\",\"time\":\"2021-04-15 13:48:29\"}', '$2y$10$SrARnPPT.uGTil9XIFFLeW4RhXFx6oTbJUdAprpjdRPsn3ziJrMC', '2021-04-15 13:48:29', NULL, 163, 0, '$2y$10$9AJuqaQtpI7FQhhgGsXXz.5WuMQIzMg2XUv6X5HzJ3sDiDVhBGU0O', 0, 0, '2021-04-15 18:48:29', '2021-04-15 18:48:29'),
(1004, '{\"ip\":\"191.156.11.185\",\"country\":\"Hay problemas con la API\",\"city\":\"Hay problemas con la API\",\"os\":\"Windows 10\",\"browser\":\"Chrome\",\"time\":\"2021-04-15 14:08:13\"}', '$2y$10$a1onhwojOI8SRU9u.El.qHxV6iCfF38ToRLGFsrnTl4ZC8Xfibm', '2021-04-15 14:08:13', NULL, 165, 0, '$2y$10$rokl87YKaYgEUQmzEd7UXOKXo0zNGn65Cs9LxVhkyPIMjKBfUBBva', 0, 0, '2021-04-15 19:08:13', '2021-04-15 19:08:13'),
(1005, '{\"ip\":\"191.156.11.185\",\"country\":\"Hay problemas con la API\",\"city\":\"Hay problemas con la API\",\"os\":\"Windows 10\",\"browser\":\"Chrome\",\"time\":\"2021-04-15 14:09:29\"}', '$2y$10$SrARnPPT.uGTil9XIFFLeW4RhXFx6oTbJUdAprpjdRPsn3ziJrMC', '2021-04-15 14:09:29', NULL, 165, 0, '$2y$10$70mGcdzkLJQZUtHrF5l5CeUQsOAJWB9QejASSh0qX2asJsMR0LyJ6', 0, 0, '2021-04-15 19:09:29', '2021-04-15 19:09:29'),
(1006, '{\"ip\":\"191.156.11.185\",\"country\":\"Hay problemas con la API\",\"city\":\"Hay problemas con la API\",\"os\":\"Windows 10\",\"browser\":\"Chrome\",\"time\":\"2021-04-15 14:33:15\"}', '$2y$10$KXLAopi3iUfpLx376RzmOxMM0P4HIhWh.JmZoE.XMkD8W1kfFiG', '2021-04-15 14:33:15', NULL, 166, 0, '$2y$10$s0QLhQT11HBXhtOPedH82enU7xTZJ9Mrm7FBK9hkT2C9SatVlfK', 0, 0, '2021-04-15 19:33:15', '2021-04-15 19:33:15'),
(1007, '{\"ip\":\"191.156.11.185\",\"country\":\"Hay problemas con la API\",\"city\":\"Hay problemas con la API\",\"os\":\"Windows 10\",\"browser\":\"Chrome\",\"time\":\"2021-04-15 14:34:48\"}', '$2y$10$SrARnPPT.uGTil9XIFFLeW4RhXFx6oTbJUdAprpjdRPsn3ziJrMC', '2021-04-15 14:34:48', NULL, 166, 0, '$2y$10$L0uAL3LcZSlEQ1MkKt09RevqRfRMBkSNFQCkhJ6TRnyPzc8s9yz.e', 0, 0, '2021-04-15 19:34:48', '2021-04-15 19:34:48'),
(1008, '{\"ip\":\"191.156.11.185\",\"country\":\"Hay problemas con la API\",\"city\":\"Hay problemas con la API\",\"os\":\"Windows 10\",\"browser\":\"Chrome\",\"time\":\"2021-04-15 14:43:46\"}', '$2y$10$uPGLbopysnvBHP4hYh6kyeoBKSSorgdzE1VARHERWfjC2xzDM0oO', '2021-04-15 14:43:46', NULL, 167, 0, '$2y$10$yQRiY9HbHoh2pHBnMeeJLOw1vpHWB.mP6XG0ica7g1hvatSKMP4Ta', 0, 0, '2021-04-15 19:43:46', '2021-04-15 19:43:46'),
(1009, '{\"ip\":\"191.156.11.185\",\"country\":\"Hay problemas con la API\",\"city\":\"Hay problemas con la API\",\"os\":\"Windows 10\",\"browser\":\"Chrome\",\"time\":\"2021-04-15 14:44:31\"}', '$2y$10$SrARnPPT.uGTil9XIFFLeW4RhXFx6oTbJUdAprpjdRPsn3ziJrMC', '2021-04-15 14:44:31', NULL, 167, 0, '$2y$10$EsSTLS0oRBezIZgA0tCCruVpmKcsk6fdNs3RjzgNkcyZeFC17ghC', 0, 0, '2021-04-15 19:44:31', '2021-04-15 19:44:31'),
(1010, '{\"ip\":\"191.156.11.185\",\"country\":\"Hay problemas con la API\",\"city\":\"Hay problemas con la API\",\"os\":\"Windows 10\",\"browser\":\"Chrome\",\"time\":\"2021-04-15 15:03:12\"}', '$2y$10$5lsxg6nt8Si2JhG6qsevO0mICxzJ7d0efXXQPqrGPvSlwBRiQdDu', '2021-04-15 15:03:12', NULL, 168, 0, '$2y$10$IU8gb1GAvMvJiSj2gOpVguZT8.iZ9NZFy.z8jGzvwL8LXQc2rq', 0, 0, '2021-04-15 20:03:12', '2021-04-15 20:03:12'),
(1011, '{\"ip\":\"191.156.11.185\",\"country\":\"Hay problemas con la API\",\"city\":\"Hay problemas con la API\",\"os\":\"Windows 10\",\"browser\":\"Chrome\",\"time\":\"2021-04-15 15:04:13\"}', '$2y$10$SrARnPPT.uGTil9XIFFLeW4RhXFx6oTbJUdAprpjdRPsn3ziJrMC', '2021-04-15 15:04:13', NULL, 168, 0, '$2y$10$ZmgLy7lDyp9neTeoksm63uCjtk5fKoz1pnmLjCT7L65KIORRxrXC', 0, 0, '2021-04-15 20:04:13', '2021-04-15 20:04:13'),
(1012, '{\"ip\":\"191.156.11.185\",\"country\":\"Hay problemas con la API\",\"city\":\"Hay problemas con la API\",\"os\":\"Windows 10\",\"browser\":\"Chrome\",\"time\":\"2021-04-15 15:11:00\"}', '$2y$10$1NnLTbbIHzA5cRN.XdUFV.BvnT.d0Yh0Kv9p4EeAumihrU.ZgKVBq', '2021-04-15 15:11:00', NULL, 169, 0, '$2y$10$ClkArmXOKH4UWhMggHoXRO4VKiOVoezz24IZNWoLvivo43q5N6i', 0, 0, '2021-04-15 20:11:00', '2021-04-15 20:11:00'),
(1013, '{\"ip\":\"191.156.11.185\",\"country\":\"Hay problemas con la API\",\"city\":\"Hay problemas con la API\",\"os\":\"Windows 10\",\"browser\":\"Chrome\",\"time\":\"2021-04-15 15:11:56\"}', '$2y$10$SrARnPPT.uGTil9XIFFLeW4RhXFx6oTbJUdAprpjdRPsn3ziJrMC', '2021-04-15 15:11:56', NULL, 169, 0, '$2y$10$eEq0Puquog7NM.hF2eU6.5PoE5cs9fEH8XORVVMfr.gzZg.R9bV6', 0, 0, '2021-04-15 20:11:56', '2021-04-15 20:11:56'),
(1014, '{\"ip\":\"191.156.1.160\",\"country\":\"Hay problemas con la API\",\"city\":\"Hay problemas con la API\",\"os\":\"Windows 10\",\"browser\":\"Chrome\",\"time\":\"2021-04-15 16:28:07\"}', '$2y$10$P1VifG6uSoUYJP5oaeSuYaLtbi5qbWB1QWofgVlib3qdichYvzS', '2021-04-15 16:28:07', NULL, 170, 0, '$2y$10$XYLAxxIv6z5w6WuHSJ3ZuBuIP23ztX.j2JtMW7giMva3wM7lOSNq', 0, 0, '2021-04-15 21:28:07', '2021-04-15 21:28:07'),
(1015, '{\"ip\":\"191.156.1.160\",\"country\":\"Hay problemas con la API\",\"city\":\"Hay problemas con la API\",\"os\":\"Windows 10\",\"browser\":\"Chrome\",\"time\":\"2021-04-15 16:28:24\"}', '$2y$10$QJ.JtfagDkZDMA2F2jUKHeDLswcNq16E.TwmfX83C71jUO3UQ1Xu', '2021-04-15 16:28:24', NULL, 171, 0, '$2y$10$VTDoAhfwNA4oR1nYtg62eBqkUJ9I7hEz4RXFl6WTi5XsMHX8tUi', 0, 0, '2021-04-15 21:28:24', '2021-04-15 21:28:24'),
(1016, '{\"ip\":\"191.156.1.160\",\"country\":\"Hay problemas con la API\",\"city\":\"Hay problemas con la API\",\"os\":\"Windows 10\",\"browser\":\"Chrome\",\"time\":\"2021-04-15 16:28:50\"}', '$2y$10$5PVPpBV7MpVveho0FZRDUePytFzow4E5rhBp0EhsQlciS2cvHW0u.', '2021-04-15 16:28:50', NULL, 171, 0, '$2y$10$CLss6FkW93gagULKFyR5hOoZT7SL2emXqK3L00OWeEOrdRmRDgO26', 0, 0, '2021-04-15 21:28:50', '2021-04-15 21:28:50'),
(1017, '{\"ip\":\"191.156.1.160\",\"country\":\"Hay problemas con la API\",\"city\":\"Hay problemas con la API\",\"os\":\"Windows 10\",\"browser\":\"Chrome\",\"time\":\"2021-04-15 16:28:59\"}', '$2y$10$SrARnPPT.uGTil9XIFFLeW4RhXFx6oTbJUdAprpjdRPsn3ziJrMC', '2021-04-15 16:28:59', NULL, 170, 0, '$2y$10$yOjiDHH6ovSSD2AtmW9XIO0Dpny3fbJrZpr2hTyrElK3fTXFD3Gtm', 0, 0, '2021-04-15 21:28:59', '2021-04-15 21:28:59'),
(1018, '{\"ip\":\"191.156.1.160\",\"country\":\"Hay problemas con la API\",\"city\":\"Hay problemas con la API\",\"os\":\"Windows 10\",\"browser\":\"Chrome\",\"time\":\"2021-04-15 16:35:42\"}', '$2y$10$n6rCNtcBwhGcUi8xzkXC.OGUQVDFoWuUpqH7MROYyFopwAa2aeT3q', '2021-04-15 16:35:42', NULL, 172, 0, '$2y$10$tJ12vbQuaDtNXLSokmvn.H7rxYi4N0LD9JhTNkRyQg8DNVydT8RO', 0, 0, '2021-04-15 21:35:42', '2021-04-15 21:35:42'),
(1019, '{\"ip\":\"191.156.1.160\",\"country\":\"Hay problemas con la API\",\"city\":\"Hay problemas con la API\",\"os\":\"Windows 10\",\"browser\":\"Chrome\",\"time\":\"2021-04-15 16:37:25\"}', '$2y$10$l9m32anzFlUrk7daBgFTqeACPbLsk7eN1eJRNbqOX.Ijc0MLuSa', '2021-04-15 16:37:25', NULL, 173, 0, '$2y$10$coyxpIe8C1bTYrsUoS3nOumTislsCekKSsI6IGuD0ZGkbzaWPiG.', 0, 0, '2021-04-15 21:37:25', '2021-04-15 21:37:25'),
(1020, '{\"ip\":\"191.156.1.160\",\"country\":\"Hay problemas con la API\",\"city\":\"Hay problemas con la API\",\"os\":\"Windows 10\",\"browser\":\"Chrome\",\"time\":\"2021-04-15 16:37:58\"}', '$2y$10$5PVPpBV7MpVveho0FZRDUePytFzow4E5rhBp0EhsQlciS2cvHW0u.', '2021-04-15 16:37:58', NULL, 173, 0, '$2y$10$ZUJarKA6DNYzzqil3ZaGh.bUQtwfiEbJCNdojnOClQTgKivECANO', 0, 0, '2021-04-15 21:37:58', '2021-04-15 21:37:58'),
(1021, '{\"ip\":\"191.156.1.160\",\"country\":\"Hay problemas con la API\",\"city\":\"Hay problemas con la API\",\"os\":\"Windows 10\",\"browser\":\"Chrome\",\"time\":\"2021-04-15 16:39:14\"}', '$2y$10$SrARnPPT.uGTil9XIFFLeW4RhXFx6oTbJUdAprpjdRPsn3ziJrMC', '2021-04-15 16:39:14', NULL, 172, 0, '$2y$10$exl6F8blMVvOVYlO.QP0MewzqtN6ap7zQF1Kv5pKL8U9msqzqaHqi', 0, 0, '2021-04-15 21:39:14', '2021-04-15 21:39:14'),
(1022, '{\"ip\":\"191.156.1.160\",\"country\":\"Hay problemas con la API\",\"city\":\"Hay problemas con la API\",\"os\":\"Windows 10\",\"browser\":\"Chrome\",\"time\":\"2021-04-15 16:42:36\"}', '$2y$10$5PVPpBV7MpVveho0FZRDUePytFzow4E5rhBp0EhsQlciS2cvHW0u.', '2021-04-15 16:42:36', '2021-04-15 16:43:22', 53, 0, '$2y$10$RbgaQu3zSE9eZ5XJVz84IOIBuuO.OeOmK66x7lxrJUI5U9tOqfBu', 0, 0, '2021-04-15 21:42:36', '2021-04-15 21:43:22'),
(1023, '{\"ip\":\"191.156.1.160\",\"country\":\"Hay problemas con la API\",\"city\":\"Hay problemas con la API\",\"os\":\"Windows 10\",\"browser\":\"Chrome\",\"time\":\"2021-04-15 16:44:08\"}', '$2y$10$5PVPpBV7MpVveho0FZRDUePytFzow4E5rhBp0EhsQlciS2cvHW0u.', '2021-04-15 16:44:08', NULL, 173, 0, '$2y$10$1zIkfD4plWRV1vZB58.lWuwfCNSxYK.5Oyw8LUxChx4LSkqNjWfe', 0, 0, '2021-04-15 21:44:08', '2021-04-15 21:44:08'),
(1024, '{\"ip\":\"191.156.1.160\",\"country\":\"Hay problemas con la API\",\"city\":\"Hay problemas con la API\",\"os\":\"Windows 10\",\"browser\":\"Chrome\",\"time\":\"2021-04-15 16:50:50\"}', '$2y$10$3HAmVQ3iQEG7CdHxZnZoh.6N9vF1esP.z0bL2xDALWTDaIC28eq', '2021-04-15 16:50:50', NULL, 174, 0, '$2y$10$aahEkur8ctrfoxMqWE36iOgxPvUYg66NGrobrysErCwt4C0.rkO', 0, 0, '2021-04-15 21:50:50', '2021-04-15 21:50:50'),
(1025, '{\"ip\":\"191.156.1.160\",\"country\":\"Hay problemas con la API\",\"city\":\"Hay problemas con la API\",\"os\":\"Windows 10\",\"browser\":\"Chrome\",\"time\":\"2021-04-15 16:52:39\"}', '$2y$10$SrARnPPT.uGTil9XIFFLeW4RhXFx6oTbJUdAprpjdRPsn3ziJrMC', '2021-04-15 16:52:39', NULL, 174, 0, '$2y$10$8fzrQxWxOddw4PERyD51uNDK6LIUg8HDur43g0.Hhk3IPecAD8O', 0, 0, '2021-04-15 21:52:39', '2021-04-15 21:52:39'),
(1026, '{\"ip\":\"191.156.1.160\",\"country\":\"Hay problemas con la API\",\"city\":\"Hay problemas con la API\",\"os\":\"Windows 10\",\"browser\":\"Chrome\",\"time\":\"2021-04-15 16:57:39\"}', '$2y$10$1bhOiYzOg7BfDJ4Ujc04RuHyzNuUhjKsAp9bzgcjvrqiTAwPdOaC', '2021-04-15 16:57:39', NULL, 175, 0, '$2y$10$OIV5RYPnWT9uHMs6Woa14eVzmm50p1fNwn9cBMnlH4LvUBtmNdg.u', 0, 0, '2021-04-15 21:57:39', '2021-04-15 21:57:39'),
(1027, '{\"ip\":\"191.156.1.160\",\"country\":\"Hay problemas con la API\",\"city\":\"Hay problemas con la API\",\"os\":\"Windows 10\",\"browser\":\"Chrome\",\"time\":\"2021-04-15 16:58:35\"}', '$2y$10$5PVPpBV7MpVveho0FZRDUePytFzow4E5rhBp0EhsQlciS2cvHW0u.', '2021-04-15 16:58:35', NULL, 175, 0, '$2y$10$ER67GC3iMcjGoOXtcXGmfel9WQ1Ndl9imfZaMc5yUkdsK8oKEaKq', 0, 0, '2021-04-15 21:58:35', '2021-04-15 21:58:35'),
(1028, '{\"ip\":\"191.156.1.160\",\"country\":\"Hay problemas con la API\",\"city\":\"Hay problemas con la API\",\"os\":\"Windows 10\",\"browser\":\"Chrome\",\"time\":\"2021-04-15 17:13:07\"}', '$2y$10$hy9IL8fofxqgdTAxCyXroOKvTAOc4KWsT2QqnXkrMkPjZwzzqKQ9.', '2021-04-15 17:13:07', NULL, 176, 0, '$2y$10$7let.F6zE9Qoh.WvS4FmTeb4uL3rALDyEhqjxkhpNSfrjsf9soYFa', 0, 0, '2021-04-15 22:13:07', '2021-04-15 22:13:07'),
(1029, '{\"ip\":\"191.156.1.160\",\"country\":\"Hay problemas con la API\",\"city\":\"Hay problemas con la API\",\"os\":\"Windows 10\",\"browser\":\"Chrome\",\"time\":\"2021-04-15 17:16:57\"}', '$2y$10$SrARnPPT.uGTil9XIFFLeW4RhXFx6oTbJUdAprpjdRPsn3ziJrMC', '2021-04-15 17:16:57', NULL, 176, 0, '$2y$10$Npc4O3PbubxeeLDJmnSemem9fDcJgKP01EYpXG9FMwHTiQGlDJFxm', 0, 0, '2021-04-15 22:16:57', '2021-04-15 22:16:57'),
(1030, '{\"ip\":\"190.121.158.235\",\"country\":\"Hay problemas con la API\",\"city\":\"Hay problemas con la API\",\"os\":\"Windows 10\",\"browser\":\"Chrome\",\"time\":\"2021-04-16 16:05:50\"}', '$2y$10$DOfpmDqha.NFezhlBl9D.Z9Nf8Mjj3Kf.xfmJ7Mf7VStEl29c.', '2021-04-16 16:05:50', NULL, 53, 0, '$2y$10$ufYn3VNftuID4F.2p8qeQSefjOvLMkjEUShXqAPZ3VxaT4.wNYe', 0, 0, '2021-04-16 21:05:50', '2021-04-16 21:05:50'),
(1031, '{\"ip\":\"190.14.239.58\",\"country\":\"Hay problemas con la API\",\"city\":\"Hay problemas con la API\",\"os\":\"Windows 10\",\"browser\":\"Chrome\",\"time\":\"2021-04-19 07:42:54\"}', '$2y$10$DOfpmDqha.NFezhlBl9D.Z9Nf8Mjj3Kf.xfmJ7Mf7VStEl29c.', '2021-04-19 07:42:54', NULL, 53, 0, '$2y$10$hRGS9WSBcsvDgDaDdo.I.wDBNkoW2Dcgp75gC19Mp0T7WaIVKzS', 0, 0, '2021-04-19 12:42:54', '2021-04-19 12:42:54'),
(1032, '{\"ip\":\"190.14.239.58\",\"country\":\"Hay problemas con la API\",\"city\":\"Hay problemas con la API\",\"os\":\"Windows 10\",\"browser\":\"Chrome\",\"time\":\"2021-04-19 13:09:09\"}', '$2y$10$DOfpmDqha.NFezhlBl9D.Z9Nf8Mjj3Kf.xfmJ7Mf7VStEl29c.', '2021-04-19 13:09:09', NULL, 53, 0, '$2y$10$PipfpcXmla63PQZmjszvNuxIJC7JlhEy2RWWQeM8.1SgvhzrSO26G', 0, 0, '2021-04-19 18:09:09', '2021-04-19 18:09:09'),
(1033, '{\"ip\":\"191.97.4.117\",\"country\":\"Hay problemas con la API\",\"city\":\"Hay problemas con la API\",\"os\":\"Windows 10\",\"browser\":\"Chrome\",\"time\":\"2021-04-19 19:21:10\"}', '$2y$10$6pV8I0X.STq1nrgOciCM3uaB4tBus8NzPJ2LmV6WZnD77Sr88j59m', '2021-04-19 19:21:10', NULL, 177, 0, '$2y$10$DUTnIIPA4vQPemnnmyCa.ppFpAZRKlW3IgICSZzWSM5m5fM2SOO', 0, 0, '2021-04-20 00:21:10', '2021-04-20 00:21:10'),
(1034, '{\"ip\":\"190.14.239.58\",\"country\":\"Hay problemas con la API\",\"city\":\"Hay problemas con la API\",\"os\":\"Windows 10\",\"browser\":\"Chrome\",\"time\":\"2021-04-19 19:24:56\"}', '$2y$10$DOfpmDqha.NFezhlBl9D.Z9Nf8Mjj3Kf.xfmJ7Mf7VStEl29c.', '2021-04-19 19:24:56', NULL, 53, 0, '$2y$10$u.Hhqf7HezAuOVedi19fieSes4qW0Wxmv8YosPRUaPT7rmFU8WG', 0, 0, '2021-04-20 00:24:56', '2021-04-20 00:24:56'),
(1035, '{\"ip\":\"191.97.4.117\",\"country\":\"Hay problemas con la API\",\"city\":\"Hay problemas con la API\",\"os\":\"Windows 10\",\"browser\":\"Chrome\",\"time\":\"2021-04-19 19:28:28\"}', '$2y$10$n66X2as4UoLGgmWSgt1W8eIi9t4HoT.cRNe7WC3Fd1SUsyUeJJvby', '2021-04-19 19:28:28', NULL, 177, 0, '$2y$10$51FKxUAwUjog8sW535cdbesPUy3t6Zm1lYRNrTi00U3Nua7sbHlF.', 0, 0, '2021-04-20 00:28:28', '2021-04-20 00:28:28'),
(1036, '{\"ip\":\"186.99.182.125\",\"country\":\"Hay problemas con la API\",\"city\":\"Hay problemas con la API\",\"os\":\"Windows 10\",\"browser\":\"Chrome\",\"time\":\"2021-04-20 08:57:39\"}', '$2y$10$xGl1tp.aN.HzrS9PRYPQJ.TWO4xgyUlseBo3bUvRTqv6T2nLE1lK', '2021-04-20 08:57:39', '2021-04-20 08:59:43', 1, 0, '$2y$10$U6rcpVhcgW8cTUe3NnZ6PuF4TParo48zQHd.bXjNk07oY0tRBVGee', 0, 0, '2021-04-20 13:57:39', '2021-04-20 13:59:43'),
(1037, '{\"ip\":\"191.97.4.117\",\"country\":\"Hay problemas con la API\",\"city\":\"Hay problemas con la API\",\"os\":\"Windows 10\",\"browser\":\"Chrome\",\"time\":\"2021-04-20 13:49:24\"}', '$2y$10$n66X2as4UoLGgmWSgt1W8eIi9t4HoT.cRNe7WC3Fd1SUsyUeJJvby', '2021-04-20 13:49:24', NULL, 177, 0, '$2y$10$fdcl3aeProFZ3l62pD7qy.E8iEBK5qoR3cQluWNew6H41nFCkURBa', 0, 0, '2021-04-20 18:49:24', '2021-04-20 18:49:24'),
(1038, '{\"ip\":\"190.121.158.235\",\"country\":\"Hay problemas con la API\",\"city\":\"Hay problemas con la API\",\"os\":\"Windows 10\",\"browser\":\"Chrome\",\"time\":\"2021-04-20 13:57:40\"}', '$2y$10$DOfpmDqha.NFezhlBl9D.Z9Nf8Mjj3Kf.xfmJ7Mf7VStEl29c.', '2021-04-20 13:57:40', NULL, 53, 0, '$2y$10$b8apvUUHqE9gWlEPwedkV.hGQ0pxyreBtIkwfIxN1XGiActxvQi', 0, 0, '2021-04-20 18:57:40', '2021-04-20 18:57:40'),
(1039, '{\"ip\":\"191.97.4.117\",\"country\":\"Hay problemas con la API\",\"city\":\"Hay problemas con la API\",\"os\":\"Windows 10\",\"browser\":\"Chrome\",\"time\":\"2021-04-20 14:12:31\"}', '$2y$10$n66X2as4UoLGgmWSgt1W8eIi9t4HoT.cRNe7WC3Fd1SUsyUeJJvby', '2021-04-20 14:12:31', NULL, 177, 0, '$2y$10$p6fTcJRoo0D8TvaLALMp...Bcn5C1sbVwF9GytHHQStVj6qiovHrK', 0, 0, '2021-04-20 19:12:31', '2021-04-20 19:12:31'),
(1040, '{\"ip\":\"190.121.158.235\",\"country\":\"Hay problemas con la API\",\"city\":\"Hay problemas con la API\",\"os\":\"Windows 10\",\"browser\":\"Chrome\",\"time\":\"2021-04-20 18:21:31\"}', '$2y$10$DOfpmDqha.NFezhlBl9D.Z9Nf8Mjj3Kf.xfmJ7Mf7VStEl29c.', '2021-04-20 18:21:31', '2021-04-20 19:02:47', 53, 0, '$2y$10$BHMkSdLafUnSdpKw6mblnep85EQ0mPDDl4TMsf5OGRahAaWmGo5C', 0, 0, '2021-04-20 23:21:31', '2021-04-21 00:02:47'),
(1041, '{\"ip\":\"191.97.4.117\",\"country\":\"Hay problemas con la API\",\"city\":\"Hay problemas con la API\",\"os\":\"Windows 10\",\"browser\":\"Chrome\",\"time\":\"2021-04-20 18:26:40\"}', '$2y$10$n66X2as4UoLGgmWSgt1W8eIi9t4HoT.cRNe7WC3Fd1SUsyUeJJvby', '2021-04-20 18:26:40', NULL, 177, 0, '$2y$10$vKNgwHC8RRJGZjuqa3S7NOgRxNBdzngS2iaCc3DE3ER6IacIjVW7q', 0, 0, '2021-04-20 23:26:40', '2021-04-20 23:26:40'),
(1042, '{\"ip\":\"190.121.158.235\",\"country\":\"Hay problemas con la API\",\"city\":\"Hay problemas con la API\",\"os\":\"Windows 10\",\"browser\":\"Chrome\",\"time\":\"2021-04-21 14:32:46\"}', '$2y$10$DOfpmDqha.NFezhlBl9D.Z9Nf8Mjj3Kf.xfmJ7Mf7VStEl29c.', '2021-04-21 14:32:46', NULL, 53, 0, '$2y$10$Ncku4OhMpMLBSu7x0rgvMuNkK7iaieam4m8BWpfAqCKTdCWv0u7K', 0, 0, '2021-04-21 19:32:46', '2021-04-21 19:32:46'),
(1043, '{\"ip\":\"191.97.3.193\",\"country\":\"Hay problemas con la API\",\"city\":\"Hay problemas con la API\",\"os\":\"Android\",\"browser\":\"Handheld Browser\",\"time\":\"2021-04-21 15:48:21\"}', '$2y$10$xBQ1R4JnppJLdFUh8DVnMOdj7mzVLnKfiN6U4taP7bR4h4bkO3Xta', '2021-04-21 15:48:21', NULL, 178, 0, '$2y$10$0kt324eZ4KpTd0mI8treO8qUyFq4HxGfUbsZ7MyEUFrLoVivPYWK', 0, 0, '2021-04-21 20:48:21', '2021-04-21 20:48:21'),
(1044, '{\"ip\":\"191.97.3.193\",\"country\":\"Hay problemas con la API\",\"city\":\"Hay problemas con la API\",\"os\":\"Android\",\"browser\":\"Handheld Browser\",\"time\":\"2021-04-21 16:29:11\"}', '$2y$10$RqK.eMNu7jJDvc2rvTNLewXvqg8s0dnl.FQadzlNUvJlApFMUVi', '2021-04-21 16:29:11', NULL, 179, 0, '$2y$10$GcSaLGIPzwBcJ06HM2Wh7eboh4gMDLafJVXGPyq7cdLnLnpJzsW', 0, 0, '2021-04-21 21:29:11', '2021-04-21 21:29:11'),
(1045, '{\"ip\":\"191.97.3.193\",\"country\":\"Hay problemas con la API\",\"city\":\"Hay problemas con la API\",\"os\":\"Android\",\"browser\":\"Handheld Browser\",\"time\":\"2021-04-21 16:30:56\"}', '$2y$10$a64y9YYe4wnuGDnZmbXUvu0NTdaAL5j7p47O36QJUnxsxsbJ4omhW', '2021-04-21 16:30:55', NULL, 179, 0, '$2y$10$K1KiTDltTybFnQrCS9Iv.rJDYJDwklJOTBkjLnG89iIX8kCTHmEO', 0, 0, '2021-04-21 21:30:56', '2021-04-21 21:30:56'),
(1046, '{\"ip\":\"190.121.158.235\",\"country\":\"Hay problemas con la API\",\"city\":\"Hay problemas con la API\",\"os\":\"Windows 10\",\"browser\":\"Chrome\",\"time\":\"2021-04-21 19:25:38\"}', '$2y$10$DOfpmDqha.NFezhlBl9D.Z9Nf8Mjj3Kf.xfmJ7Mf7VStEl29c.', '2021-04-21 19:25:38', NULL, 53, 0, '$2y$10$kZdTf82sHkHmAbSB1fuT0.wwqtWmSdgHQrvOS4gl5wyiT2e5Az3hO', 0, 0, '2021-04-22 00:25:38', '2021-04-22 00:25:38'),
(1047, '{\"ip\":\"201.182.250.86\",\"country\":\"Hay problemas con la API\",\"city\":\"Hay problemas con la API\",\"os\":\"Android\",\"browser\":\"Handheld Browser\",\"time\":\"2021-04-21 19:34:25\"}', '$2y$10$1m6JFNfeUGkY2nJ6nlZetd.Ke7seLHlLcn6KDUQ1cWxkS5yipNy', '2021-04-21 19:34:25', NULL, 180, 0, '$2y$10$Dz7NrW7FQ2EkiTnOIc3Y.Fmc2bBIdVHnIfshEjstb5CcSy5Mg4c6', 0, 0, '2021-04-22 00:34:25', '2021-04-22 00:34:25'),
(1048, '{\"ip\":\"190.121.158.235\",\"country\":\"Hay problemas con la API\",\"city\":\"Hay problemas con la API\",\"os\":\"Windows 10\",\"browser\":\"Chrome\",\"time\":\"2021-04-22 09:08:11\"}', '$2y$10$DOfpmDqha.NFezhlBl9D.Z9Nf8Mjj3Kf.xfmJ7Mf7VStEl29c.', '2021-04-22 09:08:11', NULL, 53, 0, '$2y$10$4HIiZzK9BBl3DzULEn8ZquNCa3Lz4HfW9obZqZUlCEePQLrCeQPe', 0, 0, '2021-04-22 14:08:11', '2021-04-22 14:08:11');
INSERT INTO `user_access` (`id`, `access_address`, `token_pc`, `entry_date`, `out_date`, `user_id`, `confirm`, `token_confirm`, `locked`, `logout`, `created_at`, `updated_at`) VALUES
(1049, '{\"ip\":\"190.121.158.235\",\"country\":\"Hay problemas con la API\",\"city\":\"Hay problemas con la API\",\"os\":\"Windows 10\",\"browser\":\"Chrome\",\"time\":\"2021-04-22 15:49:25\"}', '$2y$10$DOfpmDqha.NFezhlBl9D.Z9Nf8Mjj3Kf.xfmJ7Mf7VStEl29c.', '2021-04-22 15:49:25', NULL, 53, 0, '$2y$10$D7Qz7n4f30hyS4osapzCmOXcE8PoBQBKSOXOatCkW2qyYiJCYT1i', 0, 0, '2021-04-22 20:49:25', '2021-04-22 20:49:25'),
(1050, '{\"ip\":\"190.121.158.235\",\"country\":\"Hay problemas con la API\",\"city\":\"Hay problemas con la API\",\"os\":\"Windows 10\",\"browser\":\"Chrome\",\"time\":\"2021-04-23 07:35:18\"}', '$2y$10$DOfpmDqha.NFezhlBl9D.Z9Nf8Mjj3Kf.xfmJ7Mf7VStEl29c.', '2021-04-23 07:35:18', NULL, 53, 0, '$2y$10$sbAOvYq2yg7AFn.H0Heje4bTGj1PlRNumFqF.Jj.1jczxkqRW', 0, 0, '2021-04-23 12:35:18', '2021-04-23 12:35:18'),
(1051, '{\"ip\":\"190.121.158.235\",\"country\":\"Hay problemas con la API\",\"city\":\"Hay problemas con la API\",\"os\":\"Windows 10\",\"browser\":\"Chrome\",\"time\":\"2021-04-23 14:24:13\"}', '$2y$10$DOfpmDqha.NFezhlBl9D.Z9Nf8Mjj3Kf.xfmJ7Mf7VStEl29c.', '2021-04-23 14:24:13', NULL, 53, 0, '$2y$10$qRR3Fctj3KX4MokDMSf4IOzBttSvAXijAHjeohw1uE8VaPPR5jvG', 0, 0, '2021-04-23 19:24:13', '2021-04-23 19:24:13'),
(1052, '{\"ip\":\"190.121.158.235\",\"country\":\"Hay problemas con la API\",\"city\":\"Hay problemas con la API\",\"os\":\"Windows 10\",\"browser\":\"Chrome\",\"time\":\"2021-04-23 17:19:34\"}', '$2y$10$DOfpmDqha.NFezhlBl9D.Z9Nf8Mjj3Kf.xfmJ7Mf7VStEl29c.', '2021-04-23 17:19:34', NULL, 53, 0, '$2y$10$VY1TwaQ7ooFTecCdrirVZOuXt8APEDqDQivrcXEI0mGX1T2UyawO', 0, 0, '2021-04-23 22:19:34', '2021-04-23 22:19:34'),
(1053, '{\"ip\":\"190.121.158.235\",\"country\":\"Hay problemas con la API\",\"city\":\"Hay problemas con la API\",\"os\":\"Windows 10\",\"browser\":\"Chrome\",\"time\":\"2021-04-25 12:12:18\"}', '$2y$10$DOfpmDqha.NFezhlBl9D.Z9Nf8Mjj3Kf.xfmJ7Mf7VStEl29c.', '2021-04-25 12:12:18', NULL, 53, 0, '$2y$10$yGkWSQm.jCqi94a9CJBxi.rFgDuY21AfBcMSbNRtFxZLy8IJOV7O', 0, 0, '2021-04-25 17:12:18', '2021-04-25 17:12:18'),
(1054, '{\"ip\":\"190.121.158.235\",\"country\":\"Hay problemas con la API\",\"city\":\"Hay problemas con la API\",\"os\":\"Windows 10\",\"browser\":\"Chrome\",\"time\":\"2021-04-25 12:12:18\"}', '$2y$10$DOfpmDqha.NFezhlBl9D.Z9Nf8Mjj3Kf.xfmJ7Mf7VStEl29c.', '2021-04-25 12:12:18', NULL, 53, 0, '$2y$10$PA8lSWjbgmnPh5qQTmmxegoqvecJNEbMkV3kd4FhoHCvvCsBTiza', 0, 0, '2021-04-25 17:12:18', '2021-04-25 17:12:18'),
(1055, '{\"ip\":\"190.121.158.235\",\"country\":\"Hay problemas con la API\",\"city\":\"Hay problemas con la API\",\"os\":\"Windows 10\",\"browser\":\"Chrome\",\"time\":\"2021-04-26 09:12:55\"}', '$2y$10$DOfpmDqha.NFezhlBl9D.Z9Nf8Mjj3Kf.xfmJ7Mf7VStEl29c.', '2021-04-26 09:12:55', '2021-04-26 11:02:38', 53, 0, '$2y$10$Zb4ooQpvhLZWZjKjM32Oc.3eJQJWo79PYKf1JFeNdruh81PyCS', 0, 0, '2021-04-26 14:12:55', '2021-04-26 16:02:38'),
(1056, '{\"ip\":\"190.121.158.235\",\"country\":\"Hay problemas con la API\",\"city\":\"Hay problemas con la API\",\"os\":\"Windows 10\",\"browser\":\"Chrome\",\"time\":\"2021-04-26 11:04:02\"}', '$2y$10$DOfpmDqha.NFezhlBl9D.Z9Nf8Mjj3Kf.xfmJ7Mf7VStEl29c.', '2021-04-26 11:04:02', NULL, 53, 0, '$2y$10$UzckuomHYnpjq.pTVXSh0OxC0B36SG7iGjh.855riW.1NKSW5Ms6.', 0, 0, '2021-04-26 16:04:02', '2021-04-26 16:04:02'),
(1057, '{\"ip\":\"190.121.158.235\",\"country\":\"Hay problemas con la API\",\"city\":\"Hay problemas con la API\",\"os\":\"Windows 10\",\"browser\":\"Chrome\",\"time\":\"2021-04-27 14:53:16\"}', '$2y$10$DOfpmDqha.NFezhlBl9D.Z9Nf8Mjj3Kf.xfmJ7Mf7VStEl29c.', '2021-04-27 14:53:16', NULL, 53, 0, '$2y$10$wRYidiLi2kflKBqq67he9.0LZ3Q6TN6mMjjqV5JKl45qsRDnt2.q', 0, 0, '2021-04-27 19:53:16', '2021-04-27 19:53:16'),
(1058, '{\"ip\":\"190.90.24.22\",\"country\":\"Hay problemas con la API\",\"city\":\"Hay problemas con la API\",\"os\":\"Windows 10\",\"browser\":\"Chrome\",\"time\":\"2021-04-29 10:55:23\"}', '$2y$10$kgIzY1itIKQ6oFnlgxNlI.hrQbRCzlSA2kOzdpRKQRoOo01IKxdq', '2021-04-29 10:55:23', NULL, 154, 0, '$2y$10$UljjJzq5Zdg0V0cVkta3w.iMiujcMX5hRK2W113U813Z0Cq1bDAK.', 0, 0, '2021-04-29 15:55:23', '2021-04-29 15:55:23'),
(1059, '{\"ip\":\"190.121.158.235\",\"country\":\"Hay problemas con la API\",\"city\":\"Hay problemas con la API\",\"os\":\"Windows 10\",\"browser\":\"Chrome\",\"time\":\"2021-04-29 14:28:28\"}', '$2y$10$DOfpmDqha.NFezhlBl9D.Z9Nf8Mjj3Kf.xfmJ7Mf7VStEl29c.', '2021-04-29 14:28:28', NULL, 53, 0, '$2y$10$INnQJ8Pvj6UGVDYzM6MvWOa.TOW2YQvR56tQ0ZV7l8.Yg3uwyr6j6', 0, 0, '2021-04-29 19:28:28', '2021-04-29 19:28:28'),
(1060, '{\"ip\":\"191.156.13.144\",\"country\":\"Hay problemas con la API\",\"city\":\"Hay problemas con la API\",\"os\":\"Windows 10\",\"browser\":\"Chrome\",\"time\":\"2021-04-29 17:18:08\"}', '$2y$10$kgIzY1itIKQ6oFnlgxNlI.hrQbRCzlSA2kOzdpRKQRoOo01IKxdq', '2021-04-29 17:18:08', NULL, 154, 0, '$2y$10$0LjHFbw48IbYGxIbRMT21.exUeeJxJmZt69rg9syknSG9boQrce12', 0, 0, '2021-04-29 22:18:08', '2021-04-29 22:18:08'),
(1061, '{\"ip\":\"190.121.158.235\",\"country\":\"Hay problemas con la API\",\"city\":\"Hay problemas con la API\",\"os\":\"Windows 10\",\"browser\":\"Chrome\",\"time\":\"2021-04-30 15:03:19\"}', '$2y$10$DOfpmDqha.NFezhlBl9D.Z9Nf8Mjj3Kf.xfmJ7Mf7VStEl29c.', '2021-04-30 15:03:19', NULL, 53, 0, '$2y$10$0RuQAvaCi1YwK3ylHRW52OGEQrc6WZx1xejHn7YaDiw25beDmWIKW', 0, 0, '2021-04-30 20:03:19', '2021-04-30 20:03:19'),
(1062, '{\"ip\":\"190.121.158.235\",\"country\":\"Hay problemas con la API\",\"city\":\"Hay problemas con la API\",\"os\":\"Windows 10\",\"browser\":\"Chrome\",\"time\":\"2021-05-03 08:40:48\"}', '$2y$10$DOfpmDqha.NFezhlBl9D.Z9Nf8Mjj3Kf.xfmJ7Mf7VStEl29c.', '2021-05-03 08:40:48', NULL, 53, 0, '$2y$10$.Vy1XiE.rYM63jJoxPhiGuviL..vLX.T.vz28nF0nRNrU9WLzTRq', 0, 0, '2021-05-03 13:40:48', '2021-05-03 13:40:48'),
(1063, '{\"ip\":\"191.97.5.84\",\"country\":\"Hay problemas con la API\",\"city\":\"Hay problemas con la API\",\"os\":\"Android\",\"browser\":\"Handheld Browser\",\"time\":\"2021-05-03 08:59:17\"}', '$2y$10$bwRzVNqlS2wYMBch.iUHue4sAGF8822HhkumaQIvtfMGxrSob.', '2021-05-03 08:59:17', NULL, 181, 0, '$2y$10$WDDFigLfwqjGezjJpXPzy.lrPmgucqaA5UPeseCXpUv6y71Oai.Yq', 0, 0, '2021-05-03 13:59:17', '2021-05-03 13:59:17'),
(1064, '{\"ip\":\"191.97.5.84\",\"country\":\"Hay problemas con la API\",\"city\":\"Hay problemas con la API\",\"os\":\"Android\",\"browser\":\"Handheld Browser\",\"time\":\"2021-05-03 09:00:06\"}', '$2y$10$NXp3O3gfWF6Uy1LJZ23k0ujNITswHOrI2E67uJ0RH4vL3Cg41Po4a', '2021-05-03 09:00:06', NULL, 181, 0, '$2y$10$.U3kDlZMuiD0OTDFN0pEOOOhVaIX39yRyATFLAY97D2tQxJ1Qx.Xm', 0, 0, '2021-05-03 14:00:06', '2021-05-03 14:00:06'),
(1065, '{\"ip\":\"191.97.5.84\",\"country\":\"Hay problemas con la API\",\"city\":\"Hay problemas con la API\",\"os\":\"Android\",\"browser\":\"Handheld Browser\",\"time\":\"2021-05-03 09:09:45\"}', '$2y$10$oOa01icUPcixO22IVJFCzuOwG3N8eDKBr6cuZd15VwnYi8XdhYNBi', '2021-05-03 09:09:45', NULL, 181, 0, '$2y$10$Ctb6CEUGZQ70Iy5W.oSluqEZF1wIjDfqqEmSrcfPWwGAAjgCdXjy', 0, 0, '2021-05-03 14:09:45', '2021-05-03 14:09:45'),
(1066, '{\"ip\":\"190.121.158.235\",\"country\":\"Hay problemas con la API\",\"city\":\"Hay problemas con la API\",\"os\":\"Windows 10\",\"browser\":\"Chrome\",\"time\":\"2021-05-03 12:59:45\"}', '$2y$10$DOfpmDqha.NFezhlBl9D.Z9Nf8Mjj3Kf.xfmJ7Mf7VStEl29c.', '2021-05-03 12:59:45', NULL, 53, 0, '$2y$10$M.qKVioHiUQyK73dbURa6.m3lfcInaVcxByTQ0nNQ9xdc4CX8T82', 0, 0, '2021-05-03 17:59:45', '2021-05-03 17:59:45'),
(1067, '{\"ip\":\"190.121.158.235\",\"country\":\"Hay problemas con la API\",\"city\":\"Hay problemas con la API\",\"os\":\"Windows 10\",\"browser\":\"Chrome\",\"time\":\"2021-05-03 16:49:52\"}', '$2y$10$DOfpmDqha.NFezhlBl9D.Z9Nf8Mjj3Kf.xfmJ7Mf7VStEl29c.', '2021-05-03 16:49:52', NULL, 53, 0, '$2y$10$OR89YSs.pp5i0qtq84BoDeRT4y4TH0uFeeBqgoprWzA1O6ovefe3W', 0, 0, '2021-05-03 21:49:52', '2021-05-03 21:49:52'),
(1068, '{\"ip\":\"190.121.158.235\",\"country\":\"Hay problemas con la API\",\"city\":\"Hay problemas con la API\",\"os\":\"Windows 10\",\"browser\":\"Chrome\",\"time\":\"2021-05-04 11:01:13\"}', '$2y$10$DOfpmDqha.NFezhlBl9D.Z9Nf8Mjj3Kf.xfmJ7Mf7VStEl29c.', '2021-05-04 11:01:13', NULL, 53, 0, '$2y$10$1qdrJzOSAVTTg0QthTevS.ugjs1DEOAXPWHN9.WUyqKMUpy8Zfm..', 0, 0, '2021-05-04 16:01:13', '2021-05-04 16:01:13'),
(1069, '{\"ip\":\"190.121.158.235\",\"country\":\"Hay problemas con la API\",\"city\":\"Hay problemas con la API\",\"os\":\"Windows 10\",\"browser\":\"Chrome\",\"time\":\"2021-05-04 14:13:51\"}', '$2y$10$DOfpmDqha.NFezhlBl9D.Z9Nf8Mjj3Kf.xfmJ7Mf7VStEl29c.', '2021-05-04 14:13:51', NULL, 53, 0, '$2y$10$Jbk.KGOquwUAJr90RKXEN.vYi.4DvELppJCFupJCfb0Mkwym1hgRW', 0, 0, '2021-05-04 19:13:51', '2021-05-04 19:13:51'),
(1070, '{\"ip\":\"190.121.158.235\",\"country\":\"Hay problemas con la API\",\"city\":\"Hay problemas con la API\",\"os\":\"Windows 10\",\"browser\":\"Chrome\",\"time\":\"2021-05-06 00:07:40\"}', '$2y$10$DOfpmDqha.NFezhlBl9D.Z9Nf8Mjj3Kf.xfmJ7Mf7VStEl29c.', '2021-05-06 00:07:40', NULL, 53, 0, '$2y$10$L09.pK8MGVPq3rVBMNT06uwrb28Apu1MRilMqWHVcAWjLFdjwX1O', 0, 0, '2021-05-06 05:07:40', '2021-05-06 05:07:40'),
(1071, '{\"ip\":\"190.121.158.235\",\"country\":\"Hay problemas con la API\",\"city\":\"Hay problemas con la API\",\"os\":\"Windows 10\",\"browser\":\"Chrome\",\"time\":\"2021-05-07 15:06:23\"}', '$2y$10$DOfpmDqha.NFezhlBl9D.Z9Nf8Mjj3Kf.xfmJ7Mf7VStEl29c.', '2021-05-07 15:06:23', NULL, 53, 0, '$2y$10$1P49Ve52X2e.K90ZuWkZFevQgRbddsxgbGRwhNbgZWHVWyP8uQkO', 0, 0, '2021-05-07 20:06:23', '2021-05-07 20:06:23'),
(1072, '{\"ip\":\"190.121.158.235\",\"country\":\"Hay problemas con la API\",\"city\":\"Hay problemas con la API\",\"os\":\"Windows 10\",\"browser\":\"Chrome\",\"time\":\"2021-05-10 09:28:46\"}', '$2y$10$DOfpmDqha.NFezhlBl9D.Z9Nf8Mjj3Kf.xfmJ7Mf7VStEl29c.', '2021-05-10 09:28:46', NULL, 53, 0, '$2y$10$0uWWGdwfFPDwQiZlRSplaeAFqyb28XeIgEZ5HN6dZwSMjm18Ffvm', 0, 0, '2021-05-10 14:28:46', '2021-05-10 14:28:46'),
(1073, '{\"ip\":\"190.121.158.235\",\"country\":\"Hay problemas con la API\",\"city\":\"Hay problemas con la API\",\"os\":\"Windows 10\",\"browser\":\"Chrome\",\"time\":\"2021-05-11 16:48:55\"}', '$2y$10$DOfpmDqha.NFezhlBl9D.Z9Nf8Mjj3Kf.xfmJ7Mf7VStEl29c.', '2021-05-11 16:48:55', NULL, 53, 0, '$2y$10$1.m69r2661umuUROOoBGFO4eps5RqqO90YzZr3srHILHUgZR9PHDm', 0, 0, '2021-05-11 21:48:55', '2021-05-11 21:48:55'),
(1074, '{\"ip\":\"190.121.158.235\",\"country\":\"Hay problemas con la API\",\"city\":\"Hay problemas con la API\",\"os\":\"Windows 10\",\"browser\":\"Chrome\",\"time\":\"2021-05-13 14:02:25\"}', '$2y$10$DOfpmDqha.NFezhlBl9D.Z9Nf8Mjj3Kf.xfmJ7Mf7VStEl29c.', '2021-05-13 14:02:25', NULL, 53, 0, '$2y$10$XJFUVEiz.oSqNq7OHB61OlQIGt4WOj1e3z4D71JbrlDM4zJZoiy2', 0, 0, '2021-05-13 19:02:25', '2021-05-13 19:02:25'),
(1075, '{\"ip\":\"190.121.158.235\",\"country\":\"Hay problemas con la API\",\"city\":\"Hay problemas con la API\",\"os\":\"Windows 10\",\"browser\":\"Chrome\",\"time\":\"2021-05-14 09:15:25\"}', '$2y$10$DOfpmDqha.NFezhlBl9D.Z9Nf8Mjj3Kf.xfmJ7Mf7VStEl29c.', '2021-05-14 09:15:25', NULL, 53, 0, '$2y$10$i7H39pqGLlhNZoyrX8FJRO0s7UYTtbbDEBwAzw0Gv88yoq2loRLza', 0, 0, '2021-05-14 14:15:25', '2021-05-14 14:15:25'),
(1076, '{\"ip\":\"190.121.158.235\",\"country\":\"Hay problemas con la API\",\"city\":\"Hay problemas con la API\",\"os\":\"Windows 10\",\"browser\":\"Chrome\",\"time\":\"2021-05-18 12:48:48\"}', '$2y$10$DOfpmDqha.NFezhlBl9D.Z9Nf8Mjj3Kf.xfmJ7Mf7VStEl29c.', '2021-05-18 12:48:48', NULL, 53, 0, '$2y$10$2yLBc0QGy1Lj1eN6r39SWufk3iR0kgRROnAaTewck2DrB7RX2je9O', 0, 0, '2021-05-18 17:48:48', '2021-05-18 17:48:48'),
(1077, '{\"ip\":\"181.55.77.41\",\"country\":\"Hay problemas con la API\",\"city\":\"Hay problemas con la API\",\"os\":\"Windows 10\",\"browser\":\"Chrome\",\"time\":\"2021-05-19 14:46:07\"}', '$2y$10$lUnlbTN8qKCErCi7PCDQZOdUY6RAhojkM71gt8uZa6d3tP3ViveOi', '2021-05-19 14:46:07', NULL, 182, 0, '$2y$10$UrZuMVqiCZPRAV5rD0CCo.lAN4lyBKy8qBCQ8LqOSLb9qSEmwTRIu', 0, 0, '2021-05-19 19:46:07', '2021-05-19 19:46:07'),
(1078, '{\"ip\":\"190.121.158.235\",\"country\":\"Hay problemas con la API\",\"city\":\"Hay problemas con la API\",\"os\":\"Windows 10\",\"browser\":\"Chrome\",\"time\":\"2021-05-19 14:46:43\"}', '$2y$10$DOfpmDqha.NFezhlBl9D.Z9Nf8Mjj3Kf.xfmJ7Mf7VStEl29c.', '2021-05-19 14:46:43', NULL, 53, 0, '$2y$10$Gm65VNBBUeldzsZM.6a1x.MoOA3X3sNojo0grbCcCybZLSTbCmuCS', 0, 0, '2021-05-19 19:46:43', '2021-05-19 19:46:43'),
(1079, '{\"ip\":\"181.55.77.41\",\"country\":\"Hay problemas con la API\",\"city\":\"Hay problemas con la API\",\"os\":\"Windows 10\",\"browser\":\"Chrome\",\"time\":\"2021-05-19 14:46:45\"}', '$2y$10$S.7kVee4fPQ0JR2WcMSa2..q3UWj6.At2MTyHbRFrNe38KN.KWAq', '2021-05-19 14:46:45', NULL, 182, 0, '$2y$10$5baTAPaeSiKeGYRWP56NeDM4B2HUyvDR1X6MlNf4uEaTaqcQOPBe', 0, 0, '2021-05-19 19:46:45', '2021-05-19 19:46:45'),
(1080, '{\"ip\":\"191.95.168.182\",\"country\":\"Hay problemas con la API\",\"city\":\"Hay problemas con la API\",\"os\":\"Windows 10\",\"browser\":\"Chrome\",\"time\":\"2021-05-19 16:40:34\"}', '$2y$10$hAEMVQkkDTTLiVhaf0IBSO.5ae1gU7y3IcbzM.Wdi1UOWM7x50KdS', '2021-05-19 16:40:33', NULL, 183, 0, '$2y$10$ubDR9PrXumlz3M6080S6J.Sx8FOmeAyiCaAyVZB4VY9ztcBA58rS', 0, 0, '2021-05-19 21:40:34', '2021-05-19 21:40:34'),
(1081, '{\"ip\":\"191.95.168.182\",\"country\":\"Hay problemas con la API\",\"city\":\"Hay problemas con la API\",\"os\":\"Windows 10\",\"browser\":\"Chrome\",\"time\":\"2021-05-19 16:41:23\"}', '$2y$10$v.yNyVZFDa8jZhJLMmssO8kiAHTU54nNlay85vcV4AzvE8.oGTW', '2021-05-19 16:41:23', NULL, 183, 0, '$2y$10$6Duf7b1gwQ02pr.W.DfGIuNrNTJbPiXU65lwYZH2KhZMbyAQTgyu', 0, 0, '2021-05-19 21:41:23', '2021-05-19 21:41:23'),
(1082, '{\"ip\":\"191.95.168.182\",\"country\":\"Hay problemas con la API\",\"city\":\"Hay problemas con la API\",\"os\":\"Windows 10\",\"browser\":\"Chrome\",\"time\":\"2021-05-19 17:19:56\"}', '$2y$10$DbMXh2YIWbuqLMyrrMZhUustdiIJ4havdVK3KNQ.xM2jIZJkYbVSK', '2021-05-19 17:19:56', NULL, 183, 0, '$2y$10$vYkBSGgpEZtAK.OtJnH1iuTB7ezRDXsh.BWhPQcymolQrIeqtvHC', 0, 0, '2021-05-19 22:19:56', '2021-05-19 22:19:56'),
(1083, '{\"ip\":\"190.121.158.235\",\"country\":\"Hay problemas con la API\",\"city\":\"Hay problemas con la API\",\"os\":\"Windows 10\",\"browser\":\"Chrome\",\"time\":\"2021-05-20 09:55:05\"}', '$2y$10$DOfpmDqha.NFezhlBl9D.Z9Nf8Mjj3Kf.xfmJ7Mf7VStEl29c.', '2021-05-20 09:55:05', NULL, 53, 0, '$2y$10$XDMScEWHOuyUuAquZBscJOf5uKYBekbpJ7Ov0F7FNZlLl1JKZ328a', 0, 0, '2021-05-20 14:55:05', '2021-05-20 14:55:05'),
(1084, '{\"ip\":\"181.55.77.41\",\"country\":\"Hay problemas con la API\",\"city\":\"Hay problemas con la API\",\"os\":\"Windows 10\",\"browser\":\"Chrome\",\"time\":\"2021-05-20 15:27:09\"}', '$2y$10$35ABGjqWi.RLVIwXFyhhe4t6LoFn9U1uYmdBHk.X7oukBPBd35c2', '2021-05-20 15:27:09', NULL, 182, 0, '$2y$10$qO92XMsEzTc0tm5ZK7d4oOzNsaXnRrfHdFK8ytCGd0Egu9ymJ5jji', 0, 0, '2021-05-20 20:27:09', '2021-05-20 20:27:09'),
(1085, '{\"ip\":\"181.55.77.41\",\"country\":\"Hay problemas con la API\",\"city\":\"Hay problemas con la API\",\"os\":\"Windows 10\",\"browser\":\"Chrome\",\"time\":\"2021-05-20 15:34:33\"}', '$2y$10$35ABGjqWi.RLVIwXFyhhe4t6LoFn9U1uYmdBHk.X7oukBPBd35c2', '2021-05-20 15:34:33', NULL, 182, 0, '$2y$10$OumxBr3oPrFXclGNPY26ue8iTlW4YctJ8dBfHF196P1iMkpeO7y', 0, 0, '2021-05-20 20:34:33', '2021-05-20 20:34:33'),
(1086, '{\"ip\":\"190.121.158.235\",\"country\":\"Hay problemas con la API\",\"city\":\"Hay problemas con la API\",\"os\":\"Windows 10\",\"browser\":\"Chrome\",\"time\":\"2021-05-21 09:05:49\"}', '$2y$10$DOfpmDqha.NFezhlBl9D.Z9Nf8Mjj3Kf.xfmJ7Mf7VStEl29c.', '2021-05-21 09:05:49', NULL, 53, 0, '$2y$10$En.eMzq5F7OtWBslxU.cuL8YRw03VqKbagqe59DSwGwWJsX71K', 0, 0, '2021-05-21 14:05:49', '2021-05-21 14:05:49'),
(1087, '{\"ip\":\"190.121.158.235\",\"country\":\"Hay problemas con la API\",\"city\":\"Hay problemas con la API\",\"os\":\"Windows 10\",\"browser\":\"Chrome\",\"time\":\"2021-05-21 17:26:10\"}', '$2y$10$DOfpmDqha.NFezhlBl9D.Z9Nf8Mjj3Kf.xfmJ7Mf7VStEl29c.', '2021-05-21 17:26:10', NULL, 53, 0, '$2y$10$WH99gfWpJ3QUzuqCKqnLGeMatYBXCTZFS0GCMRnz7FNXUBn1LRXjq', 0, 0, '2021-05-21 22:26:10', '2021-05-21 22:26:10'),
(1088, '{\"ip\":\"190.121.158.235\",\"country\":\"Hay problemas con la API\",\"city\":\"Hay problemas con la API\",\"os\":\"Windows 10\",\"browser\":\"Chrome\",\"time\":\"2021-05-24 13:32:11\"}', '$2y$10$DOfpmDqha.NFezhlBl9D.Z9Nf8Mjj3Kf.xfmJ7Mf7VStEl29c.', '2021-05-24 13:32:11', NULL, 53, 0, '$2y$10$X561Zn4JnzAGKFVQDf6YS.z400rxpEbSxwwasMi0tQcxFzgaL0L.', 0, 0, '2021-05-24 18:32:11', '2021-05-24 18:32:11'),
(1089, '{\"ip\":\"190.121.158.235\",\"country\":\"Hay problemas con la API\",\"city\":\"Hay problemas con la API\",\"os\":\"Windows 10\",\"browser\":\"Chrome\",\"time\":\"2021-05-24 15:40:09\"}', '$2y$10$DOfpmDqha.NFezhlBl9D.Z9Nf8Mjj3Kf.xfmJ7Mf7VStEl29c.', '2021-05-24 15:40:09', NULL, 53, 0, '$2y$10$fEvDGEKZcTOpvgWrE8kNeW3O5LWqXf7FigO7ckRjE2Q40ykcYWe', 0, 0, '2021-05-24 20:40:09', '2021-05-24 20:40:09'),
(1090, '{\"ip\":\"181.62.56.219\",\"country\":\"Hay problemas con la API\",\"city\":\"Hay problemas con la API\",\"os\":\"Windows 10\",\"browser\":\"Chrome\",\"time\":\"2021-05-24 17:53:09\"}', '$2y$10$T.yKLkZ.dwAQgTJJcbjJOHWO4lcwR8HPp4H4.6ZojodIvRC3sGeO', '2021-05-24 17:53:09', '2021-05-24 18:08:27', 54, 0, '$2y$10$GDPnn3CxsiAi306Gw7.7qOjd8yx1ZjHHPOPRq3CCqxubLc5Y6sHny', 0, 0, '2021-05-24 22:53:09', '2021-05-24 23:08:27'),
(1091, '{\"ip\":\"190.121.158.235\",\"country\":\"Hay problemas con la API\",\"city\":\"Hay problemas con la API\",\"os\":\"Windows 10\",\"browser\":\"Chrome\",\"time\":\"2021-05-25 10:49:59\"}', '$2y$10$DOfpmDqha.NFezhlBl9D.Z9Nf8Mjj3Kf.xfmJ7Mf7VStEl29c.', '2021-05-25 10:49:59', NULL, 53, 0, '$2y$10$sFdBTSco47fNUA75OhebQO182O3R2acUXI5T9nqxvH4JJmxx0X8e', 0, 0, '2021-05-25 15:49:59', '2021-05-25 15:49:59'),
(1092, '{\"ip\":\"190.121.158.235\",\"country\":\"Hay problemas con la API\",\"city\":\"Hay problemas con la API\",\"os\":\"Windows 10\",\"browser\":\"Chrome\",\"time\":\"2021-05-25 18:24:46\"}', '$2y$10$DOfpmDqha.NFezhlBl9D.Z9Nf8Mjj3Kf.xfmJ7Mf7VStEl29c.', '2021-05-25 18:24:46', NULL, 53, 0, '$2y$10$Oe8M1SMuY0R4YWtUezJLlOCY2OdiRnmWk2JbM2DVBZ6UxvEEy2mRO', 0, 0, '2021-05-25 23:24:46', '2021-05-25 23:24:46'),
(1093, '{\"ip\":\"190.121.158.235\",\"country\":\"Hay problemas con la API\",\"city\":\"Hay problemas con la API\",\"os\":\"Windows 10\",\"browser\":\"Chrome\",\"time\":\"2021-05-31 12:08:56\"}', '$2y$10$DOfpmDqha.NFezhlBl9D.Z9Nf8Mjj3Kf.xfmJ7Mf7VStEl29c.', '2021-05-31 12:08:56', NULL, 53, 0, '$2y$10$HEh7fugk9RqqiniL1QV88eJpgZFM2OEGNtsJYsEB3POctj9yRJx3y', 0, 0, '2021-05-31 17:08:56', '2021-05-31 17:08:56'),
(1094, '{\"ip\":\"186.99.160.51\",\"country\":\"Hay problemas con la API\",\"city\":\"Hay problemas con la API\",\"os\":\"Windows 10\",\"browser\":\"Chrome\",\"time\":\"2021-05-31 15:36:58\"}', '$2y$10$xGl1tp.aN.HzrS9PRYPQJ.TWO4xgyUlseBo3bUvRTqv6T2nLE1lK', '2021-05-31 15:36:58', '2021-05-31 16:04:19', 1, 0, '$2y$10$w78O4v.VVMNKoNfKtriK8.tGSZbJH6fRjSpRRzPxIRowZITFgb5a', 0, 0, '2021-05-31 20:36:58', '2021-05-31 21:04:19'),
(1095, '{\"ip\":\"186.99.160.51\",\"country\":\"Hay problemas con la API\",\"city\":\"Hay problemas con la API\",\"os\":\"Windows 10\",\"browser\":\"Chrome\",\"time\":\"2021-05-31 23:37:45\"}', '$2y$10$xGl1tp.aN.HzrS9PRYPQJ.TWO4xgyUlseBo3bUvRTqv6T2nLE1lK', '2021-05-31 23:37:45', NULL, 1, 0, '$2y$10$wv2yVjJ3N95WmxhGTjwzoe8dj6OadYbY2W9V0.UFRzLiQK9MQbati', 0, 0, '2021-06-01 04:37:45', '2021-06-01 04:37:45'),
(1096, '{\"ip\":\"190.121.158.235\",\"country\":\"Hay problemas con la API\",\"city\":\"Hay problemas con la API\",\"os\":\"Windows 10\",\"browser\":\"Chrome\",\"time\":\"2021-06-01 11:33:52\"}', '$2y$10$DOfpmDqha.NFezhlBl9D.Z9Nf8Mjj3Kf.xfmJ7Mf7VStEl29c.', '2021-06-01 11:33:52', '2021-06-01 12:07:52', 53, 0, '$2y$10$8Gqt8h0W.HeNhAxntJ7rkeXLHvn1UhkMm5Ro56vXfizXZOLfYPJS', 0, 0, '2021-06-01 16:33:52', '2021-06-01 17:07:52'),
(1097, '{\"ip\":\"181.62.56.219\",\"country\":\"Hay problemas con la API\",\"city\":\"Hay problemas con la API\",\"os\":\"Windows 10\",\"browser\":\"Chrome\",\"time\":\"2021-06-01 11:45:16\"}', '$2y$10$T.yKLkZ.dwAQgTJJcbjJOHWO4lcwR8HPp4H4.6ZojodIvRC3sGeO', '2021-06-01 11:45:16', '2021-06-01 11:57:50', 54, 0, '$2y$10$l.7FkIyWhBpnSHRMQQibbeZpcyFHTprxHQylIAyXezXCQUqsg1vU.', 0, 0, '2021-06-01 16:45:16', '2021-06-01 16:57:50'),
(1099, '{\"ip\":\"181.62.56.219\",\"country\":\"Hay problemas con la API\",\"city\":\"Hay problemas con la API\",\"os\":\"Windows 10\",\"browser\":\"Chrome\",\"time\":\"2021-06-01 11:59:02\"}', '$2y$10$w8VFyKJDhSlQeJnJQqqwmuRiKC.tH8VcmHiKOvwif0UdP0vaLrHfa', '2021-06-01 11:59:02', '2021-06-01 12:06:41', 54, 0, '$2y$10$ojNcsF1jF1uU4VLn8hUqV.0XI34AcW25tO28Qxvd7tBi.YcOPYSZa', 0, 0, '2021-06-01 16:59:02', '2021-06-01 17:06:41'),
(1100, '{\"ip\":\"190.121.158.235\",\"country\":\"Hay problemas con la API\",\"city\":\"Hay problemas con la API\",\"os\":\"Windows 10\",\"browser\":\"Chrome\",\"time\":\"2021-06-01 12:09:19\"}', '$2y$10$DOfpmDqha.NFezhlBl9D.Z9Nf8Mjj3Kf.xfmJ7Mf7VStEl29c.', '2021-06-01 12:09:19', NULL, 53, 0, '$2y$10$qiRL4epXtti.M9231rLZ7uZyvJj3RUbdTa5E1ii04VfSFbZ6MyX.', 0, 0, '2021-06-01 17:09:19', '2021-06-01 17:09:19'),
(1101, '{\"ip\":\"186.99.160.51\",\"country\":\"Hay problemas con la API\",\"city\":\"Hay problemas con la API\",\"os\":\"Windows 10\",\"browser\":\"Chrome\",\"time\":\"2021-06-01 16:09:02\"}', '$2y$10$xGl1tp.aN.HzrS9PRYPQJ.TWO4xgyUlseBo3bUvRTqv6T2nLE1lK', '2021-06-01 16:09:02', NULL, 1, 0, '$2y$10$wwsYYCUIn4TXLS7cLEezb.lXuYfGFmj0G8sl0RptSH8ihGhXwmrny', 0, 0, '2021-06-01 21:09:02', '2021-06-01 21:09:02'),
(1102, '{\"ip\":\"181.62.56.219\",\"country\":\"Hay problemas con la API\",\"city\":\"Hay problemas con la API\",\"os\":\"Windows 10\",\"browser\":\"Chrome\",\"time\":\"2021-06-01 16:11:16\"}', '$2y$10$T.yKLkZ.dwAQgTJJcbjJOHWO4lcwR8HPp4H4.6ZojodIvRC3sGeO', '2021-06-01 16:11:16', NULL, 54, 0, '$2y$10$tvttOGhPhbpeEjF8Hn.wuuyhUdyneVLt5ohwTMUyKteZZ.4DefQC', 0, 0, '2021-06-01 21:11:16', '2021-06-01 21:11:16'),
(1103, '{\"ip\":\"190.121.158.235\",\"country\":\"Hay problemas con la API\",\"city\":\"Hay problemas con la API\",\"os\":\"Windows 10\",\"browser\":\"Chrome\",\"time\":\"2021-06-01 16:12:44\"}', '$2y$10$DOfpmDqha.NFezhlBl9D.Z9Nf8Mjj3Kf.xfmJ7Mf7VStEl29c.', '2021-06-01 16:12:44', NULL, 53, 0, '$2y$10$SMSl0kOAN1FY6ERN9UlPjefGcMY6.wBWojEybLVB64Dd8VO8M8AHi', 0, 0, '2021-06-01 21:12:44', '2021-06-01 21:12:44'),
(1104, '{\"ip\":\"190.121.158.235\",\"country\":\"Hay problemas con la API\",\"city\":\"Hay problemas con la API\",\"os\":\"Windows 10\",\"browser\":\"Chrome\",\"time\":\"2021-06-02 10:18:29\"}', '$2y$10$DOfpmDqha.NFezhlBl9D.Z9Nf8Mjj3Kf.xfmJ7Mf7VStEl29c.', '2021-06-02 10:18:29', NULL, 53, 0, '$2y$10$1e.sauNLf3b0iRV5tWa2Bei8PWpkmue7Lp1u.NVX9MoWZ2p5can9K', 0, 0, '2021-06-02 15:18:29', '2021-06-02 15:18:29'),
(1105, '{\"ip\":\"186.99.169.227\",\"country\":\"Hay problemas con la API\",\"city\":\"Hay problemas con la API\",\"os\":\"Windows 10\",\"browser\":\"Chrome\",\"time\":\"2021-06-02 10:57:18\"}', '$2y$10$xGl1tp.aN.HzrS9PRYPQJ.TWO4xgyUlseBo3bUvRTqv6T2nLE1lK', '2021-06-02 10:57:18', '2021-06-02 10:57:27', 1, 0, '$2y$10$n5yr5wAzsZaX7Nv8TCqqjORVXYL8iPEy7QKkc8fusNIgx8mWiMsm', 0, 0, '2021-06-02 15:57:18', '2021-06-02 15:57:27'),
(1106, '{\"ip\":\"186.99.169.227\",\"country\":\"Hay problemas con la API\",\"city\":\"Hay problemas con la API\",\"os\":\"Windows 10\",\"browser\":\"Chrome\",\"time\":\"2021-06-04 14:48:27\"}', '$2y$10$xGl1tp.aN.HzrS9PRYPQJ.TWO4xgyUlseBo3bUvRTqv6T2nLE1lK', '2021-06-04 14:48:27', NULL, 1, 0, '$2y$10$RJ4l0o7FX5RwIbDQ047pWOUL418tuLJ0Egc9IVAps6UN1boIhMXai', 0, 0, '2021-06-04 19:48:27', '2021-06-04 19:48:27'),
(1107, '{\"ip\":\"191.95.168.241\",\"country\":\"Hay problemas con la API\",\"city\":\"Hay problemas con la API\",\"os\":\"Windows 10\",\"browser\":\"Chrome\",\"time\":\"2021-06-04 20:07:43\"}', '$2y$10$DbMXh2YIWbuqLMyrrMZhUustdiIJ4havdVK3KNQ.xM2jIZJkYbVSK', '2021-06-04 20:07:43', NULL, 183, 0, '$2y$10$IN22BpWwM5m25fvz91kg1OqVV0ppe7F1ayJBbMQSRWT4WmrjGbxa', 0, 0, '2021-06-05 01:07:43', '2021-06-05 01:07:43'),
(1108, '{\"ip\":\"190.121.158.235\",\"country\":\"Hay problemas con la API\",\"city\":\"Hay problemas con la API\",\"os\":\"Windows 10\",\"browser\":\"Chrome\",\"time\":\"2021-06-05 09:14:44\"}', '$2y$10$DOfpmDqha.NFezhlBl9D.Z9Nf8Mjj3Kf.xfmJ7Mf7VStEl29c.', '2021-06-05 09:14:44', NULL, 53, 0, '$2y$10$0HbQeCrMinrIBXl8wBePCeATHhsDDfx8lyFbSLSD7lpncntI2gwbe', 0, 0, '2021-06-05 14:14:44', '2021-06-05 14:14:44'),
(1109, '{\"ip\":\"190.121.158.235\",\"country\":\"Hay problemas con la API\",\"city\":\"Hay problemas con la API\",\"os\":\"Windows 10\",\"browser\":\"Chrome\",\"time\":\"2021-06-10 10:51:37\"}', '$2y$10$DOfpmDqha.NFezhlBl9D.Z9Nf8Mjj3Kf.xfmJ7Mf7VStEl29c.', '2021-06-10 10:51:37', NULL, 53, 0, '$2y$10$r74qH6SH2MVz5Gnyvr.RY.DP90mV9EHp10RtkJAn5D0NtbTzE4i', 0, 0, '2021-06-10 15:51:37', '2021-06-10 15:51:37'),
(1110, '{\"ip\":\"190.121.158.235\",\"country\":\"Hay problemas con la API\",\"city\":\"Hay problemas con la API\",\"os\":\"Windows 10\",\"browser\":\"Chrome\",\"time\":\"2021-06-10 16:22:00\"}', '$2y$10$DOfpmDqha.NFezhlBl9D.Z9Nf8Mjj3Kf.xfmJ7Mf7VStEl29c.', '2021-06-10 16:22:00', NULL, 53, 0, '$2y$10$VrkQKBXDvCCAniSGnBFcewaCaOZqwquq54Wa1icLyjxoFYM.vbdS', 0, 0, '2021-06-10 21:22:00', '2021-06-10 21:22:00'),
(1111, '{\"ip\":\"190.121.158.235\",\"country\":\"Hay problemas con la API\",\"city\":\"Hay problemas con la API\",\"os\":\"Windows 10\",\"browser\":\"Chrome\",\"time\":\"2021-06-15 08:53:44\"}', '$2y$10$DOfpmDqha.NFezhlBl9D.Z9Nf8Mjj3Kf.xfmJ7Mf7VStEl29c.', '2021-06-15 08:53:44', NULL, 53, 0, '$2y$10$HNY2JSue2w1W1lVSV3pItusQLflyqit0ungZyQ1pJnfQxd3Q6WOJa', 0, 0, '2021-06-15 13:53:44', '2021-06-15 13:53:44'),
(1112, '{\"ip\":\"190.121.158.235\",\"country\":\"Hay problemas con la API\",\"city\":\"Hay problemas con la API\",\"os\":\"Windows 10\",\"browser\":\"Chrome\",\"time\":\"2021-06-16 11:30:11\"}', '$2y$10$DOfpmDqha.NFezhlBl9D.Z9Nf8Mjj3Kf.xfmJ7Mf7VStEl29c.', '2021-06-16 11:30:11', NULL, 53, 0, '$2y$10$qxWN01Hdu2O.YHy0R2Q5uu2QOzV4uAn2OKI5efxjx3UivE3IwTHCy', 0, 0, '2021-06-16 16:30:11', '2021-06-16 16:30:11'),
(1113, '{\"ip\":\"190.121.158.235\",\"country\":\"Hay problemas con la API\",\"city\":\"Hay problemas con la API\",\"os\":\"Windows 10\",\"browser\":\"Chrome\",\"time\":\"2021-06-17 09:10:43\"}', '$2y$10$DOfpmDqha.NFezhlBl9D.Z9Nf8Mjj3Kf.xfmJ7Mf7VStEl29c.', '2021-06-17 09:10:43', NULL, 53, 0, '$2y$10$zMYqQmtWUbTeXAuE5Rr3BeDMWiCs2RB6Mp6pgbgCn3ec.ELxMVu', 0, 0, '2021-06-17 14:10:43', '2021-06-17 14:10:43'),
(1114, '{\"ip\":\"190.121.158.235\",\"country\":\"Hay problemas con la API\",\"city\":\"Hay problemas con la API\",\"os\":\"Windows 10\",\"browser\":\"Chrome\",\"time\":\"2021-06-18 16:01:32\"}', '$2y$10$DOfpmDqha.NFezhlBl9D.Z9Nf8Mjj3Kf.xfmJ7Mf7VStEl29c.', '2021-06-18 16:01:32', NULL, 53, 0, '$2y$10$ETM0AEJqIT7v2w8uMs2zqe6WFGH1Y9yn0msPu8.5eq0ApbIjL2rDG', 0, 0, '2021-06-18 21:01:32', '2021-06-18 21:01:32'),
(1115, '{\"ip\":\"181.62.56.219\",\"country\":\"Hay problemas con la API\",\"city\":\"Hay problemas con la API\",\"os\":\"Windows 10\",\"browser\":\"Chrome\",\"time\":\"2021-06-21 14:57:00\"}', '$2y$10$icknq7igwY1CDMI1fYzEuedTt10goBf.Jew0kuE.f1Bqf3.wnEdi', '2021-06-21 14:57:00', NULL, 54, 0, '$2y$10$AqeY.FU72vhOPX10dIZReaJ8zbszICdr3KMFkRyVyr2gCF0xL86', 0, 0, '2021-06-21 19:57:00', '2021-06-21 19:57:00'),
(1116, '{\"ip\":\"190.121.158.235\",\"country\":\"Hay problemas con la API\",\"city\":\"Hay problemas con la API\",\"os\":\"Windows 10\",\"browser\":\"Chrome\",\"time\":\"2021-06-24 11:11:42\"}', '$2y$10$DOfpmDqha.NFezhlBl9D.Z9Nf8Mjj3Kf.xfmJ7Mf7VStEl29c.', '2021-06-24 11:11:42', NULL, 53, 0, '$2y$10$LHB7RgCT55xqtamtUcKSK.QDwJdUxfD2cCV49YptQyy2YL9.9F9iG', 0, 0, '2021-06-24 16:11:42', '2021-06-24 16:11:42'),
(1117, '{\"ip\":\"190.121.158.235\",\"country\":\"Hay problemas con la API\",\"city\":\"Hay problemas con la API\",\"os\":\"Windows 10\",\"browser\":\"Chrome\",\"time\":\"2021-06-25 08:25:25\"}', '$2y$10$DOfpmDqha.NFezhlBl9D.Z9Nf8Mjj3Kf.xfmJ7Mf7VStEl29c.', '2021-06-25 08:25:25', NULL, 53, 0, '$2y$10$LoAnSrpy.gq59VJmGsdoHeBItDbEOhq1rC.rafRAqh9j48HG1pB0i', 0, 0, '2021-06-25 13:25:25', '2021-06-25 13:25:25'),
(1118, '{\"ip\":\"190.121.158.235\",\"country\":\"Hay problemas con la API\",\"city\":\"Hay problemas con la API\",\"os\":\"Windows 10\",\"browser\":\"Chrome\",\"time\":\"2021-06-30 15:43:16\"}', '$2y$10$DOfpmDqha.NFezhlBl9D.Z9Nf8Mjj3Kf.xfmJ7Mf7VStEl29c.', '2021-06-30 15:43:16', NULL, 53, 0, '$2y$10$A27T62wJgxuNTVJxDAsJCeX0NSVJJFEXt4yh.69y47bqrcJtyvQNS', 0, 0, '2021-06-30 20:43:16', '2021-06-30 20:43:16'),
(1119, '{\"ip\":\"190.121.158.235\",\"country\":\"Hay problemas con la API\",\"city\":\"Hay problemas con la API\",\"os\":\"Windows 10\",\"browser\":\"Chrome\",\"time\":\"2021-07-06 08:31:49\"}', '$2y$10$DOfpmDqha.NFezhlBl9D.Z9Nf8Mjj3Kf.xfmJ7Mf7VStEl29c.', '2021-07-06 08:31:49', NULL, 53, 0, '$2y$10$aROkT.dVwVSQMpTH.SIV.uJiqlXR10PVpOQiU1ddJNimvMyNW35e', 0, 0, '2021-07-06 13:31:49', '2021-07-06 13:31:49'),
(1120, '{\"ip\":\"190.121.158.235\",\"country\":\"Hay problemas con la API\",\"city\":\"Hay problemas con la API\",\"os\":\"Windows 10\",\"browser\":\"Chrome\",\"time\":\"2021-07-06 11:22:11\"}', '$2y$10$DOfpmDqha.NFezhlBl9D.Z9Nf8Mjj3Kf.xfmJ7Mf7VStEl29c.', '2021-07-06 11:22:11', NULL, 53, 0, '$2y$10$K6y2.qPy9LN25oz.s.BH.MFy59cufSWQ8HjsMRbLluEhVqwUJHi', 0, 0, '2021-07-06 16:22:11', '2021-07-06 16:22:11'),
(1121, '{\"ip\":\"190.121.158.235\",\"country\":\"Hay problemas con la API\",\"city\":\"Hay problemas con la API\",\"os\":\"Windows 10\",\"browser\":\"Chrome\",\"time\":\"2021-07-06 16:25:54\"}', '$2y$10$DOfpmDqha.NFezhlBl9D.Z9Nf8Mjj3Kf.xfmJ7Mf7VStEl29c.', '2021-07-06 16:25:54', NULL, 53, 0, '$2y$10$nO8xqTgWVB9U7cWoKBpkupsrQLsoSdlgOR2cfD9CJI28vek5NoES', 0, 0, '2021-07-06 21:25:54', '2021-07-06 21:25:54'),
(1122, '{\"ip\":\"190.121.158.235\",\"country\":\"Hay problemas con la API\",\"city\":\"Hay problemas con la API\",\"os\":\"Windows 10\",\"browser\":\"Chrome\",\"time\":\"2021-07-08 07:54:25\"}', '$2y$10$DOfpmDqha.NFezhlBl9D.Z9Nf8Mjj3Kf.xfmJ7Mf7VStEl29c.', '2021-07-08 07:54:25', NULL, 53, 0, '$2y$10$8lyZO.Rua3uKH5gFbwHUF.U3b7UgoehuXvdegFCZ.ApPLi6IzX5Iy', 0, 0, '2021-07-08 12:54:25', '2021-07-08 12:54:25'),
(1123, '{\"ip\":\"190.121.158.235\",\"country\":\"Hay problemas con la API\",\"city\":\"Hay problemas con la API\",\"os\":\"Windows 10\",\"browser\":\"Chrome\",\"time\":\"2021-07-08 10:34:18\"}', '$2y$10$DOfpmDqha.NFezhlBl9D.Z9Nf8Mjj3Kf.xfmJ7Mf7VStEl29c.', '2021-07-08 10:34:18', '2021-07-08 10:34:39', 53, 0, '$2y$10$24yF4sOE5amc14ttxomlH.gjh3E.TQVChPtK8iwUBfOypwEkFlEm', 0, 0, '2021-07-08 15:34:18', '2021-07-08 15:34:39'),
(1124, '{\"ip\":\"190.121.158.235\",\"country\":\"Hay problemas con la API\",\"city\":\"Hay problemas con la API\",\"os\":\"Windows 10\",\"browser\":\"Chrome\",\"time\":\"2021-07-08 15:18:06\"}', '$2y$10$DOfpmDqha.NFezhlBl9D.Z9Nf8Mjj3Kf.xfmJ7Mf7VStEl29c.', '2021-07-08 15:18:06', NULL, 53, 0, '$2y$10$Fstm.CFnHCln.hzHQthmoORUu0a2GiOG6iZjE2IQUfdA1APKrPDa', 0, 0, '2021-07-08 20:18:06', '2021-07-08 20:18:06'),
(1125, '{\"ip\":\"190.121.158.235\",\"country\":\"Hay problemas con la API\",\"city\":\"Hay problemas con la API\",\"os\":\"Windows 10\",\"browser\":\"Chrome\",\"time\":\"2021-07-08 15:33:47\"}', '$2y$10$1hRNUsgIaBkZnZDw6ZnAeU.TqHv8bDyhZtvukPqldnatPBpJSmj.', '2021-07-08 15:33:47', NULL, 184, 0, '$2y$10$U.H2xAz5en7YmMPXO83uW.daClgROX3UbIs3hOmkCu5VUniZERpW', 0, 0, '2021-07-08 20:33:47', '2021-07-08 20:33:47'),
(1126, '{\"ip\":\"190.121.158.235\",\"country\":\"Hay problemas con la API\",\"city\":\"Hay problemas con la API\",\"os\":\"Windows 10\",\"browser\":\"Chrome\",\"time\":\"2021-07-08 15:34:26\"}', '$2y$10$6NgOmKSUj.hWKd4tTRu7z0.awVhm7ON3dZ8ro0my.s7nYudHnS', '2021-07-08 15:34:26', NULL, 184, 0, '$2y$10$hkt5XPCtXmN5qNmMxijEmurdMAFXzMINW8OXWZNAoqAz3UQuSHAte', 0, 0, '2021-07-08 20:34:26', '2021-07-08 20:34:26'),
(1127, '{\"ip\":\"190.121.158.235\",\"country\":\"Hay problemas con la API\",\"city\":\"Hay problemas con la API\",\"os\":\"Windows 10\",\"browser\":\"Chrome\",\"time\":\"2021-07-09 10:02:55\"}', '$2y$10$DOfpmDqha.NFezhlBl9D.Z9Nf8Mjj3Kf.xfmJ7Mf7VStEl29c.', '2021-07-09 10:02:55', NULL, 53, 0, '$2y$10$NP.3LrWu7RCPo8OKtBRoc.kIiDxg8RyrVuQzB8fC6o4k3bACiHBW', 0, 0, '2021-07-09 15:02:55', '2021-07-09 15:02:55'),
(1128, '{\"ip\":\"190.121.158.235\",\"country\":\"Hay problemas con la API\",\"city\":\"Hay problemas con la API\",\"os\":\"Windows 10\",\"browser\":\"Chrome\",\"time\":\"2021-07-12 10:05:50\"}', '$2y$10$DOfpmDqha.NFezhlBl9D.Z9Nf8Mjj3Kf.xfmJ7Mf7VStEl29c.', '2021-07-12 10:05:50', NULL, 53, 0, '$2y$10$6zjNaaMRhqXl4TecPMaZ.uk9Jy5jA1AXpFo68Z1gtlHLVScQADPEy', 0, 0, '2021-07-12 15:05:50', '2021-07-12 15:05:50'),
(1129, '{\"ip\":\"190.121.158.235\",\"country\":\"Hay problemas con la API\",\"city\":\"Hay problemas con la API\",\"os\":\"Windows 10\",\"browser\":\"Chrome\",\"time\":\"2021-07-13 10:08:00\"}', '$2y$10$DOfpmDqha.NFezhlBl9D.Z9Nf8Mjj3Kf.xfmJ7Mf7VStEl29c.', '2021-07-13 10:08:00', NULL, 53, 0, '$2y$10$KTFwD59RKoqn2XTeKCObiO3nbLU1cVZd1jbZpQqPHMSHJdVUye5Fi', 0, 0, '2021-07-13 15:08:00', '2021-07-13 15:08:00'),
(1130, '{\"ip\":\"190.121.158.235\",\"country\":\"Hay problemas con la API\",\"city\":\"Hay problemas con la API\",\"os\":\"Windows 10\",\"browser\":\"Chrome\",\"time\":\"2021-07-13 14:40:58\"}', '$2y$10$DOfpmDqha.NFezhlBl9D.Z9Nf8Mjj3Kf.xfmJ7Mf7VStEl29c.', '2021-07-13 14:40:58', NULL, 53, 0, '$2y$10$qgn5nGP6ytYblXOZSyORXOQtQuDm.2JuMwENsQlB90Tav0gGBlXkW', 0, 0, '2021-07-13 19:40:58', '2021-07-13 19:40:58'),
(1131, '{\"ip\":\"190.121.158.235\",\"country\":\"Hay problemas con la API\",\"city\":\"Hay problemas con la API\",\"os\":\"Windows 10\",\"browser\":\"Chrome\",\"time\":\"2021-07-14 09:05:24\"}', '$2y$10$DOfpmDqha.NFezhlBl9D.Z9Nf8Mjj3Kf.xfmJ7Mf7VStEl29c.', '2021-07-14 09:05:24', NULL, 53, 0, '$2y$10$1u6letmJC41plr653SPie2bEb6t.oUohm6Ea3u8iM5GPY351BOWG', 0, 0, '2021-07-14 14:05:24', '2021-07-14 14:05:24'),
(1132, '{\"ip\":\"190.121.158.235\",\"country\":\"Hay problemas con la API\",\"city\":\"Hay problemas con la API\",\"os\":\"Windows 10\",\"browser\":\"Chrome\",\"time\":\"2021-07-14 18:50:11\"}', '$2y$10$DOfpmDqha.NFezhlBl9D.Z9Nf8Mjj3Kf.xfmJ7Mf7VStEl29c.', '2021-07-14 18:50:11', NULL, 53, 0, '$2y$10$ITKecGbQb3odBG5SuEIMuQs0b.dCF8Wlqq20jjNAX4x5jV91VRry', 0, 0, '2021-07-14 23:50:11', '2021-07-14 23:50:11'),
(1133, '{\"ip\":\"190.121.158.235\",\"country\":\"Hay problemas con la API\",\"city\":\"Hay problemas con la API\",\"os\":\"Windows 10\",\"browser\":\"Chrome\",\"time\":\"2021-07-19 09:44:08\"}', '$2y$10$DOfpmDqha.NFezhlBl9D.Z9Nf8Mjj3Kf.xfmJ7Mf7VStEl29c.', '2021-07-19 09:44:08', NULL, 53, 0, '$2y$10$n3fdpAovANy8oE3fDRRge03z7lxZOtx6z7alF6pB53g2S604Uim2', 0, 0, '2021-07-19 14:44:08', '2021-07-19 14:44:08'),
(1134, '{\"ip\":\"190.121.158.235\",\"country\":\"Hay problemas con la API\",\"city\":\"Hay problemas con la API\",\"os\":\"Windows 10\",\"browser\":\"Chrome\",\"time\":\"2021-07-21 10:16:46\"}', '$2y$10$DOfpmDqha.NFezhlBl9D.Z9Nf8Mjj3Kf.xfmJ7Mf7VStEl29c.', '2021-07-21 10:16:46', NULL, 53, 0, '$2y$10$3Vw3WFTVLlquwfsyaJ92Jew0X0rvYYS1nhiEOecdsM.IMSKEnocy', 0, 0, '2021-07-21 15:16:46', '2021-07-21 15:16:46'),
(1135, '{\"ip\":\"190.121.158.235\",\"country\":\"Hay problemas con la API\",\"city\":\"Hay problemas con la API\",\"os\":\"Windows 10\",\"browser\":\"Chrome\",\"time\":\"2021-07-21 15:42:19\"}', '$2y$10$DOfpmDqha.NFezhlBl9D.Z9Nf8Mjj3Kf.xfmJ7Mf7VStEl29c.', '2021-07-21 15:42:19', NULL, 53, 0, '$2y$10$2jfq5N3SE7hDuKohS1AfuOrUIZA5K9GYOwVhd7TMS9RBWPQTihi', 0, 0, '2021-07-21 20:42:19', '2021-07-21 20:42:19'),
(1136, '{\"ip\":\"190.121.158.235\",\"country\":\"Hay problemas con la API\",\"city\":\"Hay problemas con la API\",\"os\":\"Windows 10\",\"browser\":\"Chrome\",\"time\":\"2021-07-22 10:44:22\"}', '$2y$10$DOfpmDqha.NFezhlBl9D.Z9Nf8Mjj3Kf.xfmJ7Mf7VStEl29c.', '2021-07-22 10:44:22', NULL, 53, 0, '$2y$10$MuEZ77oqeCrKi0DX.TS.vu3kOZ4gBPuQ9ZPPBDRaybVoT1TyA9zGm', 0, 0, '2021-07-22 15:44:22', '2021-07-22 15:44:22'),
(1137, '{\"ip\":\"190.121.158.235\",\"country\":\"Hay problemas con la API\",\"city\":\"Hay problemas con la API\",\"os\":\"Windows 10\",\"browser\":\"Chrome\",\"time\":\"2021-07-22 17:25:58\"}', '$2y$10$DOfpmDqha.NFezhlBl9D.Z9Nf8Mjj3Kf.xfmJ7Mf7VStEl29c.', '2021-07-22 17:25:58', NULL, 53, 0, '$2y$10$zt.Zndj.HhwcrtrTkTltOGkOomwdzQWw6h2ryxLdy035BH.5yNh2', 0, 0, '2021-07-22 22:25:58', '2021-07-22 22:25:58'),
(1138, '{\"ip\":\"190.121.158.235\",\"country\":\"Hay problemas con la API\",\"city\":\"Hay problemas con la API\",\"os\":\"Windows 10\",\"browser\":\"Chrome\",\"time\":\"2021-07-23 12:33:00\"}', '$2y$10$DOfpmDqha.NFezhlBl9D.Z9Nf8Mjj3Kf.xfmJ7Mf7VStEl29c.', '2021-07-23 12:33:00', NULL, 53, 0, '$2y$10$hQj2muVo0gA5Ti27qED.Jkv3jk93lfX5VuJTikIF9fShnATOUS', 0, 0, '2021-07-23 17:33:00', '2021-07-23 17:33:00'),
(1139, '{\"ip\":\"190.121.158.235\",\"country\":\"Hay problemas con la API\",\"city\":\"Hay problemas con la API\",\"os\":\"Windows 10\",\"browser\":\"Chrome\",\"time\":\"2021-07-23 15:17:23\"}', '$2y$10$DOfpmDqha.NFezhlBl9D.Z9Nf8Mjj3Kf.xfmJ7Mf7VStEl29c.', '2021-07-23 15:17:23', NULL, 53, 0, '$2y$10$QARZw7bpw6XVRC0gNiVM.gd.PgFW5Quo6n7OqE109G4TDJFaL4S', 0, 0, '2021-07-23 20:17:23', '2021-07-23 20:17:23'),
(1140, '{\"ip\":\"181.62.56.29\",\"country\":\"Hay problemas con la API\",\"city\":\"Hay problemas con la API\",\"os\":\"Windows 10\",\"browser\":\"Chrome\",\"time\":\"2021-07-23 16:25:58\"}', '$2y$10$b1ZYU2pNketKBZMYhQDUguJ6sKDOYKWKJQsSAixpNllmL1Og3SQCa', '2021-07-23 16:25:58', NULL, 187, 0, '$2y$10$LCX5eMk2SvsWzzvNV2RkuL7zP4I6gTIZzA8qY9nqmOm64w37J4nK', 0, 0, '2021-07-23 21:25:58', '2021-07-23 21:25:58'),
(1141, '{\"ip\":\"181.62.56.29\",\"country\":\"Hay problemas con la API\",\"city\":\"Hay problemas con la API\",\"os\":\"Windows 10\",\"browser\":\"Chrome\",\"time\":\"2021-07-23 16:28:07\"}', '$2y$10$TAFRUBtcBpbss0ky0rbzYOcim7WsKuwB68o0FckjsqD2CWEtGAM6', '2021-07-23 16:28:07', NULL, 187, 0, '$2y$10$Rizpk9SXfl2S07SCLq3EEO0oanDcuFFc07oMfxbtlzCWCMJ0mGRu', 0, 0, '2021-07-23 21:28:07', '2021-07-23 21:28:07'),
(1142, '{\"ip\":\"201.182.250.194\",\"country\":\"Hay problemas con la API\",\"city\":\"Hay problemas con la API\",\"os\":\"Android\",\"browser\":\"Handheld Browser\",\"time\":\"2021-07-23 16:50:33\"}', '$2y$10$erFUMc6ek9PhNWXdq9WGl.g7ArkSGCk9xu3CQRfHWZAZC9QmXI6Fq', '2021-07-23 16:50:33', NULL, 188, 0, '$2y$10$cUSgVep2pGiLHBBabdjzOwNUgm2DKhdY5WDFkmiJ8ot9rq.IL8RO', 0, 0, '2021-07-23 21:50:33', '2021-07-23 21:50:33'),
(1143, '{\"ip\":\"201.182.250.194\",\"country\":\"Hay problemas con la API\",\"city\":\"Hay problemas con la API\",\"os\":\"Android\",\"browser\":\"Handheld Browser\",\"time\":\"2021-07-23 16:58:26\"}', '$2y$10$MBxSRkdb2gn6Kdr3Gdgq.XL3gDK431toLCzrUHnn0v..He6Loaka', '2021-07-23 16:58:26', NULL, 188, 0, '$2y$10$.pkBkT8a9xWQcZmyqmXXJ.iVQWKE1KHb2FScOKEB7VHjfNrjY8wEi', 0, 0, '2021-07-23 21:58:26', '2021-07-23 21:58:26'),
(1144, '{\"ip\":\"201.182.250.194\",\"country\":\"Hay problemas con la API\",\"city\":\"Hay problemas con la API\",\"os\":\"Android\",\"browser\":\"Handheld Browser\",\"time\":\"2021-07-23 16:58:40\"}', '$2y$10$EX4oiUYlfLyFNEqHoGmbC.Hube7Zf5CGVzWuRH3PM1A9JcnG2XcJO', '2021-07-23 16:58:40', NULL, 188, 0, '$2y$10$wBF.4O4CCx2dykpNKVnwuZkBERF2IHBJCrYvMEb.jIIw1Uk6IvP.', 0, 0, '2021-07-23 21:58:40', '2021-07-23 21:58:40'),
(1145, '{\"ip\":\"201.182.250.194\",\"country\":\"Hay problemas con la API\",\"city\":\"Hay problemas con la API\",\"os\":\"Android\",\"browser\":\"Handheld Browser\",\"time\":\"2021-07-23 17:04:43\"}', '$2y$10$VutbqpyMXXSXtpFMp9xk6ew4npvWvlpyIl1rVxkAg2f.wc.xAd.', '2021-07-23 17:04:43', NULL, 188, 0, '$2y$10$NnnuhktluMUkGCvCmRmp.EOwE8zccDEw5kkNqMdMWj6Netqmzm', 0, 0, '2021-07-23 22:04:43', '2021-07-23 22:04:43'),
(1146, '{\"ip\":\"201.182.250.194\",\"country\":\"Hay problemas con la API\",\"city\":\"Hay problemas con la API\",\"os\":\"Android\",\"browser\":\"Handheld Browser\",\"time\":\"2021-07-23 17:09:23\"}', '$2y$10$6OGC8lGOMDsOYLxVRWELuprP3SeBB0RhgyHo26hI4EUAkyASPW', '2021-07-23 17:09:23', NULL, 188, 0, '$2y$10$JcDQ0CYQl5e.RfmEAqmE5.fXJEUuPsx8OtSCycSAweZLWt95sUkm.', 0, 0, '2021-07-23 22:09:23', '2021-07-23 22:09:23'),
(1147, '{\"ip\":\"201.182.250.194\",\"country\":\"Hay problemas con la API\",\"city\":\"Hay problemas con la API\",\"os\":\"Android\",\"browser\":\"Handheld Browser\",\"time\":\"2021-07-23 17:14:15\"}', '$2y$10$ID5Zjr6QY0.712771GNZpOr5QVw1H.eEMdgL.VaZV923bR4o.1xr.', '2021-07-23 17:14:15', NULL, 188, 0, '$2y$10$ROM7z9zvXg.zBmmLGK9sFOCMZaseDc92xDxMC506dudwIihMtGFu', 0, 0, '2021-07-23 22:14:15', '2021-07-23 22:14:15'),
(1148, '{\"ip\":\"201.182.250.218\",\"country\":\"Hay problemas con la API\",\"city\":\"Hay problemas con la API\",\"os\":\"Mac OS X\",\"browser\":\"Chrome\",\"time\":\"2021-07-23 18:10:08\"}', '$2y$10$.WsQijavGVxeGi6kSLDgG.yUpxVYa5EAXlWr2RgRGuXbuNBzjZa0e', '2021-07-23 18:10:08', NULL, 189, 0, '$2y$10$.H7vz86pQRKFuQOa0cC1ceURWt5rr0Gw5h0DsQPjhKNk7tFgaUniK', 0, 0, '2021-07-23 23:10:08', '2021-07-23 23:10:08'),
(1149, '{\"ip\":\"201.182.250.218\",\"country\":\"Hay problemas con la API\",\"city\":\"Hay problemas con la API\",\"os\":\"Mac OS X\",\"browser\":\"Chrome\",\"time\":\"2021-07-23 18:14:14\"}', '$2y$10$cI8CycsrYdXkDxBHPlXlVehybRhozZsu2ko4BycHqrrSxBMzwMbcC', '2021-07-23 18:14:14', NULL, 189, 0, '$2y$10$B1oiSjMtDIU8WaOrj7iEaOUHljIDExChSUks1.S6hQPr9Sm7dJT3i', 0, 0, '2021-07-23 23:14:14', '2021-07-23 23:14:14'),
(1150, '{\"ip\":\"181.52.71.4\",\"country\":\"Hay problemas con la API\",\"city\":\"Hay problemas con la API\",\"os\":\"Windows 10\",\"browser\":\"Chrome\",\"time\":\"2021-07-23 20:27:36\"}', '$2y$10$3edAtfbG70rLkS40TH22Of0qO.aj0UndBRYMacurtd0dpj3tkdmi', '2021-07-23 20:27:36', NULL, 190, 0, '$2y$10$bQXjb0LtuYG7RLK0CqNQutJlGBc8S5S4c.mP34tkp0wi0Gyc.TO', 0, 0, '2021-07-24 01:27:36', '2021-07-24 01:27:36'),
(1151, '{\"ip\":\"190.121.158.235\",\"country\":\"Hay problemas con la API\",\"city\":\"Hay problemas con la API\",\"os\":\"Windows 10\",\"browser\":\"Chrome\",\"time\":\"2021-07-26 10:21:47\"}', '$2y$10$DOfpmDqha.NFezhlBl9D.Z9Nf8Mjj3Kf.xfmJ7Mf7VStEl29c.', '2021-07-26 10:21:47', NULL, 53, 0, '$2y$10$htFGMbFjn9DLWY94aLX8p.XcJ8pATIlP.XmQZNVzbwmk8Z311J6pC', 0, 0, '2021-07-26 15:21:47', '2021-07-26 15:21:47'),
(1152, '{\"ip\":\"190.121.158.235\",\"country\":\"Hay problemas con la API\",\"city\":\"Hay problemas con la API\",\"os\":\"Windows 10\",\"browser\":\"Chrome\",\"time\":\"2021-07-26 15:24:56\"}', '$2y$10$DOfpmDqha.NFezhlBl9D.Z9Nf8Mjj3Kf.xfmJ7Mf7VStEl29c.', '2021-07-26 15:24:56', NULL, 53, 0, '$2y$10$dbWYptQtUkAOFoD9Rmj5..D4AJMMXab2MXOz1M6frlPWo90erka', 0, 0, '2021-07-26 20:24:56', '2021-07-26 20:24:56'),
(1153, '{\"ip\":\"181.52.201.58\",\"country\":\"Hay problemas con la API\",\"city\":\"Hay problemas con la API\",\"os\":\"Windows 10\",\"browser\":\"Chrome\",\"time\":\"2021-07-26 17:42:33\"}', '$2y$10$gaLdXul4GkrS4Ilf0kdZeZslisf8YWdu5Rk3JnP7zz1VH.PPfqK', '2021-07-26 17:42:33', NULL, 170, 0, '$2y$10$mU1TRQAIu3uhirQnmqi6JuIRanzItz53BrOVvoPSL5RnzOGVRa', 0, 0, '2021-07-26 22:42:33', '2021-07-26 22:42:33'),
(1154, '{\"ip\":\"190.121.158.235\",\"country\":\"Hay problemas con la API\",\"city\":\"Hay problemas con la API\",\"os\":\"Windows 10\",\"browser\":\"Chrome\",\"time\":\"2021-07-26 18:42:22\"}', '$2y$10$DOfpmDqha.NFezhlBl9D.Z9Nf8Mjj3Kf.xfmJ7Mf7VStEl29c.', '2021-07-26 18:42:22', NULL, 53, 0, '$2y$10$lSShA7hwhyJupAmP8GrI8.B4RcyXzDULFxRy7ZFFOtPWbZ0Ccv5N2', 0, 0, '2021-07-26 23:42:22', '2021-07-26 23:42:22'),
(1155, '{\"ip\":\"191.102.198.211\",\"country\":\"Hay problemas con la API\",\"city\":\"Hay problemas con la API\",\"os\":\"Android\",\"browser\":\"Handheld Browser\",\"time\":\"2021-07-26 20:14:24\"}', '$2y$10$wg1YDmSjYe.XM1sNn5Utd.WNPgMBFJGsTgvDiSV9WGTPPK8jVG', '2021-07-26 20:14:24', NULL, 191, 0, '$2y$10$cVdODyq12H0PEqxQLahu5OmHzoGVgsjMv9MrsWG.Lx37jKkxpfu', 0, 0, '2021-07-27 01:14:24', '2021-07-27 01:14:24'),
(1156, '{\"ip\":\"191.102.198.211\",\"country\":\"Hay problemas con la API\",\"city\":\"Hay problemas con la API\",\"os\":\"Android\",\"browser\":\"Handheld Browser\",\"time\":\"2021-07-26 20:15:54\"}', '$2y$10$Fy0GjYyorzfBpyA5NwfEOModcRxEuFHNt8ZGb3w5qIQAZei6fEO', '2021-07-26 20:15:54', NULL, 191, 0, '$2y$10$II6eyvpmT4p5dqpl235hO5ULn9TfFArEOS46f5RzOCD87quoAwgm', 0, 0, '2021-07-27 01:15:54', '2021-07-27 01:15:54'),
(1157, '{\"ip\":\"191.102.198.211\",\"country\":\"Hay problemas con la API\",\"city\":\"Hay problemas con la API\",\"os\":\"Android\",\"browser\":\"Handheld Browser\",\"time\":\"2021-07-26 20:17:46\"}', '$2y$10$9L836JCv9hIlrv188WtpMedBP09HuXvfUpo8o.6pDudxHIhKGpyoC', '2021-07-26 20:17:46', NULL, 191, 0, '$2y$10$65xXdZdNXQPPSXcJwg8thuMmYWe8kfhqvOPDdHoqFPQ8k7SUmfcXe', 0, 0, '2021-07-27 01:17:46', '2021-07-27 01:17:46'),
(1158, '{\"ip\":\"45.7.134.130\",\"country\":\"Hay problemas con la API\",\"city\":\"Hay problemas con la API\",\"os\":\"Android\",\"browser\":\"Handheld Browser\",\"time\":\"2021-07-26 21:48:18\"}', '$2y$10$K3avlezmP7rUmnc5mXt7OES12oraOaBHdxMQCtX1y.J6gUdJWsxK', '2021-07-26 21:48:18', NULL, 192, 0, '$2y$10$q3sb5B7GG40yWXjjF7jnOT8wKE.DS6XXRpsRESxWSQnHGgqMyhm', 0, 0, '2021-07-27 02:48:18', '2021-07-27 02:48:18'),
(1159, '{\"ip\":\"45.7.134.130\",\"country\":\"Hay problemas con la API\",\"city\":\"Hay problemas con la API\",\"os\":\"Android\",\"browser\":\"Handheld Browser\",\"time\":\"2021-07-26 21:54:03\"}', '$2y$10$KnZ9rENN3XsQGXCwnhN3OiLsR8vPEsqzlWNWM5VlrZmnqrGhxp4y', '2021-07-26 21:54:03', NULL, 192, 0, '$2y$10$Ra2YG7Qga59bTP6sxeVkm.RZmUlvmLzKu1hGgVXBzdZM8W.wcLXe', 0, 0, '2021-07-27 02:54:03', '2021-07-27 02:54:03'),
(1160, '{\"ip\":\"45.7.134.130\",\"country\":\"Hay problemas con la API\",\"city\":\"Hay problemas con la API\",\"os\":\"Android\",\"browser\":\"Handheld Browser\",\"time\":\"2021-07-26 21:57:08\"}', '$2y$10$tbjUmPPQEGhH1VpT.Diro.lpUng7Jb2SkChKRpN6WbA5JQWEeH3eC', '2021-07-26 21:57:08', NULL, 192, 0, '$2y$10$MZMNTnpCAX1.UlWmBI6w6ug8we5cZc2QKR9Niy7r0LefmNVjA3ju', 0, 0, '2021-07-27 02:57:08', '2021-07-27 02:57:08'),
(1161, '{\"ip\":\"190.121.158.235\",\"country\":\"Hay problemas con la API\",\"city\":\"Hay problemas con la API\",\"os\":\"Windows 10\",\"browser\":\"Chrome\",\"time\":\"2021-07-27 10:43:08\"}', '$2y$10$DOfpmDqha.NFezhlBl9D.Z9Nf8Mjj3Kf.xfmJ7Mf7VStEl29c.', '2021-07-27 10:43:08', NULL, 53, 0, '$2y$10$0mcjSXNWGDjEJkntO0Rh8uGPQuGyhu7GNSP1938rikphyLwwLvIxC', 0, 0, '2021-07-27 15:43:08', '2021-07-27 15:43:08'),
(1162, '{\"ip\":\"191.102.198.211\",\"country\":\"Hay problemas con la API\",\"city\":\"Hay problemas con la API\",\"os\":\"Android\",\"browser\":\"Handheld Browser\",\"time\":\"2021-07-27 14:57:10\"}', '$2y$10$zFdPf54FbbnEX.NI44IWieFWlx8y7dANPCeOuskpyf3YWLP3WeW', '2021-07-27 14:57:10', NULL, 191, 0, '$2y$10$dgQ0XnrwL5i0EsCAYbCkgeDA39uguLfnxcZxa8smjiSmcyf32DqB.', 0, 0, '2021-07-27 19:57:10', '2021-07-27 19:57:10'),
(1163, '{\"ip\":\"190.121.158.235\",\"country\":\"Hay problemas con la API\",\"city\":\"Hay problemas con la API\",\"os\":\"Windows 10\",\"browser\":\"Chrome\",\"time\":\"2021-07-28 08:12:43\"}', '$2y$10$DOfpmDqha.NFezhlBl9D.Z9Nf8Mjj3Kf.xfmJ7Mf7VStEl29c.', '2021-07-28 08:12:43', NULL, 53, 0, '$2y$10$v2dChHTIV004hmAjAfsWu1ukPrcpUYcr2PADy30IX5vYfxHOXm.m', 0, 0, '2021-07-28 13:12:43', '2021-07-28 13:12:43'),
(1164, '{\"ip\":\"190.121.158.235\",\"country\":\"Hay problemas con la API\",\"city\":\"Hay problemas con la API\",\"os\":\"Windows 10\",\"browser\":\"Chrome\",\"time\":\"2021-07-28 11:10:06\"}', '$2y$10$DOfpmDqha.NFezhlBl9D.Z9Nf8Mjj3Kf.xfmJ7Mf7VStEl29c.', '2021-07-28 11:10:06', NULL, 53, 0, '$2y$10$P85.z1CVr11VsQGjrIaLsOecry6HFMgv1i4r7ysroP8uNOxIxnqZy', 0, 0, '2021-07-28 16:10:06', '2021-07-28 16:10:06'),
(1165, '{\"ip\":\"190.121.158.235\",\"country\":\"Hay problemas con la API\",\"city\":\"Hay problemas con la API\",\"os\":\"Windows 10\",\"browser\":\"Chrome\",\"time\":\"2021-07-28 15:47:34\"}', '$2y$10$DOfpmDqha.NFezhlBl9D.Z9Nf8Mjj3Kf.xfmJ7Mf7VStEl29c.', '2021-07-28 15:47:34', NULL, 53, 0, '$2y$10$dzxAxOdHxNSyauq7kThn8urPP0dgZvEpzRrrnH5epcNpW2K.Hga6', 0, 0, '2021-07-28 20:47:34', '2021-07-28 20:47:34'),
(1166, '{\"ip\":\"190.121.158.235\",\"country\":\"Hay problemas con la API\",\"city\":\"Hay problemas con la API\",\"os\":\"Windows 10\",\"browser\":\"Chrome\",\"time\":\"2021-07-29 09:55:52\"}', '$2y$10$DOfpmDqha.NFezhlBl9D.Z9Nf8Mjj3Kf.xfmJ7Mf7VStEl29c.', '2021-07-29 09:55:52', NULL, 53, 0, '$2y$10$1KuNhGbeblD6PSg97E9beqHN.qzsENg85j4AUDvvsZtjhDwqjri2', 0, 0, '2021-07-29 14:55:52', '2021-07-29 14:55:52'),
(1167, '{\"ip\":\"190.121.158.235\",\"country\":\"Hay problemas con la API\",\"city\":\"Hay problemas con la API\",\"os\":\"Windows 10\",\"browser\":\"Chrome\",\"time\":\"2021-07-30 10:30:00\"}', '$2y$10$DOfpmDqha.NFezhlBl9D.Z9Nf8Mjj3Kf.xfmJ7Mf7VStEl29c.', '2021-07-30 10:30:00', NULL, 53, 0, '$2y$10$Y2m9r1JLEwGFzl6ieDkR0OaGPRpilXXm913MYmAwHsZRcvcpQll2q', 0, 0, '2021-07-30 15:30:00', '2021-07-30 15:30:00'),
(1168, '{\"ip\":\"190.121.158.235\",\"country\":\"Hay problemas con la API\",\"city\":\"Hay problemas con la API\",\"os\":\"Windows 10\",\"browser\":\"Chrome\",\"time\":\"2021-07-30 10:39:49\"}', '$2y$10$P..wNBTxcN1GfOJejcecu.6NAAQ46n8qPYvgwr8YfQ5YsTLgRu', '2021-07-30 10:39:49', NULL, 193, 0, '$2y$10$ng8aYC7lW2MYG0OFDbZ7OOU4D13tYRm5fffIT0KWw.o.O0jZQ0w7G', 0, 0, '2021-07-30 15:39:49', '2021-07-30 15:39:49'),
(1169, '{\"ip\":\"190.121.158.235\",\"country\":\"Hay problemas con la API\",\"city\":\"Hay problemas con la API\",\"os\":\"Windows 10\",\"browser\":\"Chrome\",\"time\":\"2021-07-30 10:40:19\"}', '$2y$10$4iaf8OCFU.hnQjAamXct.JjvFMrI0WwPLrtI.4YJkQ0CVXbUiQwO', '2021-07-30 10:40:18', NULL, 193, 0, '$2y$10$891SGSVJWBDD93wNg.MdueHpoWEDc0u9bH7T20g2Q5dymwJ1ocGQO', 0, 0, '2021-07-30 15:40:19', '2021-07-30 15:40:19'),
(1173, '{\"ip\":\"161.18.54.125\",\"country\":\"Hay problemas con la API\",\"city\":\"Hay problemas con la API\",\"os\":\"Android\",\"browser\":\"Handheld Browser\",\"time\":\"2021-07-30 11:59:34\"}', '$2y$10$Di6iBNpB10H9aYHX.S6sDuDKnRxZriKpSp1SByBcuyKv8Eyq6DDS', '2021-07-30 11:59:34', NULL, 194, 0, '$2y$10$52oFui7VmZjf6QFJE.gGxeBpd2RZGqByCkk7mwRbHrXxfDed4QQaG', 0, 0, '2021-07-30 16:59:34', '2021-07-30 16:59:34');
